INSERT INTO `tbl_audit_logs` (`log_id`, `created_at`, `user_id`, `session_id`, `ip_address`, `user_agent`, `device`, `os`, `module`, `action`, `description`, `entity`, `entity_id`, `db_action`, `data_before`, `data_after`, `endpoint`, `http_method`, `status_code`, `response_time_ms`, `event_type`, `is_failed_attempt`, `is_critical`, `request_id`, `event_origin`, `environment`, `app_version`) VALUES
(876, '2026-02-19 13:59:28', 1, 'i2kbg5sichhk5s9u8klhisqab5', '200.8.212.43', 'Mozilla/5.0 (Windows NT 10.0; Win64; x64) AppleWebKit/537.36 (KHTML, like Gecko) Chrome/145.0.0.0 Safari/537.36', 'desktop', 'Windows', 'PROFESORES', 'ACCESS_INDEX', 'Ingresó al directorio.', NULL, NULL, NULL, NULL, NULL, '/diplomatic/public/academic/profesores', 'GET', NULL, NULL, 'NORMAL', 0, 0, 'f27228c44a3391af', 'BACKEND', 'DEV', '1.0.0'),
(877, '2026-02-19 13:59:29', 1, 'i2kbg5sichhk5s9u8klhisqab5', '200.8.212.43', 'Mozilla/5.0 (Windows NT 10.0; Win64; x64) AppleWebKit/537.36 (KHTML, like Gecko) Chrome/145.0.0.0 Safari/537.36', 'desktop', 'Windows', 'PROFESORES', 'VIEW_DETAILS', '', NULL, 2, NULL, NULL, NULL, '/diplomatic/public/academic/profesores/logAccess?action=VIEW_DETAILS&id=2', 'GET', NULL, NULL, 'NORMAL', 0, 0, '0efe2b6893b8b22b', 'BACKEND', 'DEV', '1.0.0'),
(878, '2026-02-19 14:00:22', 1, 'i2kbg5sichhk5s9u8klhisqab5', '200.8.212.43', 'Mozilla/5.0 (Windows NT 10.0; Win64; x64) AppleWebKit/537.36 (KHTML, like Gecko) Chrome/145.0.0.0 Safari/537.36', 'desktop', 'Windows', 'ACADEMIC_MANAGEMENT', 'ACCESS', 'Entró al panel de Gestión Académica.', NULL, NULL, NULL, NULL, NULL, '/diplomatic/public/academic', 'GET', NULL, NULL, 'NORMAL', 0, 0, 'd04f759d450a0531', 'BACKEND', 'DEV', '1.0.0'),
(879, '2026-02-19 14:00:23', 1, 'i2kbg5sichhk5s9u8klhisqab5', '200.8.212.43', 'Mozilla/5.0 (Windows NT 10.0; Win64; x64) AppleWebKit/537.36 (KHTML, like Gecko) Chrome/145.0.0.0 Safari/537.36', 'desktop', 'Windows', 'PROFESORES', 'ACCESS_INDEX', 'Ingresó al directorio.', NULL, NULL, NULL, NULL, NULL, '/diplomatic/public/academic/profesores', 'GET', NULL, NULL, 'NORMAL', 0, 0, '36889550884da588', 'BACKEND', 'DEV', '1.0.0'),
(880, '2026-02-19 14:00:42', 1, 'i2kbg5sichhk5s9u8klhisqab5', '200.8.212.43', 'Mozilla/5.0 (Windows NT 10.0; Win64; x64) AppleWebKit/537.36 (KHTML, like Gecko) Chrome/145.0.0.0 Safari/537.36', 'desktop', 'Windows', 'PROFESORES', 'ACCESS_INDEX', 'Ingresó al directorio.', NULL, NULL, NULL, NULL, NULL, '/diplomatic/public/academic/profesores', 'GET', NULL, NULL, 'NORMAL', 0, 0, '57510859c28ae1fd', 'BACKEND', 'DEV', '1.0.0'),
(881, '2026-02-19 14:05:07', 1, 'i2kbg5sichhk5s9u8klhisqab5', '200.8.212.43', 'Mozilla/5.0 (Windows NT 10.0; Win64; x64) AppleWebKit/537.36 (KHTML, like Gecko) Chrome/145.0.0.0 Safari/537.36', 'desktop', 'Windows', 'ACADEMIC_MANAGEMENT', 'ACCESS', 'Entró al panel de Gestión Académica.', NULL, NULL, NULL, NULL, NULL, '/diplomatic/public/academic', 'GET', NULL, NULL, 'NORMAL', 0, 0, 'dec5146df6fa2d11', 'BACKEND', 'DEV', '1.0.0'),
(882, '2026-02-19 14:05:10', 1, 'i2kbg5sichhk5s9u8klhisqab5', '200.8.212.43', 'Mozilla/5.0 (Windows NT 10.0; Win64; x64) AppleWebKit/537.36 (KHTML, like Gecko) Chrome/145.0.0.0 Safari/537.36', 'desktop', 'Windows', 'ACADEMIC_MANAGEMENT', 'ACCESS', 'Entró al panel de Gestión Académica.', NULL, NULL, NULL, NULL, NULL, '/diplomatic/public/academic', 'GET', NULL, NULL, 'NORMAL', 0, 0, 'c86aeb538a77622f', 'BACKEND', 'DEV', '1.0.0'),
(883, '2026-02-19 14:05:15', 1, 'i2kbg5sichhk5s9u8klhisqab5', '200.8.212.43', 'Mozilla/5.0 (Windows NT 10.0; Win64; x64) AppleWebKit/537.36 (KHTML, like Gecko) Chrome/145.0.0.0 Safari/537.36', 'desktop', 'Windows', 'AUTH', 'LOGOUT', 'Cierre de sesión manual: ADMIN GENERAL', NULL, NULL, NULL, NULL, NULL, '/diplomatic/public/logout', 'GET', NULL, NULL, 'NORMAL', 0, 0, 'a84cc36af6be9a39', 'BACKEND', 'DEV', '1.0.0'),
(884, '2026-02-19 14:05:20', 6, '849ilhsg01tkl1mbp9s1o66s7d', '200.8.212.43', 'Mozilla/5.0 (Windows NT 10.0; Win64; x64) AppleWebKit/537.36 (KHTML, like Gecko) Chrome/145.0.0.0 Safari/537.36', 'desktop', 'Windows', 'AUTH', 'LOGIN', 'Inicio de sesión exitoso: Luis Olivares', NULL, NULL, NULL, NULL, NULL, '/diplomatic/public/login', 'POST', NULL, NULL, '', 0, 0, '705bec683d911836', 'BACKEND', 'DEV', '1.0.0'),
(885, '2026-02-19 14:05:22', 6, '849ilhsg01tkl1mbp9s1o66s7d', '200.8.212.43', 'Mozilla/5.0 (Windows NT 10.0; Win64; x64) AppleWebKit/537.36 (KHTML, like Gecko) Chrome/145.0.0.0 Safari/537.36', 'desktop', 'Windows', 'ACADEMIC_MANAGEMENT', 'ACCESS', 'Entró al panel de Gestión Académica.', NULL, NULL, NULL, NULL, NULL, '/diplomatic/public/academic', 'GET', NULL, NULL, 'NORMAL', 0, 0, '8e42edb690477ab7', 'BACKEND', 'DEV', '1.0.0'),
(886, '2026-02-20 11:38:09', 1, 'tpplu8qulphqc8jltg81v7jc1e', '200.8.212.43', 'Mozilla/5.0 (Windows NT 10.0; Win64; x64) AppleWebKit/537.36 (KHTML, like Gecko) Chrome/145.0.0.0 Safari/537.36', 'desktop', 'Windows', 'AUTH', 'LOGIN', 'Inicio de sesión exitoso: ADMIN GENERAL', NULL, NULL, NULL, NULL, NULL, '/diplomatic/public/login', 'POST', NULL, NULL, '', 0, 0, '865cdd93edf28d2d', 'BACKEND', 'DEV', '1.0.0'),
(887, '2026-02-20 11:38:12', 1, 'tpplu8qulphqc8jltg81v7jc1e', '200.8.212.43', 'Mozilla/5.0 (Windows NT 10.0; Win64; x64) AppleWebKit/537.36 (KHTML, like Gecko) Chrome/145.0.0.0 Safari/537.36', 'desktop', 'Windows', 'ACADEMIC_MANAGEMENT', 'ACCESS', 'Entró al panel de Gestión Académica.', NULL, NULL, NULL, NULL, NULL, '/diplomatic/public/academic', 'GET', NULL, NULL, 'NORMAL', 0, 0, 'ece81035f1325622', 'BACKEND', 'DEV', '1.0.0'),
(888, '2026-02-20 11:49:33', 1, 'tpplu8qulphqc8jltg81v7jc1e', '200.8.212.43', 'Mozilla/5.0 (Windows NT 10.0; Win64; x64) AppleWebKit/537.36 (KHTML, like Gecko) Chrome/145.0.0.0 Safari/537.36', 'desktop', 'Windows', 'ACADEMIC_MANAGEMENT', 'ACCESS', 'Entró al panel de Gestión Académica.', NULL, NULL, NULL, NULL, NULL, '/diplomatic/public/academic', 'GET', NULL, NULL, 'NORMAL', 0, 0, 'cb1fdc8d3737755b', 'BACKEND', 'DEV', '1.0.0'),
(889, '2026-02-20 11:49:35', 1, 'tpplu8qulphqc8jltg81v7jc1e', '200.8.212.43', 'Mozilla/5.0 (Windows NT 10.0; Win64; x64) AppleWebKit/537.36 (KHTML, like Gecko) Chrome/145.0.0.0 Safari/537.36', 'desktop', 'Windows', 'COHORTES_CONFIG', 'ACCESS', 'Ingreso al panel de configuración avanzada de cohortes.', NULL, NULL, NULL, NULL, NULL, '/diplomatic/public/academic/cohortes-config', 'GET', NULL, NULL, 'NORMAL', 0, 0, '64524c1a18b7e352', 'BACKEND', 'DEV', '1.0.0'),
(890, '2026-02-20 11:49:37', 1, 'tpplu8qulphqc8jltg81v7jc1e', '200.8.212.43', 'Mozilla/5.0 (Windows NT 10.0; Win64; x64) AppleWebKit/537.36 (KHTML, like Gecko) Chrome/145.0.0.0 Safari/537.36', 'desktop', 'Windows', 'ACADEMIC_MANAGEMENT', 'ACCESS', 'Entró al panel de Gestión Académica.', NULL, NULL, NULL, NULL, NULL, '/diplomatic/public/academic', 'GET', NULL, NULL, 'NORMAL', 0, 0, 'f74bdd6efb33b822', 'BACKEND', 'DEV', '1.0.0'),
(891, '2026-02-20 11:49:54', 1, 'tpplu8qulphqc8jltg81v7jc1e', '200.8.212.43', 'Mozilla/5.0 (Windows NT 10.0; Win64; x64) AppleWebKit/537.36 (KHTML, like Gecko) Chrome/145.0.0.0 Safari/537.36', 'desktop', 'Windows', 'ACADEMIC_MANAGEMENT', 'ACCESS', 'Entró al panel de Gestión Académica.', NULL, NULL, NULL, NULL, NULL, '/diplomatic/public/academic', 'GET', NULL, NULL, 'NORMAL', 0, 0, '1ba80cab87015de4', 'BACKEND', 'DEV', '1.0.0'),
(892, '2026-02-20 11:54:09', 1, 'tpplu8qulphqc8jltg81v7jc1e', '200.8.212.43', 'Mozilla/5.0 (Windows NT 10.0; Win64; x64) AppleWebKit/537.36 (KHTML, like Gecko) Chrome/145.0.0.0 Safari/537.36', 'desktop', 'Windows', 'ACADEMIC_MANAGEMENT', 'ACCESS', 'Entró al panel de Gestión Académica.', NULL, NULL, NULL, NULL, NULL, '/diplomatic/public/academic', 'GET', NULL, NULL, 'NORMAL', 0, 0, 'ab137037c7251b61', 'BACKEND', 'DEV', '1.0.0'),
(893, '2026-02-20 11:54:10', 1, 'tpplu8qulphqc8jltg81v7jc1e', '200.8.212.43', 'Mozilla/5.0 (Windows NT 10.0; Win64; x64) AppleWebKit/537.36 (KHTML, like Gecko) Chrome/145.0.0.0 Safari/537.36', 'desktop', 'Windows', 'ACADEMIC_MANAGEMENT', 'ACCESS', 'Entró al panel de Gestión Académica.', NULL, NULL, NULL, NULL, NULL, '/diplomatic/public/academic', 'GET', NULL, NULL, 'NORMAL', 0, 0, '34e300bf7ef2365d', 'BACKEND', 'DEV', '1.0.0'),
(894, '2026-02-20 11:54:12', 1, 'tpplu8qulphqc8jltg81v7jc1e', '200.8.212.43', 'Mozilla/5.0 (Windows NT 10.0; Win64; x64) AppleWebKit/537.36 (KHTML, like Gecko) Chrome/145.0.0.0 Safari/537.36', 'desktop', 'Windows', 'PROFESORES', 'ACCESS_INDEX', 'Ingresó al directorio de profesores.', NULL, NULL, NULL, NULL, NULL, '/diplomatic/public/academic/profesores', 'GET', NULL, NULL, 'NORMAL', 0, 0, '26cc40e902a4a783', 'BACKEND', 'DEV', '1.0.0'),
(895, '2026-02-20 11:54:19', 1, 'tpplu8qulphqc8jltg81v7jc1e', '200.8.212.43', 'Mozilla/5.0 (Windows NT 10.0; Win64; x64) AppleWebKit/537.36 (KHTML, like Gecko) Chrome/145.0.0.0 Safari/537.36', 'desktop', 'Windows', 'ACADEMIC_MANAGEMENT', 'ACCESS', 'Entró al panel de Gestión Académica.', NULL, NULL, NULL, NULL, NULL, '/diplomatic/public/academic', 'GET', NULL, NULL, 'NORMAL', 0, 0, '51e456cb5e928706', 'BACKEND', 'DEV', '1.0.0'),
(896, '2026-02-20 11:54:20', 1, 'tpplu8qulphqc8jltg81v7jc1e', '200.8.212.43', 'Mozilla/5.0 (Windows NT 10.0; Win64; x64) AppleWebKit/537.36 (KHTML, like Gecko) Chrome/145.0.0.0 Safari/537.36', 'desktop', 'Windows', 'PROFESORES', 'ACCESS_INDEX', 'Ingresó al directorio de profesores.', NULL, NULL, NULL, NULL, NULL, '/diplomatic/public/academic/profesores', 'GET', NULL, NULL, 'NORMAL', 0, 0, 'ce30fc955e5c6535', 'BACKEND', 'DEV', '1.0.0'),
(897, '2026-02-20 11:54:21', 1, 'tpplu8qulphqc8jltg81v7jc1e', '200.8.212.43', 'Mozilla/5.0 (Windows NT 10.0; Win64; x64) AppleWebKit/537.36 (KHTML, like Gecko) Chrome/145.0.0.0 Safari/537.36', 'desktop', 'Windows', 'PROFESORES', 'VIEW_DETAILS', 'Visualizó ficha técnica ID: 0', NULL, 0, NULL, NULL, NULL, '/diplomatic/public/academic/profesores/getDetails?id=undefined', 'GET', NULL, NULL, 'NORMAL', 0, 0, '55e6e091a16d32c4', 'BACKEND', 'DEV', '1.0.0'),
(898, '2026-02-20 11:54:39', 1, 'tpplu8qulphqc8jltg81v7jc1e', '200.8.212.43', 'Mozilla/5.0 (Windows NT 10.0; Win64; x64) AppleWebKit/537.36 (KHTML, like Gecko) Chrome/145.0.0.0 Safari/537.36', 'desktop', 'Windows', 'ACADEMIC_MANAGEMENT', 'ACCESS', 'Entró al panel de Gestión Académica.', NULL, NULL, NULL, NULL, NULL, '/diplomatic/public/academic', 'GET', NULL, NULL, 'NORMAL', 0, 0, '97aa4d506f98fc28', 'BACKEND', 'DEV', '1.0.0'),
(899, '2026-02-20 11:54:40', 1, 'tpplu8qulphqc8jltg81v7jc1e', '200.8.212.43', 'Mozilla/5.0 (Windows NT 10.0; Win64; x64) AppleWebKit/537.36 (KHTML, like Gecko) Chrome/145.0.0.0 Safari/537.36', 'desktop', 'Windows', 'PROFESORES', 'ACCESS_INDEX', 'Ingresó al directorio de profesores.', NULL, NULL, NULL, NULL, NULL, '/diplomatic/public/academic/profesores', 'GET', NULL, NULL, 'NORMAL', 0, 0, 'c521ca3731babfba', 'BACKEND', 'DEV', '1.0.0'),
(900, '2026-02-20 11:54:47', 1, 'tpplu8qulphqc8jltg81v7jc1e', '200.8.212.43', 'Mozilla/5.0 (Windows NT 10.0; Win64; x64) AppleWebKit/537.36 (KHTML, like Gecko) Chrome/145.0.0.0 Safari/537.36', 'desktop', 'Windows', 'PROFESORES', 'EDIT_FORM', 'Abrió expediente de: HOMER PEREIRA', NULL, 6, NULL, NULL, NULL, '/diplomatic/public/academic/profesores/edit?id=6', 'GET', NULL, NULL, 'NORMAL', 0, 0, '7b893d424fea25e4', 'BACKEND', 'DEV', '1.0.0'),
(901, '2026-02-20 11:54:52', 1, 'tpplu8qulphqc8jltg81v7jc1e', '200.8.212.43', 'Mozilla/5.0 (Windows NT 10.0; Win64; x64) AppleWebKit/537.36 (KHTML, like Gecko) Chrome/145.0.0.0 Safari/537.36', 'desktop', 'Windows', 'PROFESORES', 'ACCESS_INDEX', 'Ingresó al directorio de profesores.', NULL, NULL, NULL, NULL, NULL, '/diplomatic/public/academic/profesores', 'GET', NULL, NULL, 'NORMAL', 0, 0, 'e28d2a555614db43', 'BACKEND', 'DEV', '1.0.0'),
(902, '2026-02-20 11:56:40', 1, 'tpplu8qulphqc8jltg81v7jc1e', '200.8.212.43', 'Mozilla/5.0 (Windows NT 10.0; Win64; x64) AppleWebKit/537.36 (KHTML, like Gecko) Chrome/145.0.0.0 Safari/537.36', 'desktop', 'Windows', 'ACADEMIC_MANAGEMENT', 'ACCESS', 'Entró al panel de Gestión Académica.', NULL, NULL, NULL, NULL, NULL, '/diplomatic/public/academic', 'GET', NULL, NULL, 'NORMAL', 0, 0, '1b09eff2ad59bb85', 'BACKEND', 'DEV', '1.0.0'),
(903, '2026-02-20 11:56:41', 1, 'tpplu8qulphqc8jltg81v7jc1e', '200.8.212.43', 'Mozilla/5.0 (Windows NT 10.0; Win64; x64) AppleWebKit/537.36 (KHTML, like Gecko) Chrome/145.0.0.0 Safari/537.36', 'desktop', 'Windows', 'PROFESORES', 'ACCESS_INDEX', 'Ingresó al directorio.', NULL, NULL, NULL, NULL, NULL, '/diplomatic/public/academic/profesores', 'GET', NULL, NULL, 'NORMAL', 0, 0, '6ba8a722acf98adf', 'BACKEND', 'DEV', '1.0.0'),
(904, '2026-02-20 11:56:48', 1, 'tpplu8qulphqc8jltg81v7jc1e', '200.8.212.43', 'Mozilla/5.0 (Windows NT 10.0; Win64; x64) AppleWebKit/537.36 (KHTML, like Gecko) Chrome/145.0.0.0 Safari/537.36', 'desktop', 'Windows', 'PROFESORES', 'ACCESS_INDEX', 'Ingresó al directorio.', NULL, NULL, NULL, NULL, NULL, '/diplomatic/public/academic/profesores', 'GET', NULL, NULL, 'NORMAL', 0, 0, '0e343c6af7f96425', 'BACKEND', 'DEV', '1.0.0'),
(905, '2026-02-20 11:57:43', 1, 'tpplu8qulphqc8jltg81v7jc1e', '200.8.212.43', 'Mozilla/5.0 (Windows NT 10.0; Win64; x64) AppleWebKit/537.36 (KHTML, like Gecko) Chrome/145.0.0.0 Safari/537.36', 'desktop', 'Windows', 'PROFESORES', 'ACCESS_INDEX', 'Ingresó al directorio.', NULL, NULL, NULL, NULL, NULL, '/diplomatic/public/academic/profesores', 'GET', NULL, NULL, 'NORMAL', 0, 0, '7d56378130e46c8a', 'BACKEND', 'DEV', '1.0.0'),
(906, '2026-02-24 23:40:28', 1, '76cnkjou72h89i552m828t4d4q', '200.8.212.43', 'Mozilla/5.0 (Windows NT 10.0; Win64; x64) AppleWebKit/537.36 (KHTML, like Gecko) Chrome/145.0.0.0 Safari/537.36', 'desktop', 'Windows', 'AUTH', 'LOGIN', 'Inicio de sesión exitoso: ADMIN GENERAL', NULL, NULL, NULL, NULL, NULL, '/diplomatic/public/login', 'POST', NULL, NULL, '', 0, 0, 'fa76a57994e922e7', 'BACKEND', 'DEV', '1.0.0'),
(907, '2026-02-24 23:40:31', 1, '76cnkjou72h89i552m828t4d4q', '200.8.212.43', 'Mozilla/5.0 (Windows NT 10.0; Win64; x64) AppleWebKit/537.36 (KHTML, like Gecko) Chrome/145.0.0.0 Safari/537.36', 'desktop', 'Windows', 'ACADEMIC_MANAGEMENT', 'ACCESS', 'Entró al panel de Gestión Académica.', NULL, NULL, NULL, NULL, NULL, '/diplomatic/public/academic', 'GET', NULL, NULL, 'NORMAL', 0, 0, 'f8a2341b27cb0cdd', 'BACKEND', 'DEV', '1.0.0'),
(908, '2026-02-24 23:42:58', 1, '76cnkjou72h89i552m828t4d4q', '200.8.212.43', 'Mozilla/5.0 (Windows NT 10.0; Win64; x64) AppleWebKit/537.36 (KHTML, like Gecko) Chrome/145.0.0.0 Safari/537.36', 'desktop', 'Windows', 'ACADEMIC_MANAGEMENT', 'ACCESS', 'Entró al panel de Gestión Académica.', NULL, NULL, NULL, NULL, NULL, '/diplomatic/public/academic', 'GET', NULL, NULL, 'NORMAL', 0, 0, '1b2f938ee8b45a0c', 'BACKEND', 'DEV', '1.0.0'),
(909, '2026-02-24 23:43:00', 1, '76cnkjou72h89i552m828t4d4q', '200.8.212.43', 'Mozilla/5.0 (Windows NT 10.0; Win64; x64) AppleWebKit/537.36 (KHTML, like Gecko) Chrome/145.0.0.0 Safari/537.36', 'desktop', 'Windows', 'COHORTES_CONFIG', 'ACCESS', 'Ingreso al panel de configuración avanzada de cohortes.', NULL, NULL, NULL, NULL, NULL, '/diplomatic/public/academic/cohortes-config', 'GET', NULL, NULL, 'NORMAL', 0, 0, '14f4f9347e8b57d4', 'BACKEND', 'DEV', '1.0.0'),
(910, '2026-02-24 23:43:04', 1, '76cnkjou72h89i552m828t4d4q', '200.8.212.43', 'Mozilla/5.0 (Windows NT 10.0; Win64; x64) AppleWebKit/537.36 (KHTML, like Gecko) Chrome/145.0.0.0 Safari/537.36', 'desktop', 'Windows', 'ACADEMIC_MANAGEMENT', 'ACCESS', 'Entró al panel de Gestión Académica.', NULL, NULL, NULL, NULL, NULL, '/diplomatic/public/academic', 'GET', NULL, NULL, 'NORMAL', 0, 0, '2d0b5e7fe57483a4', 'BACKEND', 'DEV', '1.0.0'),
(911, '2026-02-24 23:45:02', 1, '76cnkjou72h89i552m828t4d4q', '200.8.212.43', 'Mozilla/5.0 (Windows NT 10.0; Win64; x64) AppleWebKit/537.36 (KHTML, like Gecko) Chrome/145.0.0.0 Safari/537.36', 'desktop', 'Windows', 'WHATSAPP', 'ACCESS', 'El usuario accedió al panel de configuración de WhatsApp Manual', NULL, NULL, NULL, NULL, NULL, '/diplomatic/public/settings/whatsapp', 'GET', NULL, NULL, 'NORMAL', 0, 0, '771e0a283dd93c53', 'BACKEND', 'DEV', '1.0.0'),
(912, '2026-02-24 23:45:19', 1, '76cnkjou72h89i552m828t4d4q', '200.8.212.43', 'Mozilla/5.0 (Windows NT 10.0; Win64; x64) AppleWebKit/537.36 (KHTML, like Gecko) Chrome/145.0.0.0 Safari/537.36', 'desktop', 'Windows', 'WHATSAPP', 'SEND_LOG', 'Notificación enviada a jorge pereira (+584145365380) - Evento: INSCRIPCION', NULL, NULL, NULL, NULL, NULL, '/diplomatic/public/settings/whatsapp/log', 'POST', NULL, NULL, '', 0, 0, '920d5f8f0a2299c8', 'BACKEND', 'DEV', '1.0.0'),
(913, '2026-02-24 23:45:22', 1, '76cnkjou72h89i552m828t4d4q', '200.8.212.43', 'Mozilla/5.0 (Windows NT 10.0; Win64; x64) AppleWebKit/537.36 (KHTML, like Gecko) Chrome/145.0.0.0 Safari/537.36', 'desktop', 'Windows', 'WHATSAPP', 'ACCESS', 'El usuario accedió al panel de configuración de WhatsApp Manual', NULL, NULL, NULL, NULL, NULL, '/diplomatic/public/settings/whatsapp', 'GET', NULL, NULL, 'NORMAL', 0, 0, '4384b3347f4505e3', 'BACKEND', 'DEV', '1.0.0'),
(914, '2026-02-24 23:45:58', 1, '76cnkjou72h89i552m828t4d4q', '200.8.212.43', 'Mozilla/5.0 (Windows NT 10.0; Win64; x64) AppleWebKit/537.36 (KHTML, like Gecko) Chrome/145.0.0.0 Safari/537.36', 'desktop', 'Windows', 'WHATSAPP', 'SEND_LOG', 'Notificación enviada a Pereira (+584145365380) - Evento: PAGO', NULL, NULL, NULL, NULL, NULL, '/diplomatic/public/settings/whatsapp/log', 'POST', NULL, NULL, '', 0, 0, '7b3b0b30b9f6d1a9', 'BACKEND', 'DEV', '1.0.0'),
(915, '2026-02-24 23:46:01', 1, '76cnkjou72h89i552m828t4d4q', '200.8.212.43', 'Mozilla/5.0 (Windows NT 10.0; Win64; x64) AppleWebKit/537.36 (KHTML, like Gecko) Chrome/145.0.0.0 Safari/537.36', 'desktop', 'Windows', 'WHATSAPP', 'ACCESS', 'El usuario accedió al panel de configuración de WhatsApp Manual', NULL, NULL, NULL, NULL, NULL, '/diplomatic/public/settings/whatsapp', 'GET', NULL, NULL, 'NORMAL', 0, 0, 'e2a38420511f9a80', 'BACKEND', 'DEV', '1.0.0'),
(916, '2026-02-24 23:46:30', 1, '76cnkjou72h89i552m828t4d4q', '200.8.212.43', 'Mozilla/5.0 (Windows NT 10.0; Win64; x64) AppleWebKit/537.36 (KHTML, like Gecko) Chrome/145.0.0.0 Safari/537.36', 'desktop', 'Windows', 'WHATSAPP', 'SEND_LOG', 'Notificación enviada a Pereira (+584145365380) - Evento: PAGO', NULL, NULL, NULL, NULL, NULL, '/diplomatic/public/settings/whatsapp/log', 'POST', NULL, NULL, '', 0, 0, 'fff05707518ebc7b', 'BACKEND', 'DEV', '1.0.0'),
(917, '2026-02-24 23:46:33', 1, '76cnkjou72h89i552m828t4d4q', '200.8.212.43', 'Mozilla/5.0 (Windows NT 10.0; Win64; x64) AppleWebKit/537.36 (KHTML, like Gecko) Chrome/145.0.0.0 Safari/537.36', 'desktop', 'Windows', 'WHATSAPP', 'ACCESS', 'El usuario accedió al panel de configuración de WhatsApp Manual', NULL, NULL, NULL, NULL, NULL, '/diplomatic/public/settings/whatsapp', 'GET', NULL, NULL, 'NORMAL', 0, 0, '0d8cc6a20ab71285', 'BACKEND', 'DEV', '1.0.0'),
(918, '2026-02-24 23:46:58', 1, '76cnkjou72h89i552m828t4d4q', '200.8.212.43', 'Mozilla/5.0 (Windows NT 10.0; Win64; x64) AppleWebKit/537.36 (KHTML, like Gecko) Chrome/145.0.0.0 Safari/537.36', 'desktop', 'Windows', 'SETTINGS_EMAIL', 'ACCESS', 'Acceso al módulo independiente de correo', NULL, NULL, NULL, NULL, NULL, '/diplomatic/public/settings/correo', 'GET', NULL, NULL, 'NORMAL', 0, 0, '98e39ced20cb6975', 'BACKEND', 'DEV', '1.0.0'),
(919, '2026-02-24 23:47:03', 1, '76cnkjou72h89i552m828t4d4q', '200.8.212.43', 'Mozilla/5.0 (Windows NT 10.0; Win64; x64) AppleWebKit/537.36 (KHTML, like Gecko) Chrome/145.0.0.0 Safari/537.36', 'desktop', 'Windows', 'SETTINGS_COMPANY', 'ACCESS', 'User accessed the company profile', NULL, NULL, NULL, NULL, NULL, '/diplomatic/public/settings/empresa', 'GET', NULL, NULL, 'NORMAL', 0, 0, '459ba6d305863bae', 'BACKEND', 'DEV', '1.0.0'),
(920, '2026-02-24 23:55:35', 1, '76cnkjou72h89i552m828t4d4q', '200.8.212.43', 'Mozilla/5.0 (Windows NT 10.0; Win64; x64) AppleWebKit/537.36 (KHTML, like Gecko) Chrome/145.0.0.0 Safari/537.36', 'desktop', 'Windows', 'ACADEMIC_MANAGEMENT', 'ACCESS', 'Entró al panel de Gestión Académica.', NULL, NULL, NULL, NULL, NULL, '/diplomatic/public/academic', 'GET', NULL, NULL, 'NORMAL', 0, 0, '8a8bc249ccd488a0', 'BACKEND', 'DEV', '1.0.0'),
(921, '2026-02-25 00:00:52', 1, '76cnkjou72h89i552m828t4d4q', '200.8.212.43', 'Mozilla/5.0 (Windows NT 10.0; Win64; x64) AppleWebKit/537.36 (KHTML, like Gecko) Chrome/145.0.0.0 Safari/537.36', 'desktop', 'Windows', 'ACADEMIC_MANAGEMENT', 'ACCESS', 'Entró al panel de Gestión Académica.', NULL, NULL, NULL, NULL, NULL, '/diplomatic/public/academic', 'GET', NULL, NULL, 'NORMAL', 0, 0, '0bf153c6236eaed5', 'BACKEND', 'DEV', '1.0.0'),
(922, '2026-02-25 00:00:55', 1, '76cnkjou72h89i552m828t4d4q', '200.8.212.43', 'Mozilla/5.0 (Windows NT 10.0; Win64; x64) AppleWebKit/537.36 (KHTML, like Gecko) Chrome/145.0.0.0 Safari/537.36', 'desktop', 'Windows', 'ACADEMIC_MANAGEMENT', 'ACCESS', 'Entró al panel de Gestión Académica.', NULL, NULL, NULL, NULL, NULL, '/diplomatic/public/academic', 'GET', NULL, NULL, 'NORMAL', 0, 0, '1eebb085826a5974', 'BACKEND', 'DEV', '1.0.0'),
(923, '2026-02-25 00:00:56', 1, '76cnkjou72h89i552m828t4d4q', '200.8.212.43', 'Mozilla/5.0 (Windows NT 10.0; Win64; x64) AppleWebKit/537.36 (KHTML, like Gecko) Chrome/145.0.0.0 Safari/537.36', 'desktop', 'Windows', 'ACADEMIC_DIPLOMADOS', 'ACCESS', 'Ingreso al listado de diplomados.', NULL, NULL, NULL, NULL, NULL, '/diplomatic/public/academic/diplomados', 'GET', NULL, NULL, 'NORMAL', 0, 0, '799f2383e7c657c2', 'BACKEND', 'DEV', '1.0.0'),
(924, '2026-02-25 00:00:59', 1, '76cnkjou72h89i552m828t4d4q', '200.8.212.43', 'Mozilla/5.0 (Windows NT 10.0; Win64; x64) AppleWebKit/537.36 (KHTML, like Gecko) Chrome/145.0.0.0 Safari/537.36', 'desktop', 'Windows', 'ACADEMIC_DIPLOMADOS', 'PREVIEW', 'Vio la vista previa de: DIPLOMADO EN MEDICINA LEGAL Y\r\nCIENCIAS FORENSES ', NULL, NULL, NULL, NULL, NULL, '/diplomatic/public/academic/diplomados/getDetails?id=2', 'GET', NULL, NULL, 'NORMAL', 0, 0, '2259cdc415e48ea2', 'BACKEND', 'DEV', '1.0.0'),
(925, '2026-02-25 00:01:03', 1, '76cnkjou72h89i552m828t4d4q', '200.8.212.43', 'Mozilla/5.0 (Windows NT 10.0; Win64; x64) AppleWebKit/537.36 (KHTML, like Gecko) Chrome/145.0.0.0 Safari/537.36', 'desktop', 'Windows', 'ACADEMIC_DIPLOMADOS', 'DOWNLOAD_PDF', 'Descargó el PDF oficial de: DIPLOMADO EN MEDICINA LEGAL Y\r\nCIENCIAS FORENSES ', NULL, 2, NULL, NULL, NULL, '/diplomatic/public/academic/diplomados/export?id=2', 'GET', NULL, NULL, 'NORMAL', 0, 0, '5a167373a7785dcf', 'BACKEND', 'DEV', '1.0.0'),
(926, '2026-02-25 00:01:06', 1, '76cnkjou72h89i552m828t4d4q', '200.8.212.43', 'Mozilla/5.0 (Windows NT 10.0; Win64; x64) AppleWebKit/537.36 (KHTML, like Gecko) Chrome/145.0.0.0 Safari/537.36', 'desktop', 'Windows', 'ACADEMIC_DIPLOMADOS', 'DOWNLOAD_PDF', 'Descargó el PDF oficial de: DIPLOMADO EN MEDICINA LEGAL Y\r\nCIENCIAS FORENSES ', NULL, 2, NULL, NULL, NULL, '/diplomatic/public/academic/diplomados/export?id=2', 'GET', NULL, NULL, 'NORMAL', 0, 0, '1c9996af3368f9e2', 'BACKEND', 'DEV', '1.0.0'),
(927, '2026-02-25 00:01:17', 1, '76cnkjou72h89i552m828t4d4q', '200.8.212.43', 'Mozilla/5.0 (Windows NT 10.0; Win64; x64) AppleWebKit/537.36 (KHTML, like Gecko) Chrome/145.0.0.0 Safari/537.36', 'desktop', 'Windows', 'ACADEMIC_MANAGEMENT', 'ACCESS', 'Entró al panel de Gestión Académica.', NULL, NULL, NULL, NULL, NULL, '/diplomatic/public/academic', 'GET', NULL, NULL, 'NORMAL', 0, 0, '276f3d980829f73a', 'BACKEND', 'DEV', '1.0.0'),
(928, '2026-02-25 00:01:19', 1, '76cnkjou72h89i552m828t4d4q', '200.8.212.43', 'Mozilla/5.0 (Windows NT 10.0; Win64; x64) AppleWebKit/537.36 (KHTML, like Gecko) Chrome/145.0.0.0 Safari/537.36', 'desktop', 'Windows', 'COHORTES', 'ACCESS_INDEX', 'El usuario ingresó al panel maestro de cohortes.', NULL, NULL, NULL, NULL, NULL, '/diplomatic/public/academic/cohortes', 'GET', NULL, NULL, 'NORMAL', 0, 0, 'cd1c2afcbf185aa0', 'BACKEND', 'DEV', '1.0.0'),
(929, '2026-02-25 00:01:20', 1, '76cnkjou72h89i552m828t4d4q', '200.8.212.43', 'Mozilla/5.0 (Windows NT 10.0; Win64; x64) AppleWebKit/537.36 (KHTML, like Gecko) Chrome/145.0.0.0 Safari/537.36', 'desktop', 'Windows', 'COHORTES', 'VIEW_DETAILS', 'Visualizó la ficha técnica de la cohorte: [2026-I] Cohorte ENERO - MAYO - 2026', NULL, 1, NULL, NULL, NULL, '/diplomatic/public/academic/cohortes/logAccess?action=VIEW_DETAILS&id=1', 'GET', NULL, NULL, 'NORMAL', 0, 0, 'f8e6de7e0da7da03', 'BACKEND', 'DEV', '1.0.0'),
(930, '2026-02-25 00:01:27', 1, '76cnkjou72h89i552m828t4d4q', '200.8.212.43', 'Mozilla/5.0 (Windows NT 10.0; Win64; x64) AppleWebKit/537.36 (KHTML, like Gecko) Chrome/145.0.0.0 Safari/537.36', 'desktop', 'Windows', 'COHORTES', 'VIEW_DETAILS', 'Visualizó la ficha técnica de la cohorte: [2026-I] Cohorte ENERO - MAYO - 2026', NULL, 1, NULL, NULL, NULL, '/diplomatic/public/academic/cohortes/logAccess?action=VIEW_DETAILS&id=1', 'GET', NULL, NULL, 'NORMAL', 0, 0, '260f634e80248080', 'BACKEND', 'DEV', '1.0.0'),
(931, '2026-02-25 00:01:29', 1, '76cnkjou72h89i552m828t4d4q', '200.8.212.43', 'Mozilla/5.0 (Windows NT 10.0; Win64; x64) AppleWebKit/537.36 (KHTML, like Gecko) Chrome/145.0.0.0 Safari/537.36', 'desktop', 'Windows', 'COHORTES', 'STATUS_CHANGE', 'Cambió el estado de la cohorte [2026-I] a: En curso', NULL, 1, NULL, NULL, NULL, '/diplomatic/public/academic/cohortes/changeStatus?id=1&status=En%20curso', 'GET', NULL, NULL, 'NORMAL', 0, 0, '0d21465b7bd9fccf', 'BACKEND', 'DEV', '1.0.0'),
(932, '2026-02-25 00:01:30', 1, '76cnkjou72h89i552m828t4d4q', '200.8.212.43', 'Mozilla/5.0 (Windows NT 10.0; Win64; x64) AppleWebKit/537.36 (KHTML, like Gecko) Chrome/145.0.0.0 Safari/537.36', 'desktop', 'Windows', 'COHORTES', 'ACCESS_INDEX', 'El usuario ingresó al panel maestro de cohortes.', NULL, NULL, NULL, NULL, NULL, '/diplomatic/public/academic/cohortes?updated=1', 'GET', NULL, NULL, 'NORMAL', 0, 0, '67008de5b4c7b4be', 'BACKEND', 'DEV', '1.0.0'),
(933, '2026-02-25 00:01:32', 1, '76cnkjou72h89i552m828t4d4q', '200.8.212.43', 'Mozilla/5.0 (Windows NT 10.0; Win64; x64) AppleWebKit/537.36 (KHTML, like Gecko) Chrome/145.0.0.0 Safari/537.36', 'desktop', 'Windows', 'COHORTES', 'VIEW_DETAILS', 'Visualizó la ficha técnica de la cohorte: [2026-I] Cohorte ENERO - MAYO - 2026', NULL, 1, NULL, NULL, NULL, '/diplomatic/public/academic/cohortes/logAccess?action=VIEW_DETAILS&id=1', 'GET', NULL, NULL, 'NORMAL', 0, 0, '1d1b28d872c44641', 'BACKEND', 'DEV', '1.0.0'),
(934, '2026-02-25 00:01:39', 1, '76cnkjou72h89i552m828t4d4q', '200.8.212.43', 'Mozilla/5.0 (Windows NT 10.0; Win64; x64) AppleWebKit/537.36 (KHTML, like Gecko) Chrome/145.0.0.0 Safari/537.36', 'desktop', 'Windows', 'ACADEMIC_MANAGEMENT', 'ACCESS', 'Entró al panel de Gestión Académica.', NULL, NULL, NULL, NULL, NULL, '/diplomatic/public/academic', 'GET', NULL, NULL, 'NORMAL', 0, 0, 'e9d58346b5e1a441', 'BACKEND', 'DEV', '1.0.0'),
(935, '2026-02-25 00:01:40', 1, '76cnkjou72h89i552m828t4d4q', '200.8.212.43', 'Mozilla/5.0 (Windows NT 10.0; Win64; x64) AppleWebKit/537.36 (KHTML, like Gecko) Chrome/145.0.0.0 Safari/537.36', 'desktop', 'Windows', 'COHORTES_CONFIG', 'ACCESS', 'Ingreso al panel de configuración avanzada de cohortes.', NULL, NULL, NULL, NULL, NULL, '/diplomatic/public/academic/cohortes-config', 'GET', NULL, NULL, 'NORMAL', 0, 0, '5e82279e5e31868d', 'BACKEND', 'DEV', '1.0.0'),
(936, '2026-02-25 00:01:46', 1, '76cnkjou72h89i552m828t4d4q', '200.8.212.43', 'Mozilla/5.0 (Windows NT 10.0; Win64; x64) AppleWebKit/537.36 (KHTML, like Gecko) Chrome/145.0.0.0 Safari/537.36', 'desktop', 'Windows', 'COHORTES_CONFIG', 'STATUS_FORCED', 'Forzó el estado de la cohorte [2026-I] a: Planificada (y restauró si estaba eliminada).', NULL, 1, NULL, NULL, NULL, '/diplomatic/public/academic/cohortes-config/updateStatus', 'POST', NULL, NULL, 'WARNING', 0, 0, '97c4180ca7944dc9', 'BACKEND', 'DEV', '1.0.0'),
(937, '2026-02-25 00:01:46', 1, '76cnkjou72h89i552m828t4d4q', '200.8.212.43', 'Mozilla/5.0 (Windows NT 10.0; Win64; x64) AppleWebKit/537.36 (KHTML, like Gecko) Chrome/145.0.0.0 Safari/537.36', 'desktop', 'Windows', 'COHORTES_CONFIG', 'ACCESS', 'Ingreso al panel de configuración avanzada de cohortes.', NULL, NULL, NULL, NULL, NULL, '/diplomatic/public/academic/cohortes-config?updated=1', 'GET', NULL, NULL, 'NORMAL', 0, 0, '76df474c64bb1e2d', 'BACKEND', 'DEV', '1.0.0'),
(938, '2026-02-25 00:01:48', 1, '76cnkjou72h89i552m828t4d4q', '200.8.212.43', 'Mozilla/5.0 (Windows NT 10.0; Win64; x64) AppleWebKit/537.36 (KHTML, like Gecko) Chrome/145.0.0.0 Safari/537.36', 'desktop', 'Windows', 'ACADEMIC_MANAGEMENT', 'ACCESS', 'Entró al panel de Gestión Académica.', NULL, NULL, NULL, NULL, NULL, '/diplomatic/public/academic', 'GET', NULL, NULL, 'NORMAL', 0, 0, '1ed94c60095551ca', 'BACKEND', 'DEV', '1.0.0'),
(939, '2026-02-25 00:43:44', 1, '76cnkjou72h89i552m828t4d4q', '200.8.212.43', 'Mozilla/5.0 (Windows NT 10.0; Win64; x64) AppleWebKit/537.36 (KHTML, like Gecko) Chrome/145.0.0.0 Safari/537.36', 'desktop', 'Windows', 'ACADEMIC_DIPLOMADOS', 'ACCESS', 'Ingreso al listado de diplomados.', NULL, NULL, NULL, NULL, NULL, '/diplomatic/public/academic/diplomados', 'GET', NULL, NULL, 'NORMAL', 0, 0, 'efe6292a4598ca37', 'BACKEND', 'DEV', '1.0.0'),
(940, '2026-02-25 00:44:17', 1, '76cnkjou72h89i552m828t4d4q', '200.8.212.43', 'Mozilla/5.0 (Windows NT 10.0; Win64; x64) AppleWebKit/537.36 (KHTML, like Gecko) Chrome/145.0.0.0 Safari/537.36', 'desktop', 'Windows', 'ACADEMIC_MANAGEMENT', 'ACCESS', 'Entró al panel de Gestión Académica.', NULL, NULL, NULL, NULL, NULL, '/diplomatic/public/academic', 'GET', NULL, NULL, 'NORMAL', 0, 0, '263dc6eeba178bcc', 'BACKEND', 'DEV', '1.0.0'),
(941, '2026-02-25 00:48:04', 1, '76cnkjou72h89i552m828t4d4q', '::1', 'Mozilla/5.0 (Windows NT 10.0; Win64; x64) AppleWebKit/537.36 (KHTML, like Gecko) Chrome/145.0.0.0 Safari/537.36', 'desktop', 'Windows', 'ACADEMIC_MANAGEMENT', 'ACCESS', 'Entró al panel de Gestión Académica.', NULL, NULL, NULL, NULL, NULL, '/diplomatic/public/academic', 'GET', NULL, NULL, 'NORMAL', 0, 0, '84221fa72cb89c9f', 'BACKEND', 'DEV', '1.0.0'),
(942, '2026-02-25 00:48:09', 1, '76cnkjou72h89i552m828t4d4q', '::1', 'Mozilla/5.0 (Windows NT 10.0; Win64; x64) AppleWebKit/537.36 (KHTML, like Gecko) Chrome/145.0.0.0 Safari/537.36', 'desktop', 'Windows', 'ACADEMIC_MANAGEMENT', 'ACCESS', 'Entró al panel de Gestión Académica.', NULL, NULL, NULL, NULL, NULL, '/diplomatic/public/academic', 'GET', NULL, NULL, 'NORMAL', 0, 0, 'b056cb849557ac21', 'BACKEND', 'DEV', '1.0.0'),
(943, '2026-02-25 11:55:14', 1, '35ushnr9qfpksa6hpb0jjao0pn', '200.8.212.43', 'Mozilla/5.0 (Windows NT 10.0; Win64; x64) AppleWebKit/537.36 (KHTML, like Gecko) Chrome/145.0.0.0 Safari/537.36', 'desktop', 'Windows', 'AUTH', 'LOGIN', 'Inicio de sesión exitoso: ADMIN GENERAL', NULL, NULL, NULL, NULL, NULL, '/diplomatic/public/login', 'POST', NULL, NULL, '', 0, 0, '554f8eef3dde3c41', 'BACKEND', 'DEV', '1.0.0'),
(944, '2026-02-25 11:55:26', 1, '35ushnr9qfpksa6hpb0jjao0pn', '200.8.212.43', 'Mozilla/5.0 (Windows NT 10.0; Win64; x64) AppleWebKit/537.36 (KHTML, like Gecko) Chrome/145.0.0.0 Safari/537.36', 'desktop', 'Windows', 'ACADEMIC_MANAGEMENT', 'ACCESS', 'Entró al panel de Gestión Académica.', NULL, NULL, NULL, NULL, NULL, '/diplomatic/public/academic', 'GET', NULL, NULL, 'NORMAL', 0, 0, 'e8338c0312e8cb8d', 'BACKEND', 'DEV', '1.0.0'),
(945, '2026-02-25 11:55:28', 1, '35ushnr9qfpksa6hpb0jjao0pn', '200.8.212.43', 'Mozilla/5.0 (Windows NT 10.0; Win64; x64) AppleWebKit/537.36 (KHTML, like Gecko) Chrome/145.0.0.0 Safari/537.36', 'desktop', 'Windows', 'PROFESORES', 'ACCESS_INDEX', 'El usuario ingresó al directorio maestro de profesores.', NULL, NULL, NULL, NULL, NULL, '/diplomatic/public/academic/profesores', 'GET', NULL, NULL, 'NORMAL', 0, 0, 'bf4b19dbb7267b1a', 'BACKEND', 'DEV', '1.0.0'),
(946, '2026-02-25 11:55:30', 1, '35ushnr9qfpksa6hpb0jjao0pn', '200.8.212.43', 'Mozilla/5.0 (Windows NT 10.0; Win64; x64) AppleWebKit/537.36 (KHTML, like Gecko) Chrome/145.0.0.0 Safari/537.36', 'desktop', 'Windows', 'PROFESORES', 'VIEW_DETAILS', 'Visualizó la Ficha Resumen del profesor ID: 6', NULL, 6, NULL, NULL, NULL, '/diplomatic/public/academic/profesores/logAccess?action=VIEW_DETAILS&id=6', 'GET', NULL, NULL, 'NORMAL', 0, 0, '2bda68fbf254090f', 'BACKEND', 'DEV', '1.0.0'),
(947, '2026-02-25 11:55:33', 1, '35ushnr9qfpksa6hpb0jjao0pn', '200.8.212.43', 'Mozilla/5.0 (Windows NT 10.0; Win64; x64) AppleWebKit/537.36 (KHTML, like Gecko) Chrome/145.0.0.0 Safari/537.36', 'desktop', 'Windows', 'PROFESORES', 'VIEW_DETAILS', 'Visualizó la Ficha Resumen del profesor ID: 6', NULL, 6, NULL, NULL, NULL, '/diplomatic/public/academic/profesores/logAccess?action=VIEW_DETAILS&id=6', 'GET', NULL, NULL, 'NORMAL', 0, 0, '0ad6ebc252f5c5db', 'BACKEND', 'DEV', '1.0.0'),
(948, '2026-02-25 11:55:34', 1, '35ushnr9qfpksa6hpb0jjao0pn', '200.8.212.43', 'Mozilla/5.0 (Windows NT 10.0; Win64; x64) AppleWebKit/537.36 (KHTML, like Gecko) Chrome/145.0.0.0 Safari/537.36', 'desktop', 'Windows', 'PROFESORES', 'EDIT_FORM', 'Abrió el expediente detallado del docente: HOMER PEREIRA', NULL, 6, NULL, NULL, NULL, '/diplomatic/public/academic/profesores/edit?id=6', 'GET', NULL, NULL, 'NORMAL', 0, 0, '423be88eb2c59811', 'BACKEND', 'DEV', '1.0.0'),
(949, '2026-02-25 11:59:41', 1, '35ushnr9qfpksa6hpb0jjao0pn', '200.8.212.43', 'Mozilla/5.0 (Windows NT 10.0; Win64; x64) AppleWebKit/537.36 (KHTML, like Gecko) Chrome/145.0.0.0 Safari/537.36', 'desktop', 'Windows', 'ACADEMIC_MANAGEMENT', 'ACCESS', 'Entró al panel de Gestión Académica.', NULL, NULL, NULL, NULL, NULL, '/diplomatic/public/academic', 'GET', NULL, NULL, 'NORMAL', 0, 0, '8ec407279ce9e07a', 'BACKEND', 'DEV', '1.0.0'),
(950, '2026-02-25 11:59:42', 1, '35ushnr9qfpksa6hpb0jjao0pn', '200.8.212.43', 'Mozilla/5.0 (Windows NT 10.0; Win64; x64) AppleWebKit/537.36 (KHTML, like Gecko) Chrome/145.0.0.0 Safari/537.36', 'desktop', 'Windows', 'PROFESORES', 'ACCESS_INDEX', 'El usuario ingresó al directorio maestro de profesores.', NULL, NULL, NULL, NULL, NULL, '/diplomatic/public/academic/profesores', 'GET', NULL, NULL, 'NORMAL', 0, 0, '4890e8433b65b7c9', 'BACKEND', 'DEV', '1.0.0'),
(951, '2026-02-25 11:59:57', 1, '35ushnr9qfpksa6hpb0jjao0pn', '200.8.212.43', 'Mozilla/5.0 (Windows NT 10.0; Win64; x64) AppleWebKit/537.36 (KHTML, like Gecko) Chrome/145.0.0.0 Safari/537.36', 'desktop', 'Windows', 'PROFESORES', 'ACCESS_INDEX', 'El usuario ingresó al directorio maestro de profesores.', NULL, NULL, NULL, NULL, NULL, '/diplomatic/public/academic/profesores', 'GET', NULL, NULL, 'NORMAL', 0, 0, 'fb9ea9171c2c7861', 'BACKEND', 'DEV', '1.0.0'),
(952, '2026-02-25 12:02:46', 1, '35ushnr9qfpksa6hpb0jjao0pn', '200.8.212.43', 'Mozilla/5.0 (Windows NT 10.0; Win64; x64) AppleWebKit/537.36 (KHTML, like Gecko) Chrome/145.0.0.0 Safari/537.36', 'desktop', 'Windows', 'AUTH', 'LOGOUT', 'Cierre de sesión manual: ADMIN GENERAL', NULL, NULL, NULL, NULL, NULL, '/diplomatic/public/logout', 'GET', NULL, NULL, 'NORMAL', 0, 0, 'fda6020574a25a36', 'BACKEND', 'DEV', '1.0.0'),
(953, '2026-02-25 12:02:55', 1, '2nfbsi3df4hre8l8534qgqnqsl', '200.8.212.43', 'Mozilla/5.0 (Windows NT 10.0; Win64; x64) AppleWebKit/537.36 (KHTML, like Gecko) Chrome/145.0.0.0 Safari/537.36', 'desktop', 'Windows', 'AUTH', 'LOGIN', 'Inicio de sesión exitoso: ADMIN GENERAL', NULL, NULL, NULL, NULL, NULL, '/diplomatic/public/login', 'POST', NULL, NULL, '', 0, 0, 'e854c0717e283652', 'BACKEND', 'DEV', '1.0.0'),
(954, '2026-02-25 12:02:57', 1, '2nfbsi3df4hre8l8534qgqnqsl', '200.8.212.43', 'Mozilla/5.0 (Windows NT 10.0; Win64; x64) AppleWebKit/537.36 (KHTML, like Gecko) Chrome/145.0.0.0 Safari/537.36', 'desktop', 'Windows', 'ACADEMIC_MANAGEMENT', 'ACCESS', 'Entró al panel de Gestión Académica.', NULL, NULL, NULL, NULL, NULL, '/diplomatic/public/academic', 'GET', NULL, NULL, 'NORMAL', 0, 0, 'a25e9360afa1bf3b', 'BACKEND', 'DEV', '1.0.0'),
(955, '2026-02-25 12:03:00', 1, '2nfbsi3df4hre8l8534qgqnqsl', '200.8.212.43', 'Mozilla/5.0 (Windows NT 10.0; Win64; x64) AppleWebKit/537.36 (KHTML, like Gecko) Chrome/145.0.0.0 Safari/537.36', 'desktop', 'Windows', 'SETTINGS_WP', 'ACCESS_INDEX', 'Ingresó al panel de configuración de WordPress (JWT).', NULL, NULL, NULL, NULL, NULL, '/diplomatic/public/settings/wordpress', 'GET', NULL, NULL, 'NORMAL', 0, 0, 'fa40e82a8ba93fe2', 'BACKEND', 'DEV', '1.0.0'),
(956, '2026-02-25 12:03:09', 1, '2nfbsi3df4hre8l8534qgqnqsl', '200.8.212.43', 'Mozilla/5.0 (Windows NT 10.0; Win64; x64) AppleWebKit/537.36 (KHTML, like Gecko) Chrome/145.0.0.0 Safari/537.36', 'desktop', 'Windows', 'ACADEMIC_MANAGEMENT', 'ACCESS', 'Entró al panel de Gestión Académica.', NULL, NULL, NULL, NULL, NULL, '/diplomatic/public/academic', 'GET', NULL, NULL, 'NORMAL', 0, 0, '3ae23c8a5ea2b55f', 'BACKEND', 'DEV', '1.0.0'),
(957, '2026-02-25 12:03:19', 1, '2nfbsi3df4hre8l8534qgqnqsl', '200.8.212.43', 'Mozilla/5.0 (Windows NT 10.0; Win64; x64) AppleWebKit/537.36 (KHTML, like Gecko) Chrome/145.0.0.0 Safari/537.36', 'desktop', 'Windows', 'ACADEMIC_MANAGEMENT', 'ACCESS', 'Entró al panel de Gestión Académica.', NULL, NULL, NULL, NULL, NULL, '/diplomatic/public/academic', 'GET', NULL, NULL, 'NORMAL', 0, 0, '03d4e8441030f8b3', 'BACKEND', 'DEV', '1.0.0'),
(958, '2026-02-25 12:03:22', 1, '2nfbsi3df4hre8l8534qgqnqsl', '200.8.212.43', 'Mozilla/5.0 (Windows NT 10.0; Win64; x64) AppleWebKit/537.36 (KHTML, like Gecko) Chrome/145.0.0.0 Safari/537.36', 'desktop', 'Windows', 'SETTINGS_WP', 'ACCESS_INDEX', 'Ingresó al panel de configuración de WordPress (JWT).', NULL, NULL, NULL, NULL, NULL, '/diplomatic/public/settings/wordpress', 'GET', NULL, NULL, 'NORMAL', 0, 0, '891cf3ca97cc6aa5', 'BACKEND', 'DEV', '1.0.0'),
(959, '2026-02-25 12:03:54', 1, '2nfbsi3df4hre8l8534qgqnqsl', '200.8.212.43', 'Mozilla/5.0 (Windows NT 10.0; Win64; x64) AppleWebKit/537.36 (KHTML, like Gecko) Chrome/145.0.0.0 Safari/537.36', 'desktop', 'Windows', 'ACADEMIC_MANAGEMENT', 'ACCESS', 'Entró al panel de Gestión Académica.', NULL, NULL, NULL, NULL, NULL, '/diplomatic/public/academic', 'GET', NULL, NULL, 'NORMAL', 0, 0, 'cd43f5a3ff635a91', 'BACKEND', 'DEV', '1.0.0'),
(960, '2026-02-25 12:09:38', 1, '2nfbsi3df4hre8l8534qgqnqsl', '200.8.212.43', 'Mozilla/5.0 (Windows NT 10.0; Win64; x64) AppleWebKit/537.36 (KHTML, like Gecko) Chrome/145.0.0.0 Safari/537.36', 'desktop', 'Windows', 'SETTINGS_WP', 'ACCESS_INDEX', 'Ingresó al panel de configuración de WordPress (JWT).', NULL, NULL, NULL, NULL, NULL, '/diplomatic/public/settings/wordpress', 'GET', NULL, NULL, 'NORMAL', 0, 0, 'e9fdc473eed44c33', 'BACKEND', 'DEV', '1.0.0'),
(961, '2026-02-25 12:10:05', 1, '2nfbsi3df4hre8l8534qgqnqsl', '200.8.212.43', 'Mozilla/5.0 (Windows NT 10.0; Win64; x64) AppleWebKit/537.36 (KHTML, like Gecko) Chrome/145.0.0.0 Safari/537.36', 'desktop', 'Windows', 'SETTINGS_WP', 'TEST_CONNECTION', 'Prueba conexión JWT: EXITOSO', NULL, NULL, NULL, NULL, NULL, '/diplomatic/public/settings/wordpress/test', 'POST', NULL, NULL, 'NORMAL', 0, 0, 'af89aaa2b8c1b9e1', 'BACKEND', 'DEV', '1.0.0'),
(962, '2026-02-25 19:44:24', 1, '2nfbsi3df4hre8l8534qgqnqsl', '200.8.212.43', 'Mozilla/5.0 (Windows NT 10.0; Win64; x64) AppleWebKit/537.36 (KHTML, like Gecko) Chrome/145.0.0.0 Safari/537.36', 'desktop', 'Windows', 'SETTINGS_WP', 'TEST_CONNECTION', 'Prueba conexión JWT: EXITOSO', NULL, NULL, NULL, NULL, NULL, '/diplomatic/public/settings/wordpress/test', 'POST', NULL, NULL, 'NORMAL', 0, 0, 'c8e0431f3cfb6046', 'BACKEND', 'DEV', '1.0.0'),
(963, '2026-02-26 13:04:35', 1, 'dpssrm6jbu8st3ouvtn28amukf', '200.8.212.43', 'Mozilla/5.0 (Windows NT 10.0; Win64; x64) AppleWebKit/537.36 (KHTML, like Gecko) Chrome/145.0.0.0 Safari/537.36', 'desktop', 'Windows', 'AUTH', 'LOGIN', 'Inicio de sesión exitoso: ADMIN GENERAL', NULL, NULL, NULL, NULL, NULL, '/diplomatic/public/login', 'POST', NULL, NULL, '', 0, 0, '7602f88be9f8fbf3', 'BACKEND', 'DEV', '1.0.0'),
(964, '2026-02-26 13:04:37', 1, 'dpssrm6jbu8st3ouvtn28amukf', '200.8.212.43', 'Mozilla/5.0 (Windows NT 10.0; Win64; x64) AppleWebKit/537.36 (KHTML, like Gecko) Chrome/145.0.0.0 Safari/537.36', 'desktop', 'Windows', 'ACADEMIC_MANAGEMENT', 'ACCESS', 'Entró al panel de Gestión Académica.', NULL, NULL, NULL, NULL, NULL, '/diplomatic/public/academic', 'GET', NULL, NULL, 'NORMAL', 0, 0, 'f2faa7f5b6b12137', 'BACKEND', 'DEV', '1.0.0'),
(965, '2026-02-26 13:04:39', 1, 'dpssrm6jbu8st3ouvtn28amukf', '200.8.212.43', 'Mozilla/5.0 (Windows NT 10.0; Win64; x64) AppleWebKit/537.36 (KHTML, like Gecko) Chrome/145.0.0.0 Safari/537.36', 'desktop', 'Windows', 'ACADEMIC_DIPLOMADOS', 'ACCESS', 'Ingreso al listado de diplomados.', NULL, NULL, NULL, NULL, NULL, '/diplomatic/public/academic/diplomados', 'GET', NULL, NULL, 'NORMAL', 0, 0, 'd60f294f5d2b28f5', 'BACKEND', 'DEV', '1.0.0'),
(966, '2026-02-26 13:05:16', 1, 'dpssrm6jbu8st3ouvtn28amukf', '200.8.212.43', 'Mozilla/5.0 (Windows NT 10.0; Win64; x64) AppleWebKit/537.36 (KHTML, like Gecko) Chrome/145.0.0.0 Safari/537.36', 'desktop', 'Windows', 'AUTH', 'LOGOUT', 'Cierre de sesión manual: ADMIN GENERAL', NULL, NULL, NULL, NULL, NULL, '/diplomatic/public/logout', 'GET', NULL, NULL, 'NORMAL', 0, 0, 'bed6917338de7aea', 'BACKEND', 'DEV', '1.0.0'),
(967, '2026-02-26 14:24:49', 1, 'h4rket2j37eies0611ha1ong6c', '200.8.212.43', 'Mozilla/5.0 (Windows NT 10.0; Win64; x64) AppleWebKit/537.36 (KHTML, like Gecko) Chrome/145.0.0.0 Safari/537.36', 'desktop', 'Windows', 'AUTH', 'LOGIN', 'Inicio de sesión exitoso: ADMIN GENERAL', NULL, NULL, NULL, NULL, NULL, '/diplomatic/public/login', 'POST', NULL, NULL, '', 0, 0, '286850136394af09', 'BACKEND', 'DEV', '1.0.0'),
(968, '2026-02-26 14:24:56', 1, 'h4rket2j37eies0611ha1ong6c', '200.8.212.43', 'Mozilla/5.0 (Windows NT 10.0; Win64; x64) AppleWebKit/537.36 (KHTML, like Gecko) Chrome/145.0.0.0 Safari/537.36', 'desktop', 'Windows', 'USUARIOS', 'DELETE', 'Se ha desactivado al usuario con ID: 18', NULL, NULL, NULL, NULL, NULL, '/diplomatic/public/users/delete', 'POST', NULL, NULL, 'WARNING', 0, 0, '846058324d96eaea', 'BACKEND', 'DEV', '1.0.0'),
(969, '2026-02-26 14:25:15', 1, 'h4rket2j37eies0611ha1ong6c', '200.8.212.43', 'Mozilla/5.0 (Windows NT 10.0; Win64; x64) AppleWebKit/537.36 (KHTML, like Gecko) Chrome/145.0.0.0 Safari/537.36', 'desktop', 'Windows', 'SEGURIDAD', 'ACTIVAR', 'Se ha activado al usuario con ID: 18 (gorgepereira@gmail.com)', 'tbl_users', 18, 'UPDATE', NULL, NULL, '/diplomatic/public/UserSecurityController/updateStatus', 'POST', NULL, NULL, 'NORMAL', 0, 0, '196b6b9382601662', 'BACKEND', 'DEV', '1.0.0'),
(970, '2026-02-26 14:26:09', 1, 'h4rket2j37eies0611ha1ong6c', '200.8.212.43', 'Mozilla/5.0 (Windows NT 10.0; Win64; x64) AppleWebKit/537.36 (KHTML, like Gecko) Chrome/145.0.0.0 Safari/537.36', 'desktop', 'Windows', 'AUTH', 'LOGOUT', 'Cierre de sesión manual: ADMIN GENERAL', NULL, NULL, NULL, NULL, NULL, '/diplomatic/public/logout', 'GET', NULL, NULL, 'NORMAL', 0, 0, '373212b340e0cfff', 'BACKEND', 'DEV', '1.0.0'),
(971, '2026-02-26 14:30:58', NULL, '1s3lmqcuha9g8shfvha1832b68', '200.8.212.43', 'Mozilla/5.0 (Windows NT 10.0; Win64; x64) AppleWebKit/537.36 (KHTML, like Gecko) Chrome/145.0.0.0 Safari/537.36', 'desktop', 'Windows', 'REGISTER', 'VALIDATE_PHONE_FORMAT', 'Validando registro con formato profesional: (+58)-(424)-(536-5380)', NULL, NULL, NULL, NULL, NULL, '/diplomatic/public/register/submit', 'POST', NULL, NULL, 'NORMAL', 0, 0, 'f91f2997a39a512c', 'BACKEND', 'DEV', '1.0.0'),
(972, '2026-02-26 14:42:10', NULL, '1s3lmqcuha9g8shfvha1832b68', '200.8.212.43', 'Mozilla/5.0 (Windows NT 10.0; Win64; x64) AppleWebKit/537.36 (KHTML, like Gecko) Chrome/145.0.0.0 Safari/537.36', 'desktop', 'Windows', 'REGISTER', 'VALIDATE_PHONE_FORMAT', 'Validando registro con formato profesional: (+58)-(414)-(536-5380)', NULL, NULL, NULL, NULL, NULL, '/diplomatic/public/register/submit', 'POST', NULL, NULL, 'NORMAL', 0, 0, '82e7e55f3a432603', 'BACKEND', 'DEV', '1.0.0'),
(973, '2026-02-26 14:42:41', NULL, '1s3lmqcuha9g8shfvha1832b68', '200.8.212.43', 'Mozilla/5.0 (Windows NT 10.0; Win64; x64) AppleWebKit/537.36 (KHTML, like Gecko) Chrome/145.0.0.0 Safari/537.36', 'desktop', 'Windows', 'AUTH', 'LOGIN_FAILED', 'Intento fallido para: gorge', NULL, NULL, NULL, NULL, NULL, '/diplomatic/public/login', 'POST', NULL, NULL, 'SECURITY', 0, 0, 'c11d87623a2f1e5f', 'BACKEND', 'DEV', '1.0.0'),
(974, '2026-02-26 14:42:47', 20, '1s3lmqcuha9g8shfvha1832b68', '200.8.212.43', 'Mozilla/5.0 (Windows NT 10.0; Win64; x64) AppleWebKit/537.36 (KHTML, like Gecko) Chrome/145.0.0.0 Safari/537.36', 'desktop', 'Windows', 'AUTH', 'LOGIN', 'Inicio de sesión exitoso: JORGE LUIS PEREIRA OLIVARES', NULL, NULL, NULL, NULL, NULL, '/diplomatic/public/login', 'POST', NULL, NULL, '', 0, 0, 'f5e7b7a58e1612e8', 'BACKEND', 'DEV', '1.0.0'),
(975, '2026-02-26 14:42:55', 20, '1s3lmqcuha9g8shfvha1832b68', '200.8.212.43', 'Mozilla/5.0 (Windows NT 10.0; Win64; x64) AppleWebKit/537.36 (KHTML, like Gecko) Chrome/145.0.0.0 Safari/537.36', 'desktop', 'Windows', 'AUTH', 'LOGOUT', 'Cierre de sesión manual: JORGE LUIS PEREIRA OLIVARES', NULL, NULL, NULL, NULL, NULL, '/diplomatic/public/logout', 'GET', NULL, NULL, 'NORMAL', 0, 0, '13e89a27e6c81851', 'BACKEND', 'DEV', '1.0.0'),
(976, '2026-02-26 14:47:34', NULL, '59sgpbbm6gov7avpvbj9t8it66', '200.8.212.43', 'Mozilla/5.0 (Windows NT 10.0; Win64; x64) AppleWebKit/537.36 (KHTML, like Gecko) Chrome/145.0.0.0 Safari/537.36', 'desktop', 'Windows', 'AUTH', 'RECOVERY_REQUEST', 'Solicitud de recuperación de clave para el usuario ID: 20', NULL, NULL, NULL, NULL, NULL, '/diplomatic/public/forgot-password/submit', 'POST', NULL, NULL, 'NORMAL', 0, 0, 'e1bb8a2b83efdccc', 'BACKEND', 'DEV', '1.0.0'),
(977, '2026-02-26 14:47:53', NULL, '59sgpbbm6gov7avpvbj9t8it66', '200.8.212.43', 'Mozilla/5.0 (Windows NT 10.0; Win64; x64) AppleWebKit/537.36 (KHTML, like Gecko) Chrome/145.0.0.0 Safari/537.36', 'desktop', 'Windows', 'AUTH', 'PASSWORD_RESET', 'Contraseña restablecida exitosamente para usuario ID: 20', NULL, NULL, NULL, NULL, NULL, '/diplomatic/public/register/create-password', 'POST', NULL, NULL, 'NORMAL', 0, 0, '66736063cc1476d3', 'BACKEND', 'DEV', '1.0.0'),
(978, '2026-02-26 14:48:04', 20, '59sgpbbm6gov7avpvbj9t8it66', '200.8.212.43', 'Mozilla/5.0 (Windows NT 10.0; Win64; x64) AppleWebKit/537.36 (KHTML, like Gecko) Chrome/145.0.0.0 Safari/537.36', 'desktop', 'Windows', 'AUTH', 'LOGIN', 'Inicio de sesión exitoso: JORGE LUIS PEREIRA OLIVARES', NULL, NULL, NULL, NULL, NULL, '/diplomatic/public/login', 'POST', NULL, NULL, '', 0, 0, '1ab3e25c0b4f1540', 'BACKEND', 'DEV', '1.0.0'),
(979, '2026-02-26 14:48:07', 20, '59sgpbbm6gov7avpvbj9t8it66', '200.8.212.43', 'Mozilla/5.0 (Windows NT 10.0; Win64; x64) AppleWebKit/537.36 (KHTML, like Gecko) Chrome/145.0.0.0 Safari/537.36', 'desktop', 'Windows', 'AUTH', 'LOGOUT', 'Cierre de sesión manual: JORGE LUIS PEREIRA OLIVARES', NULL, NULL, NULL, NULL, NULL, '/diplomatic/public/logout', 'GET', NULL, NULL, 'NORMAL', 0, 0, '215f46957c0ab2c2', 'BACKEND', 'DEV', '1.0.0'),
(980, '2026-02-26 14:48:48', NULL, 'ke5tem4c82i6ec8k557tqjn25s', '200.8.212.43', 'Mozilla/5.0 (Windows NT 10.0; Win64; x64) AppleWebKit/537.36 (KHTML, like Gecko) Chrome/145.0.0.0 Safari/537.36', 'desktop', 'Windows', 'AUTH', 'LOGIN_FAILED', 'Intento fallido para: gorgepereira@gmail.com', NULL, NULL, NULL, NULL, NULL, '/diplomatic/public/login', 'POST', NULL, NULL, 'SECURITY', 0, 0, '4f7d94e2fe06872e', 'BACKEND', 'DEV', '1.0.0'),
(981, '2026-02-26 14:48:56', 20, 'ke5tem4c82i6ec8k557tqjn25s', '200.8.212.43', 'Mozilla/5.0 (Windows NT 10.0; Win64; x64) AppleWebKit/537.36 (KHTML, like Gecko) Chrome/145.0.0.0 Safari/537.36', 'desktop', 'Windows', 'AUTH', 'LOGIN', 'Inicio de sesión exitoso: JORGE LUIS PEREIRA OLIVARES', NULL, NULL, NULL, NULL, NULL, '/diplomatic/public/login', 'POST', NULL, NULL, '', 0, 0, '3e4496abd80bb107', 'BACKEND', 'DEV', '1.0.0'),
(982, '2026-02-26 14:49:17', 20, 'ke5tem4c82i6ec8k557tqjn25s', '200.8.212.43', 'Mozilla/5.0 (Windows NT 10.0; Win64; x64) AppleWebKit/537.36 (KHTML, like Gecko) Chrome/145.0.0.0 Safari/537.36', 'desktop', 'Windows', 'PROFILE_SECURITY', 'CHANGE_PASSWORD_SUCCESS', 'Contraseña actualizada tras validar identidad previa', NULL, NULL, NULL, NULL, NULL, '/diplomatic/public/profile/change-password', 'POST', NULL, NULL, 'WARNING', 0, 0, 'e42d6406a689c3ca', 'BACKEND', 'DEV', '1.0.0'),
(983, '2026-02-26 14:49:30', 20, 'ke5tem4c82i6ec8k557tqjn25s', '200.8.212.43', 'Mozilla/5.0 (Windows NT 10.0; Win64; x64) AppleWebKit/537.36 (KHTML, like Gecko) Chrome/145.0.0.0 Safari/537.36', 'desktop', 'Windows', 'AUTH', 'LOGOUT', 'Cierre de sesión manual: JORGE LUIS PEREIRA OLIVARES', NULL, NULL, NULL, NULL, NULL, '/diplomatic/public/logout', 'GET', NULL, NULL, 'NORMAL', 0, 0, 'bcd2ba989c225392', 'BACKEND', 'DEV', '1.0.0'),
(984, '2026-02-26 14:49:48', 20, 'prdl18leoks5rtlovek6jfcm8t', '200.8.212.43', 'Mozilla/5.0 (Windows NT 10.0; Win64; x64) AppleWebKit/537.36 (KHTML, like Gecko) Chrome/145.0.0.0 Safari/537.36', 'desktop', 'Windows', 'AUTH', 'LOGIN', 'Inicio de sesión exitoso: JORGE LUIS PEREIRA OLIVARES', NULL, NULL, NULL, NULL, NULL, '/diplomatic/public/login', 'POST', NULL, NULL, '', 0, 0, '9e34c7f8b97e937b', 'BACKEND', 'DEV', '1.0.0'),
(985, '2026-02-26 14:50:29', 20, 'prdl18leoks5rtlovek6jfcm8t', '200.8.212.43', 'Mozilla/5.0 (Windows NT 10.0; Win64; x64) AppleWebKit/537.36 (KHTML, like Gecko) Chrome/145.0.0.0 Safari/537.36', 'desktop', 'Windows', 'PROFILE', 'UPDATE', 'El usuario actualizó sus datos profesionales y foto de perfil', NULL, NULL, NULL, NULL, NULL, '/diplomatic/public/profile/update', 'POST', NULL, NULL, '', 0, 0, '44ecdd2ebc4781e2', 'BACKEND', 'DEV', '1.0.0'),
(986, '2026-02-26 14:53:57', 20, 'prdl18leoks5rtlovek6jfcm8t', '200.8.212.43', 'Mozilla/5.0 (Windows NT 10.0; Win64; x64) AppleWebKit/537.36 (KHTML, like Gecko) Chrome/145.0.0.0 Safari/537.36', 'desktop', 'Windows', 'PROFILE', 'UPDATE', 'El usuario actualizó sus datos profesionales y foto de perfil', NULL, NULL, NULL, NULL, NULL, '/diplomatic/public/profile/update', 'POST', NULL, NULL, '', 0, 0, '90130de241d67dfc', 'BACKEND', 'DEV', '1.0.0'),
(987, '2026-02-26 14:54:05', 20, 'prdl18leoks5rtlovek6jfcm8t', '200.8.212.43', 'Mozilla/5.0 (Windows NT 10.0; Win64; x64) AppleWebKit/537.36 (KHTML, like Gecko) Chrome/145.0.0.0 Safari/537.36', 'desktop', 'Windows', 'PROFILE', 'UPDATE', 'El usuario actualizó sus datos profesionales y foto de perfil', NULL, NULL, NULL, NULL, NULL, '/diplomatic/public/profile/update', 'POST', NULL, NULL, '', 0, 0, 'dfa828649b86d7eb', 'BACKEND', 'DEV', '1.0.0');
INSERT INTO `tbl_audit_logs` (`log_id`, `created_at`, `user_id`, `session_id`, `ip_address`, `user_agent`, `device`, `os`, `module`, `action`, `description`, `entity`, `entity_id`, `db_action`, `data_before`, `data_after`, `endpoint`, `http_method`, `status_code`, `response_time_ms`, `event_type`, `is_failed_attempt`, `is_critical`, `request_id`, `event_origin`, `environment`, `app_version`) VALUES
(988, '2026-02-26 14:54:21', 20, 'prdl18leoks5rtlovek6jfcm8t', '200.8.212.43', 'Mozilla/5.0 (Windows NT 10.0; Win64; x64) AppleWebKit/537.36 (KHTML, like Gecko) Chrome/145.0.0.0 Safari/537.36', 'desktop', 'Windows', 'PROFILE_SECURITY', 'CHANGE_PASSWORD_SUCCESS', 'Contraseña actualizada tras validar identidad previa', NULL, NULL, NULL, NULL, NULL, '/diplomatic/public/profile/change-password', 'POST', NULL, NULL, 'WARNING', 0, 0, 'f170cd6776ed9837', 'BACKEND', 'DEV', '1.0.0'),
(989, '2026-02-26 14:56:36', 20, 'prdl18leoks5rtlovek6jfcm8t', '200.8.212.43', 'Mozilla/5.0 (Windows NT 10.0; Win64; x64) AppleWebKit/537.36 (KHTML, like Gecko) Chrome/145.0.0.0 Safari/537.36', 'desktop', 'Windows', 'PROFILE_SECURITY', 'CHANGE_PASSWORD_SUCCESS', 'Contraseña actualizada tras validar identidad previa', NULL, NULL, NULL, NULL, NULL, '/diplomatic/public/profile/change-password', 'POST', NULL, NULL, 'WARNING', 0, 0, 'db0e96f6446ea629', 'BACKEND', 'DEV', '1.0.0'),
(990, '2026-02-26 14:57:22', 20, 'prdl18leoks5rtlovek6jfcm8t', '200.8.212.43', 'Mozilla/5.0 (Windows NT 10.0; Win64; x64) AppleWebKit/537.36 (KHTML, like Gecko) Chrome/145.0.0.0 Safari/537.36', 'desktop', 'Windows', 'PROFILE_SECURITY', 'CHANGE_PASSWORD_SUCCESS', 'Contraseña actualizada tras validar identidad previa', NULL, NULL, NULL, NULL, NULL, '/diplomatic/public/profile/change-password', 'POST', NULL, NULL, 'WARNING', 0, 0, 'f970e0346553e695', 'BACKEND', 'DEV', '1.0.0'),
(991, '2026-02-26 14:58:48', 20, 'prdl18leoks5rtlovek6jfcm8t', '200.8.212.43', 'Mozilla/5.0 (Windows NT 10.0; Win64; x64) AppleWebKit/537.36 (KHTML, like Gecko) Chrome/145.0.0.0 Safari/537.36', 'desktop', 'Windows', 'PROFILE_SECURITY', 'CHANGE_PASSWORD_SUCCESS', 'Contraseña actualizada tras validar identidad previa', NULL, NULL, NULL, NULL, NULL, '/diplomatic/public/profile/change-password', 'POST', NULL, NULL, 'WARNING', 0, 0, '832f1e503a6e3ff6', 'BACKEND', 'DEV', '1.0.0'),
(992, '2026-02-26 15:04:28', 20, 'prdl18leoks5rtlovek6jfcm8t', '200.8.212.43', 'Mozilla/5.0 (Windows NT 10.0; Win64; x64) AppleWebKit/537.36 (KHTML, like Gecko) Chrome/145.0.0.0 Safari/537.36', 'desktop', 'Windows', 'AUTH', 'LOGOUT', 'Cierre de sesión manual: JORGE LUIS PEREIRA OLIVARES', NULL, NULL, NULL, NULL, NULL, '/diplomatic/public/logout', 'GET', NULL, NULL, 'NORMAL', 0, 0, 'caf22846482e9616', 'BACKEND', 'DEV', '1.0.0'),
(993, '2026-02-26 15:04:38', 1, 'p38iej6gn54tro3in26j5anu36', '200.8.212.43', 'Mozilla/5.0 (Windows NT 10.0; Win64; x64) AppleWebKit/537.36 (KHTML, like Gecko) Chrome/145.0.0.0 Safari/537.36', 'desktop', 'Windows', 'AUTH', 'LOGIN', 'Inicio de sesión exitoso: ADMIN GENERAL', NULL, NULL, NULL, NULL, NULL, '/diplomatic/public/login', 'POST', NULL, NULL, '', 0, 0, '5e0378c086dcf067', 'BACKEND', 'DEV', '1.0.0'),
(994, '2026-02-26 15:08:58', 1, 'p38iej6gn54tro3in26j5anu36', '200.8.212.43', 'Mozilla/5.0 (Windows NT 10.0; Win64; x64) AppleWebKit/537.36 (KHTML, like Gecko) Chrome/145.0.0.0 Safari/537.36', 'desktop', 'Windows', 'SETTINGS_EMAIL', 'ACCESS', 'Acceso al módulo independiente de correo', NULL, NULL, NULL, NULL, NULL, '/diplomatic/public/settings/correo', 'GET', NULL, NULL, 'NORMAL', 0, 0, '7b5d1295ab6f641b', 'BACKEND', 'DEV', '1.0.0'),
(995, '2026-02-26 15:09:27', 1, 'p38iej6gn54tro3in26j5anu36', '200.8.212.43', 'Mozilla/5.0 (Windows NT 10.0; Win64; x64) AppleWebKit/537.36 (KHTML, like Gecko) Chrome/145.0.0.0 Safari/537.36', 'desktop', 'Windows', 'SETTINGS_EMAIL', 'ACCESS', 'Acceso al módulo independiente de correo', NULL, NULL, NULL, NULL, NULL, '/diplomatic/public/settings/correo', 'GET', NULL, NULL, 'NORMAL', 0, 0, '3db17342a45f5d42', 'BACKEND', 'DEV', '1.0.0'),
(996, '2026-02-26 15:09:30', 1, 'p38iej6gn54tro3in26j5anu36', '200.8.212.43', 'Mozilla/5.0 (Windows NT 10.0; Win64; x64) AppleWebKit/537.36 (KHTML, like Gecko) Chrome/145.0.0.0 Safari/537.36', 'desktop', 'Windows', 'SETTINGS_EMAIL', 'UPDATE_CONFIG', 'Se actualizó la configuración de correo: INSCRIPCION', NULL, NULL, NULL, NULL, NULL, '/diplomatic/public/settings/save-correo', 'POST', NULL, NULL, 'WARNING', 0, 0, '05dc60f90121dd1d', 'BACKEND', 'DEV', '1.0.0'),
(997, '2026-02-26 15:09:56', 1, 'p38iej6gn54tro3in26j5anu36', '200.8.212.43', 'Mozilla/5.0 (Windows NT 10.0; Win64; x64) AppleWebKit/537.36 (KHTML, like Gecko) Chrome/145.0.0.0 Safari/537.36', 'desktop', 'Windows', 'SETTINGS_EMAIL', 'ACCESS', 'Acceso al módulo independiente de correo', NULL, NULL, NULL, NULL, NULL, '/diplomatic/public/settings/correo', 'GET', NULL, NULL, 'NORMAL', 0, 0, 'cc8b14be97966460', 'BACKEND', 'DEV', '1.0.0'),
(998, '2026-02-26 15:10:09', 1, 'p38iej6gn54tro3in26j5anu36', '200.8.212.43', 'Mozilla/5.0 (Windows NT 10.0; Win64; x64) AppleWebKit/537.36 (KHTML, like Gecko) Chrome/145.0.0.0 Safari/537.36', 'desktop', 'Windows', 'SETTINGS_EMAIL', 'ACCESS', 'Acceso al módulo independiente de correo', NULL, NULL, NULL, NULL, NULL, '/diplomatic/public/settings/correo', 'GET', NULL, NULL, 'NORMAL', 0, 0, 'ed29d229894eca14', 'BACKEND', 'DEV', '1.0.0'),
(999, '2026-02-26 15:16:09', 1, 'p38iej6gn54tro3in26j5anu36', '200.8.212.43', 'Mozilla/5.0 (Windows NT 10.0; Win64; x64) AppleWebKit/537.36 (KHTML, like Gecko) Chrome/145.0.0.0 Safari/537.36', 'desktop', 'Windows', 'SETTINGS_EMAIL', 'ACCESS', 'Acceso al módulo independiente de correo', NULL, NULL, NULL, NULL, NULL, '/diplomatic/public/settings/correo', 'GET', NULL, NULL, 'NORMAL', 0, 0, 'e743fd40046497f1', 'BACKEND', 'DEV', '1.0.0'),
(1000, '2026-02-26 15:16:44', 1, 'p38iej6gn54tro3in26j5anu36', '200.8.212.43', 'Mozilla/5.0 (Windows NT 10.0; Win64; x64) AppleWebKit/537.36 (KHTML, like Gecko) Chrome/145.0.0.0 Safari/537.36', 'desktop', 'Windows', 'SETTINGS_EMAIL', 'ACCESS', 'Acceso al módulo independiente de correo', NULL, NULL, NULL, NULL, NULL, '/diplomatic/public/settings/correo', 'GET', NULL, NULL, 'NORMAL', 0, 0, '6a0151dbb20b1f76', 'BACKEND', 'DEV', '1.0.0'),
(1001, '2026-02-26 15:19:18', 1, 'p38iej6gn54tro3in26j5anu36', '200.8.212.43', 'Mozilla/5.0 (Windows NT 10.0; Win64; x64) AppleWebKit/537.36 (KHTML, like Gecko) Chrome/145.0.0.0 Safari/537.36', 'desktop', 'Windows', 'SETTINGS_EMAIL', 'ACCESS', 'Acceso al módulo independiente de correo', NULL, NULL, NULL, NULL, NULL, '/diplomatic/public/settings/correo', 'GET', NULL, NULL, 'NORMAL', 0, 0, '558a1460d646c6a7', 'BACKEND', 'DEV', '1.0.0'),
(1002, '2026-02-26 15:24:50', 1, 'p38iej6gn54tro3in26j5anu36', '200.8.212.43', 'Mozilla/5.0 (Windows NT 10.0; Win64; x64) AppleWebKit/537.36 (KHTML, like Gecko) Chrome/145.0.0.0 Safari/537.36', 'desktop', 'Windows', 'SETTINGS_EMAIL', 'ACCESS', 'Acceso al módulo independiente de correo', NULL, NULL, NULL, NULL, NULL, '/diplomatic/public/settings/correo', 'GET', NULL, NULL, 'NORMAL', 0, 0, 'a87080deae4194b8', 'BACKEND', 'DEV', '1.0.0'),
(1003, '2026-02-26 15:26:10', 1, 'p38iej6gn54tro3in26j5anu36', '200.8.212.43', 'Mozilla/5.0 (Windows NT 10.0; Win64; x64) AppleWebKit/537.36 (KHTML, like Gecko) Chrome/145.0.0.0 Safari/537.36', 'desktop', 'Windows', 'SETTINGS_EMAIL', 'ACCESS', 'Acceso al módulo independiente de correo', NULL, NULL, NULL, NULL, NULL, '/diplomatic/public/settings/correo', 'GET', NULL, NULL, 'NORMAL', 0, 0, '0ce755bf4e6207b0', 'BACKEND', 'DEV', '1.0.0'),
(1004, '2026-02-26 15:28:01', 1, 'p38iej6gn54tro3in26j5anu36', '200.8.212.43', 'Mozilla/5.0 (Windows NT 10.0; Win64; x64) AppleWebKit/537.36 (KHTML, like Gecko) Chrome/145.0.0.0 Safari/537.36', 'desktop', 'Windows', 'SETTINGS_EMAIL', 'ACCESS', 'Acceso al módulo independiente de correo', NULL, NULL, NULL, NULL, NULL, '/diplomatic/public/settings/correo', 'GET', NULL, NULL, 'NORMAL', 0, 0, '5d8a6ce9fa339404', 'BACKEND', 'DEV', '1.0.0'),
(1005, '2026-02-26 15:28:22', 1, 'p38iej6gn54tro3in26j5anu36', '200.8.212.43', 'Mozilla/5.0 (Windows NT 10.0; Win64; x64) AppleWebKit/537.36 (KHTML, like Gecko) Chrome/145.0.0.0 Safari/537.36', 'desktop', 'Windows', 'SETTINGS_EMAIL', 'ACCESS', 'Acceso al módulo independiente de correo', NULL, NULL, NULL, NULL, NULL, '/diplomatic/public/settings/correo', 'GET', NULL, NULL, 'NORMAL', 0, 0, '8f2f3ebb6334ad75', 'BACKEND', 'DEV', '1.0.0'),
(1006, '2026-02-26 15:37:33', 1, 'p38iej6gn54tro3in26j5anu36', '200.8.212.43', 'Mozilla/5.0 (Windows NT 10.0; Win64; x64) AppleWebKit/537.36 (KHTML, like Gecko) Chrome/145.0.0.0 Safari/537.36', 'desktop', 'Windows', 'SETTINGS_EMAIL', 'ACCESS', 'Acceso al módulo independiente de correo', NULL, NULL, NULL, NULL, NULL, '/diplomatic/public/settings/correo', 'GET', NULL, NULL, 'NORMAL', 0, 0, 'daa2221cb506d901', 'BACKEND', 'DEV', '1.0.0'),
(1007, '2026-02-26 15:37:42', 1, 'p38iej6gn54tro3in26j5anu36', '200.8.212.43', 'Mozilla/5.0 (Windows NT 10.0; Win64; x64) AppleWebKit/537.36 (KHTML, like Gecko) Chrome/145.0.0.0 Safari/537.36', 'desktop', 'Windows', 'SETTINGS_EMAIL', 'TEST_SEND', 'Envío de prueba exitoso a: gorgepereira@gmail.com', NULL, NULL, NULL, NULL, NULL, '/diplomatic/public/settings/test-correo', 'POST', NULL, NULL, '', 0, 0, 'd9ceb161919e6582', 'BACKEND', 'DEV', '1.0.0'),
(1008, '2026-02-26 15:39:31', 1, 'p38iej6gn54tro3in26j5anu36', '200.8.212.43', 'Mozilla/5.0 (Windows NT 10.0; Win64; x64) AppleWebKit/537.36 (KHTML, like Gecko) Chrome/145.0.0.0 Safari/537.36', 'desktop', 'Windows', 'SETTINGS_EMAIL', 'ACCESS', 'Acceso al módulo independiente de correo', NULL, NULL, NULL, NULL, NULL, '/diplomatic/public/settings/correo', 'GET', NULL, NULL, 'NORMAL', 0, 0, '6de5377867984d1f', 'BACKEND', 'DEV', '1.0.0'),
(1009, '2026-02-26 15:40:06', 1, 'p38iej6gn54tro3in26j5anu36', '200.8.212.43', 'Mozilla/5.0 (Windows NT 10.0; Win64; x64) AppleWebKit/537.36 (KHTML, like Gecko) Chrome/145.0.0.0 Safari/537.36', 'desktop', 'Windows', 'SETTINGS_EMAIL', 'UPDATE_CONFIG', 'Se actualizó la configuración de correo: INSCRIPCION', NULL, NULL, NULL, NULL, NULL, '/diplomatic/public/settings/save-correo', 'POST', NULL, NULL, 'WARNING', 0, 0, '14bfa21793f510a0', 'BACKEND', 'DEV', '1.0.0'),
(1010, '2026-02-26 15:40:38', 1, 'p38iej6gn54tro3in26j5anu36', '200.8.212.43', 'Mozilla/5.0 (Windows NT 10.0; Win64; x64) AppleWebKit/537.36 (KHTML, like Gecko) Chrome/145.0.0.0 Safari/537.36', 'desktop', 'Windows', 'SETTINGS_WP', 'ACCESS_INDEX', 'Ingresó al panel de configuración de WordPress (JWT).', NULL, NULL, NULL, NULL, NULL, '/diplomatic/public/settings/wordpress', 'GET', NULL, NULL, 'NORMAL', 0, 0, '1ab45f75ef5bbd74', 'BACKEND', 'DEV', '1.0.0'),
(1011, '2026-02-26 15:40:42', 1, 'p38iej6gn54tro3in26j5anu36', '200.8.212.43', 'Mozilla/5.0 (Windows NT 10.0; Win64; x64) AppleWebKit/537.36 (KHTML, like Gecko) Chrome/145.0.0.0 Safari/537.36', 'desktop', 'Windows', 'SETTINGS_COMPANY', 'ACCESS', 'User accessed the company profile', NULL, NULL, NULL, NULL, NULL, '/diplomatic/public/settings/empresa', 'GET', NULL, NULL, 'NORMAL', 0, 0, '6a3fe7011b51668f', 'BACKEND', 'DEV', '1.0.0'),
(1012, '2026-02-26 15:40:44', 1, 'p38iej6gn54tro3in26j5anu36', '200.8.212.43', 'Mozilla/5.0 (Windows NT 10.0; Win64; x64) AppleWebKit/537.36 (KHTML, like Gecko) Chrome/145.0.0.0 Safari/537.36', 'desktop', 'Windows', 'SETTINGS_COMPANY', 'UPDATE', 'Updated institutional identity data', NULL, NULL, NULL, NULL, NULL, '/diplomatic/public/settings/empresa/save', 'POST', NULL, NULL, 'WARNING', 0, 0, '82f1d0297833285a', 'BACKEND', 'DEV', '1.0.0'),
(1013, '2026-02-26 15:40:50', 1, 'p38iej6gn54tro3in26j5anu36', '200.8.212.43', 'Mozilla/5.0 (Windows NT 10.0; Win64; x64) AppleWebKit/537.36 (KHTML, like Gecko) Chrome/145.0.0.0 Safari/537.36', 'desktop', 'Windows', 'WHATSAPP', 'ACCESS', 'El usuario accedió al panel de configuración de WhatsApp Manual', NULL, NULL, NULL, NULL, NULL, '/diplomatic/public/settings/whatsapp', 'GET', NULL, NULL, 'NORMAL', 0, 0, '5dd3e21c1c19b04d', 'BACKEND', 'DEV', '1.0.0'),
(1014, '2026-02-26 15:51:08', 1, 'p38iej6gn54tro3in26j5anu36', '200.8.212.43', 'Mozilla/5.0 (Windows NT 10.0; Win64; x64) AppleWebKit/537.36 (KHTML, like Gecko) Chrome/145.0.0.0 Safari/537.36', 'desktop', 'Windows', 'SETTINGS_EMAIL', 'ACCESS', 'Acceso al módulo independiente de correo', NULL, NULL, NULL, NULL, NULL, '/diplomatic/public/settings/correo', 'GET', NULL, NULL, 'NORMAL', 0, 0, '50b4699fe258c60b', 'BACKEND', 'DEV', '1.0.0'),
(1015, '2026-02-26 15:51:09', 1, 'p38iej6gn54tro3in26j5anu36', '200.8.212.43', 'Mozilla/5.0 (Windows NT 10.0; Win64; x64) AppleWebKit/537.36 (KHTML, like Gecko) Chrome/145.0.0.0 Safari/537.36', 'desktop', 'Windows', 'SETTINGS_EMAIL', 'UPDATE_CONFIG', 'Se actualizó la configuración de correo: INSCRIPCION', NULL, NULL, NULL, NULL, NULL, '/diplomatic/public/settings/save-correo', 'POST', NULL, NULL, 'WARNING', 0, 0, '8c0dae9f161c5701', 'BACKEND', 'DEV', '1.0.0'),
(1016, '2026-02-26 15:51:14', 1, 'p38iej6gn54tro3in26j5anu36', '200.8.212.43', 'Mozilla/5.0 (Windows NT 10.0; Win64; x64) AppleWebKit/537.36 (KHTML, like Gecko) Chrome/145.0.0.0 Safari/537.36', 'desktop', 'Windows', 'SETTINGS_COMPANY', 'ACCESS', 'User accessed the company profile', NULL, NULL, NULL, NULL, NULL, '/diplomatic/public/settings/empresa', 'GET', NULL, NULL, 'NORMAL', 0, 0, '4af0314faa0697a1', 'BACKEND', 'DEV', '1.0.0'),
(1017, '2026-02-26 15:51:19', 1, 'p38iej6gn54tro3in26j5anu36', '200.8.212.43', 'Mozilla/5.0 (Windows NT 10.0; Win64; x64) AppleWebKit/537.36 (KHTML, like Gecko) Chrome/145.0.0.0 Safari/537.36', 'desktop', 'Windows', 'SETTINGS_COMPANY', 'UPDATE', 'Updated institutional identity data', NULL, NULL, NULL, NULL, NULL, '/diplomatic/public/settings/empresa/save', 'POST', NULL, NULL, 'WARNING', 0, 0, '50b1e2558c26bf92', 'BACKEND', 'DEV', '1.0.0'),
(1018, '2026-02-26 15:52:59', 1, 'p38iej6gn54tro3in26j5anu36', '200.8.212.43', 'Mozilla/5.0 (Windows NT 10.0; Win64; x64) AppleWebKit/537.36 (KHTML, like Gecko) Chrome/145.0.0.0 Safari/537.36', 'desktop', 'Windows', 'SETTINGS_COMPANY', 'ACCESS', 'User accessed the company profile', NULL, NULL, NULL, NULL, NULL, '/diplomatic/public/settings/empresa', 'GET', NULL, NULL, 'NORMAL', 0, 0, '8a7f32efcb666bd7', 'BACKEND', 'DEV', '1.0.0'),
(1019, '2026-02-26 15:53:02', 1, 'p38iej6gn54tro3in26j5anu36', '200.8.212.43', 'Mozilla/5.0 (Windows NT 10.0; Win64; x64) AppleWebKit/537.36 (KHTML, like Gecko) Chrome/145.0.0.0 Safari/537.36', 'desktop', 'Windows', 'SETTINGS_COMPANY', 'UPDATE', 'Updated institutional identity data', NULL, NULL, NULL, NULL, NULL, '/diplomatic/public/settings/empresa/save', 'POST', NULL, NULL, 'WARNING', 0, 0, '51a847209a87390e', 'BACKEND', 'DEV', '1.0.0'),
(1020, '2026-02-26 15:53:11', 1, 'p38iej6gn54tro3in26j5anu36', '200.8.212.43', 'Mozilla/5.0 (Windows NT 10.0; Win64; x64) AppleWebKit/537.36 (KHTML, like Gecko) Chrome/145.0.0.0 Safari/537.36', 'desktop', 'Windows', 'WHATSAPP', 'ACCESS', 'El usuario accedió al panel de configuración de WhatsApp Manual', NULL, NULL, NULL, NULL, NULL, '/diplomatic/public/settings/whatsapp', 'GET', NULL, NULL, 'NORMAL', 0, 0, '5c1a72b0424df40d', 'BACKEND', 'DEV', '1.0.0'),
(1021, '2026-02-26 15:53:15', 1, 'p38iej6gn54tro3in26j5anu36', '200.8.212.43', 'Mozilla/5.0 (Windows NT 10.0; Win64; x64) AppleWebKit/537.36 (KHTML, like Gecko) Chrome/145.0.0.0 Safari/537.36', 'desktop', 'Windows', 'WHATSAPP', 'UPDATE_TEMPLATE', 'Se actualizó la plantilla del evento: INSCRIPCION (Estado: Activo)', NULL, NULL, NULL, NULL, NULL, '/diplomatic/public/settings/whatsapp/save-template', 'POST', NULL, NULL, 'WARNING', 0, 0, '189385859a17436b', 'BACKEND', 'DEV', '1.0.0'),
(1022, '2026-02-26 15:53:40', 1, 'p38iej6gn54tro3in26j5anu36', '200.8.212.43', 'Mozilla/5.0 (Windows NT 10.0; Win64; x64) AppleWebKit/537.36 (KHTML, like Gecko) Chrome/145.0.0.0 Safari/537.36', 'desktop', 'Windows', 'USUARIOS', 'UPDATE', 'Se actualizó al usuario: JORGE LUIS PEREIRA OLIVARES (ID: 20)', NULL, NULL, NULL, NULL, NULL, '/diplomatic/public/users/save', 'POST', NULL, NULL, 'NORMAL', 0, 0, 'bd3af8a617f90b59', 'BACKEND', 'DEV', '1.0.0'),
(1023, '2026-02-26 15:59:22', 1, 'p38iej6gn54tro3in26j5anu36', '200.8.212.43', 'Mozilla/5.0 (Windows NT 10.0; Win64; x64) AppleWebKit/537.36 (KHTML, like Gecko) Chrome/145.0.0.0 Safari/537.36', 'desktop', 'Windows', 'USUARIOS', 'UPDATE', 'Se actualizó al usuario: JORGE LUIS PEREIRA OLIVARES (ID: 20)', NULL, NULL, NULL, NULL, NULL, '/diplomatic/public/users/save', 'POST', NULL, NULL, 'NORMAL', 0, 0, '272f1e6df5f657e2', 'BACKEND', 'DEV', '1.0.0'),
(1024, '2026-02-26 15:59:36', 1, 'p38iej6gn54tro3in26j5anu36', '200.8.212.43', 'Mozilla/5.0 (Windows NT 10.0; Win64; x64) AppleWebKit/537.36 (KHTML, like Gecko) Chrome/145.0.0.0 Safari/537.36', 'desktop', 'Windows', 'SEGURIDAD', 'DESACTIVAR', 'Se ha desactivado al usuario con ID: 20 (gorgepereira@gmail.com)', 'tbl_users', 20, 'UPDATE', NULL, NULL, '/diplomatic/public/UserSecurityController/updateStatus', 'POST', NULL, NULL, 'NORMAL', 0, 0, '00fd6db47957e6ba', 'BACKEND', 'DEV', '1.0.0'),
(1025, '2026-02-26 15:59:41', 1, 'p38iej6gn54tro3in26j5anu36', '200.8.212.43', 'Mozilla/5.0 (Windows NT 10.0; Win64; x64) AppleWebKit/537.36 (KHTML, like Gecko) Chrome/145.0.0.0 Safari/537.36', 'desktop', 'Windows', 'SEGURIDAD', 'ACTIVAR', 'Se ha activado al usuario con ID: 20 (gorgepereira@gmail.com)', 'tbl_users', 20, 'UPDATE', NULL, NULL, '/diplomatic/public/UserSecurityController/updateStatus', 'POST', NULL, NULL, 'NORMAL', 0, 0, '8d97ca7a9ba99f71', 'BACKEND', 'DEV', '1.0.0'),
(1026, '2026-02-26 18:25:50', 1, 'p38iej6gn54tro3in26j5anu36', '200.8.212.43', 'Mozilla/5.0 (Windows NT 10.0; Win64; x64) AppleWebKit/537.36 (KHTML, like Gecko) Chrome/145.0.0.0 Safari/537.36', 'desktop', 'Windows', 'USUARIOS', 'DELETE', 'Se ha desactivado al usuario con ID: 6', NULL, NULL, NULL, NULL, NULL, '/diplomatic/public/users/delete', 'POST', NULL, NULL, 'WARNING', 0, 0, '1a5da621b6253616', 'BACKEND', 'DEV', '1.0.0'),
(1027, '2026-02-26 18:27:39', 1, 'p38iej6gn54tro3in26j5anu36', '200.8.212.43', 'Mozilla/5.0 (Windows NT 10.0; Win64; x64) AppleWebKit/537.36 (KHTML, like Gecko) Chrome/145.0.0.0 Safari/537.36', 'desktop', 'Windows', 'USUARIOS', 'UPDATE', 'Se actualizó al usuario: JORGE LUIS PEREIRA OLIVARES (ID: 20)', NULL, NULL, NULL, NULL, NULL, '/diplomatic/public/users/save', 'POST', NULL, NULL, 'NORMAL', 0, 0, '8c99a9ce222e5544', 'BACKEND', 'DEV', '1.0.0'),
(1028, '2026-02-26 18:35:41', 1, 'p38iej6gn54tro3in26j5anu36', '200.8.212.43', 'Mozilla/5.0 (Windows NT 10.0; Win64; x64) AppleWebKit/537.36 (KHTML, like Gecko) Chrome/145.0.0.0 Safari/537.36', 'desktop', 'Windows', 'SEGURIDAD', 'ELIMINAR_FISICO', 'Eliminación definitiva del usuario ID: 6', 'tbl_users', 6, 'DELETE', NULL, NULL, '/diplomatic/public/UserSecurity/deletePhysical', 'POST', NULL, NULL, 'NORMAL', 0, 0, 'c0a40fbc6000b1f1', 'BACKEND', 'DEV', '1.0.0'),
(1029, '2026-02-26 18:35:56', 1, 'p38iej6gn54tro3in26j5anu36', '200.8.212.43', 'Mozilla/5.0 (Windows NT 10.0; Win64; x64) AppleWebKit/537.36 (KHTML, like Gecko) Chrome/145.0.0.0 Safari/537.36', 'desktop', 'Windows', 'SEGURIDAD', 'RESET_PASSWORD', 'Se ha actualizado la contraseña del usuario: gorgepereira@gmail.com (ID: 20)', 'tbl_users', 20, 'UPDATE', NULL, NULL, '/diplomatic/public/UserSecurity/updatePassword', 'POST', NULL, NULL, 'NORMAL', 0, 0, 'b3c0079782546d2b', 'BACKEND', 'DEV', '1.0.0'),
(1030, '2026-02-26 18:36:00', 1, 'p38iej6gn54tro3in26j5anu36', '200.8.212.43', 'Mozilla/5.0 (Windows NT 10.0; Win64; x64) AppleWebKit/537.36 (KHTML, like Gecko) Chrome/145.0.0.0 Safari/537.36', 'desktop', 'Windows', 'SEGURIDAD', 'INACTIVAR', 'Se ha inactivado al usuario con ID: 20 (gorgepereira@gmail.com)', 'tbl_users', 20, 'UPDATE', NULL, NULL, '/diplomatic/public/UserSecurity/updateStatus', 'POST', NULL, NULL, 'NORMAL', 0, 0, 'b6dde27ac39f12c0', 'BACKEND', 'DEV', '1.0.0'),
(1031, '2026-02-26 18:36:03', 1, 'p38iej6gn54tro3in26j5anu36', '200.8.212.43', 'Mozilla/5.0 (Windows NT 10.0; Win64; x64) AppleWebKit/537.36 (KHTML, like Gecko) Chrome/145.0.0.0 Safari/537.36', 'desktop', 'Windows', 'SEGURIDAD', 'ACTIVAR', 'Se ha activado al usuario con ID: 20 (gorgepereira@gmail.com)', 'tbl_users', 20, 'UPDATE', NULL, NULL, '/diplomatic/public/UserSecurity/updateStatus', 'POST', NULL, NULL, 'NORMAL', 0, 0, '8878bc35a5af4b2c', 'BACKEND', 'DEV', '1.0.0'),
(1032, '2026-02-26 18:36:36', 1, 'p38iej6gn54tro3in26j5anu36', '200.8.212.43', 'Mozilla/5.0 (Windows NT 10.0; Win64; x64) AppleWebKit/537.36 (KHTML, like Gecko) Chrome/145.0.0.0 Safari/537.36', 'desktop', 'Windows', 'AUTH', 'LOGOUT', 'Cierre de sesión manual: ADMIN GENERAL', NULL, NULL, NULL, NULL, NULL, '/diplomatic/public/logout', 'GET', NULL, NULL, 'NORMAL', 0, 0, 'e62b683688185f70', 'BACKEND', 'DEV', '1.0.0'),
(1033, '2026-02-26 18:36:41', 20, 'ok5ot8rcklghjlqs5gcjfhtca5', '200.8.212.43', 'Mozilla/5.0 (Windows NT 10.0; Win64; x64) AppleWebKit/537.36 (KHTML, like Gecko) Chrome/145.0.0.0 Safari/537.36', 'desktop', 'Windows', 'AUTH', 'LOGIN', 'Inicio de sesión exitoso: JORGE LUIS PEREIRA OLIVARES', NULL, NULL, NULL, NULL, NULL, '/diplomatic/public/login', 'POST', NULL, NULL, '', 0, 0, 'a60c72f7c2cc6c9b', 'BACKEND', 'DEV', '1.0.0'),
(1034, '2026-02-26 18:36:43', 20, 'ok5ot8rcklghjlqs5gcjfhtca5', '200.8.212.43', 'Mozilla/5.0 (Windows NT 10.0; Win64; x64) AppleWebKit/537.36 (KHTML, like Gecko) Chrome/145.0.0.0 Safari/537.36', 'desktop', 'Windows', 'ACADEMIC_MANAGEMENT', 'ACCESS', 'Entró al panel de Gestión Académica.', NULL, NULL, NULL, NULL, NULL, '/diplomatic/public/academic', 'GET', NULL, NULL, 'NORMAL', 0, 0, '414e31794f3ce5f3', 'BACKEND', 'DEV', '1.0.0'),
(1035, '2026-02-26 18:36:55', 20, 'ok5ot8rcklghjlqs5gcjfhtca5', '200.8.212.43', 'Mozilla/5.0 (Windows NT 10.0; Win64; x64) AppleWebKit/537.36 (KHTML, like Gecko) Chrome/145.0.0.0 Safari/537.36', 'desktop', 'Windows', 'ACADEMIC_MANAGEMENT', 'ACCESS', 'Entró al panel de Gestión Académica.', NULL, NULL, NULL, NULL, NULL, '/diplomatic/public/academic', 'GET', NULL, NULL, 'NORMAL', 0, 0, '88f112463f562f49', 'BACKEND', 'DEV', '1.0.0'),
(1036, '2026-02-26 18:36:59', 20, 'ok5ot8rcklghjlqs5gcjfhtca5', '200.8.212.43', 'Mozilla/5.0 (Windows NT 10.0; Win64; x64) AppleWebKit/537.36 (KHTML, like Gecko) Chrome/145.0.0.0 Safari/537.36', 'desktop', 'Windows', 'PROFESORES', 'ACCESS_INDEX', 'El usuario ingresó al directorio maestro de profesores.', NULL, NULL, NULL, NULL, NULL, '/diplomatic/public/academic/profesores', 'GET', NULL, NULL, 'NORMAL', 0, 0, 'c4698e3e561a53f8', 'BACKEND', 'DEV', '1.0.0'),
(1037, '2026-02-26 18:37:15', 20, 'ok5ot8rcklghjlqs5gcjfhtca5', '200.8.212.43', 'Mozilla/5.0 (Windows NT 10.0; Win64; x64) AppleWebKit/537.36 (KHTML, like Gecko) Chrome/145.0.0.0 Safari/537.36', 'desktop', 'Windows', 'PROFESORES', 'VIEW_DETAILS', 'Visualizó la Ficha Resumen del profesor ID: 6', NULL, 6, NULL, NULL, NULL, '/diplomatic/public/academic/profesores/logAccess?action=VIEW_DETAILS&id=6', 'GET', NULL, NULL, 'NORMAL', 0, 0, '592ca31a2d21f2c7', 'BACKEND', 'DEV', '1.0.0'),
(1038, '2026-02-26 18:39:47', 20, 'ok5ot8rcklghjlqs5gcjfhtca5', '200.8.212.43', 'Mozilla/5.0 (Windows NT 10.0; Win64; x64) AppleWebKit/537.36 (KHTML, like Gecko) Chrome/145.0.0.0 Safari/537.36', 'desktop', 'Windows', 'PROFESORES', 'VIEW_DETAILS', 'Visualizó la Ficha Resumen del profesor ID: 6', NULL, 6, NULL, NULL, NULL, '/diplomatic/public/academic/profesores/logAccess?action=VIEW_DETAILS&id=6', 'GET', NULL, NULL, 'NORMAL', 0, 0, '34a7e82c9fa0dc27', 'BACKEND', 'DEV', '1.0.0'),
(1039, '2026-02-26 18:39:50', 20, 'ok5ot8rcklghjlqs5gcjfhtca5', '200.8.212.43', 'Mozilla/5.0 (Windows NT 10.0; Win64; x64) AppleWebKit/537.36 (KHTML, like Gecko) Chrome/145.0.0.0 Safari/537.36', 'desktop', 'Windows', 'PROFESORES', 'VIEW_DETAILS', 'Visualizó la Ficha Resumen del profesor ID: 2', NULL, 2, NULL, NULL, NULL, '/diplomatic/public/academic/profesores/logAccess?action=VIEW_DETAILS&id=2', 'GET', NULL, NULL, 'NORMAL', 0, 0, 'f042537ac508efcc', 'BACKEND', 'DEV', '1.0.0'),
(1040, '2026-02-26 18:39:55', 20, 'ok5ot8rcklghjlqs5gcjfhtca5', '200.8.212.43', 'Mozilla/5.0 (Windows NT 10.0; Win64; x64) AppleWebKit/537.36 (KHTML, like Gecko) Chrome/145.0.0.0 Safari/537.36', 'desktop', 'Windows', 'PROFESORES', 'EDIT_FORM', 'Abrió el expediente detallado del docente: HOMER PEREIRA', NULL, 6, NULL, NULL, NULL, '/diplomatic/public/academic/profesores/edit?id=6', 'GET', NULL, NULL, 'NORMAL', 0, 0, '4cf300e05cc2be84', 'BACKEND', 'DEV', '1.0.0'),
(1041, '2026-02-26 18:39:59', 20, 'ok5ot8rcklghjlqs5gcjfhtca5', '200.8.212.43', 'Mozilla/5.0 (Windows NT 10.0; Win64; x64) AppleWebKit/537.36 (KHTML, like Gecko) Chrome/145.0.0.0 Safari/537.36', 'desktop', 'Windows', 'PROFESORES', 'ACCESS_INDEX', 'El usuario ingresó al directorio maestro de profesores.', NULL, NULL, NULL, NULL, NULL, '/diplomatic/public/academic/profesores', 'GET', NULL, NULL, 'NORMAL', 0, 0, '93f0053c84250f91', 'BACKEND', 'DEV', '1.0.0'),
(1042, '2026-02-26 18:40:01', 20, 'ok5ot8rcklghjlqs5gcjfhtca5', '200.8.212.43', 'Mozilla/5.0 (Windows NT 10.0; Win64; x64) AppleWebKit/537.36 (KHTML, like Gecko) Chrome/145.0.0.0 Safari/537.36', 'desktop', 'Windows', 'PROFESORES', 'EDIT_FORM', 'Abrió el expediente detallado del docente: HOMER PEREIRA', NULL, 6, NULL, NULL, NULL, '/diplomatic/public/academic/profesores/edit?id=6', 'GET', NULL, NULL, 'NORMAL', 0, 0, 'bbb5328326cacaf8', 'BACKEND', 'DEV', '1.0.0'),
(1043, '2026-02-26 18:40:03', 20, 'ok5ot8rcklghjlqs5gcjfhtca5', '200.8.212.43', 'Mozilla/5.0 (Windows NT 10.0; Win64; x64) AppleWebKit/537.36 (KHTML, like Gecko) Chrome/145.0.0.0 Safari/537.36', 'desktop', 'Windows', 'PROFESORES', 'ACCESS_INDEX', 'El usuario ingresó al directorio maestro de profesores.', NULL, NULL, NULL, NULL, NULL, '/diplomatic/public/academic/profesores', 'GET', NULL, NULL, 'NORMAL', 0, 0, '3accbc657f5d2dd5', 'BACKEND', 'DEV', '1.0.0'),
(1044, '2026-02-26 18:40:05', 20, 'ok5ot8rcklghjlqs5gcjfhtca5', '200.8.212.43', 'Mozilla/5.0 (Windows NT 10.0; Win64; x64) AppleWebKit/537.36 (KHTML, like Gecko) Chrome/145.0.0.0 Safari/537.36', 'desktop', 'Windows', 'PROFESORES', 'VIEW_DETAILS', 'Visualizó la Ficha Resumen del profesor ID: 6', NULL, 6, NULL, NULL, NULL, '/diplomatic/public/academic/profesores/logAccess?action=VIEW_DETAILS&id=6', 'GET', NULL, NULL, 'NORMAL', 0, 0, 'b364f76fde2e72c9', 'BACKEND', 'DEV', '1.0.0'),
(1045, '2026-02-26 18:40:06', 20, 'ok5ot8rcklghjlqs5gcjfhtca5', '200.8.212.43', 'Mozilla/5.0 (Windows NT 10.0; Win64; x64) AppleWebKit/537.36 (KHTML, like Gecko) Chrome/145.0.0.0 Safari/537.36', 'desktop', 'Windows', 'PROFESORES', 'EDIT_FORM', 'Abrió el expediente detallado del docente: HOMER PEREIRA', NULL, 6, NULL, NULL, NULL, '/diplomatic/public/academic/profesores/edit?id=6', 'GET', NULL, NULL, 'NORMAL', 0, 0, '5dc60ea74a296239', 'BACKEND', 'DEV', '1.0.0'),
(1046, '2026-02-26 18:40:18', 20, 'ok5ot8rcklghjlqs5gcjfhtca5', '200.8.212.43', 'Mozilla/5.0 (Windows NT 10.0; Win64; x64) AppleWebKit/537.36 (KHTML, like Gecko) Chrome/145.0.0.0 Safari/537.36', 'desktop', 'Windows', 'ACADEMIC_MANAGEMENT', 'ACCESS', 'Entró al panel de Gestión Académica.', NULL, NULL, NULL, NULL, NULL, '/diplomatic/public/academic', 'GET', NULL, NULL, 'NORMAL', 0, 0, '57481f709a594dd0', 'BACKEND', 'DEV', '1.0.0'),
(1047, '2026-02-26 18:40:20', 20, 'ok5ot8rcklghjlqs5gcjfhtca5', '200.8.212.43', 'Mozilla/5.0 (Windows NT 10.0; Win64; x64) AppleWebKit/537.36 (KHTML, like Gecko) Chrome/145.0.0.0 Safari/537.36', 'desktop', 'Windows', 'PROFESORES', 'ACCESS_INDEX', 'El usuario ingresó al directorio maestro de profesores.', NULL, NULL, NULL, NULL, NULL, '/diplomatic/public/academic/profesores', 'GET', NULL, NULL, 'NORMAL', 0, 0, '2bc90c50605cbc8f', 'BACKEND', 'DEV', '1.0.0'),
(1048, '2026-02-26 18:40:48', 20, 'ok5ot8rcklghjlqs5gcjfhtca5', '200.8.212.43', 'Mozilla/5.0 (Windows NT 10.0; Win64; x64) AppleWebKit/537.36 (KHTML, like Gecko) Chrome/145.0.0.0 Safari/537.36', 'desktop', 'Windows', 'PROFESORES', 'VIEW_DETAILS', 'Visualizó la Ficha Resumen del profesor ID: 6', NULL, 6, NULL, NULL, NULL, '/diplomatic/public/academic/profesores/logAccess?action=VIEW_DETAILS&id=6', 'GET', NULL, NULL, 'NORMAL', 0, 0, 'abb606cad8ddb7f9', 'BACKEND', 'DEV', '1.0.0'),
(1049, '2026-02-26 18:41:01', 20, 'ok5ot8rcklghjlqs5gcjfhtca5', '200.8.212.43', 'Mozilla/5.0 (Windows NT 10.0; Win64; x64) AppleWebKit/537.36 (KHTML, like Gecko) Chrome/145.0.0.0 Safari/537.36', 'desktop', 'Windows', 'PROFESORES', 'EDIT_FORM', 'Abrió el expediente detallado del docente: HOMER PEREIRA', NULL, 6, NULL, NULL, NULL, '/diplomatic/public/academic/profesores/edit?id=6', 'GET', NULL, NULL, 'NORMAL', 0, 0, '43b1fe83e803d162', 'BACKEND', 'DEV', '1.0.0'),
(1050, '2026-02-26 18:43:20', 20, 'ok5ot8rcklghjlqs5gcjfhtca5', '200.8.212.43', 'Mozilla/5.0 (Windows NT 10.0; Win64; x64) AppleWebKit/537.36 (KHTML, like Gecko) Chrome/145.0.0.0 Safari/537.36', 'desktop', 'Windows', 'PROFESORES', 'ACCESS_INDEX', 'El usuario ingresó al directorio maestro de profesores.', NULL, NULL, NULL, NULL, NULL, '/diplomatic/public/academic/profesores', 'GET', NULL, NULL, 'NORMAL', 0, 0, '761f6bc85fb0bdc6', 'BACKEND', 'DEV', '1.0.0'),
(1051, '2026-02-26 18:43:23', 20, 'ok5ot8rcklghjlqs5gcjfhtca5', '200.8.212.43', 'Mozilla/5.0 (Windows NT 10.0; Win64; x64) AppleWebKit/537.36 (KHTML, like Gecko) Chrome/145.0.0.0 Safari/537.36', 'desktop', 'Windows', 'PROFESORES', 'ACCESS_INDEX', 'El usuario ingresó al directorio maestro de profesores.', NULL, NULL, NULL, NULL, NULL, '/diplomatic/public/academic/profesores', 'GET', NULL, NULL, 'NORMAL', 0, 0, 'dc407d0bb3ecaf3a', 'BACKEND', 'DEV', '1.0.0'),
(1052, '2026-02-26 18:43:24', 20, 'ok5ot8rcklghjlqs5gcjfhtca5', '200.8.212.43', 'Mozilla/5.0 (Windows NT 10.0; Win64; x64) AppleWebKit/537.36 (KHTML, like Gecko) Chrome/145.0.0.0 Safari/537.36', 'desktop', 'Windows', 'PROFESORES', 'EDIT_FORM', 'Abrió el expediente detallado del docente: HOMER PEREIRA', NULL, 6, NULL, NULL, NULL, '/diplomatic/public/academic/profesores/edit?id=6', 'GET', NULL, NULL, 'NORMAL', 0, 0, '828d33d06ec6bea7', 'BACKEND', 'DEV', '1.0.0'),
(1053, '2026-02-26 18:44:28', 20, 'ok5ot8rcklghjlqs5gcjfhtca5', '200.8.212.43', 'Mozilla/5.0 (Windows NT 10.0; Win64; x64) AppleWebKit/537.36 (KHTML, like Gecko) Chrome/145.0.0.0 Safari/537.36', 'desktop', 'Windows', 'PROFESORES', 'ACCESS_INDEX', 'El usuario ingresó al directorio maestro de profesores.', NULL, NULL, NULL, NULL, NULL, '/diplomatic/public/academic/profesores', 'GET', NULL, NULL, 'NORMAL', 0, 0, '0d6fce32d763c15f', 'BACKEND', 'DEV', '1.0.0'),
(1054, '2026-02-26 18:44:30', 20, 'ok5ot8rcklghjlqs5gcjfhtca5', '200.8.212.43', 'Mozilla/5.0 (Windows NT 10.0; Win64; x64) AppleWebKit/537.36 (KHTML, like Gecko) Chrome/145.0.0.0 Safari/537.36', 'desktop', 'Windows', 'PROFESORES', 'ACCESS_INDEX', 'El usuario ingresó al directorio maestro de profesores.', NULL, NULL, NULL, NULL, NULL, '/diplomatic/public/academic/profesores', 'GET', NULL, NULL, 'NORMAL', 0, 0, '9c11f9a2d6402736', 'BACKEND', 'DEV', '1.0.0'),
(1055, '2026-02-26 18:44:32', 20, 'ok5ot8rcklghjlqs5gcjfhtca5', '200.8.212.43', 'Mozilla/5.0 (Windows NT 10.0; Win64; x64) AppleWebKit/537.36 (KHTML, like Gecko) Chrome/145.0.0.0 Safari/537.36', 'desktop', 'Windows', 'PROFESORES', 'EDIT_FORM', 'Abrió el expediente detallado del docente: Jorge Luis Pereira Olivares', NULL, 2, NULL, NULL, NULL, '/diplomatic/public/academic/profesores/edit?id=2', 'GET', NULL, NULL, 'NORMAL', 0, 0, '334b8b80268d88d7', 'BACKEND', 'DEV', '1.0.0'),
(1056, '2026-02-26 18:44:37', 20, 'ok5ot8rcklghjlqs5gcjfhtca5', '200.8.212.43', 'Mozilla/5.0 (Windows NT 10.0; Win64; x64) AppleWebKit/537.36 (KHTML, like Gecko) Chrome/145.0.0.0 Safari/537.36', 'desktop', 'Windows', 'PROFESORES', 'ACCESS_INDEX', 'El usuario ingresó al directorio maestro de profesores.', NULL, NULL, NULL, NULL, NULL, '/diplomatic/public/academic/profesores', 'GET', NULL, NULL, 'NORMAL', 0, 0, 'e8cf3a5fa85e5c2c', 'BACKEND', 'DEV', '1.0.0'),
(1057, '2026-02-26 18:44:46', 20, 'ok5ot8rcklghjlqs5gcjfhtca5', '200.8.212.43', 'Mozilla/5.0 (Windows NT 10.0; Win64; x64) AppleWebKit/537.36 (KHTML, like Gecko) Chrome/145.0.0.0 Safari/537.36', 'desktop', 'Windows', 'ACADEMIC_MANAGEMENT', 'ACCESS', 'Entró al panel de Gestión Académica.', NULL, NULL, NULL, NULL, NULL, '/diplomatic/public/academic', 'GET', NULL, NULL, 'NORMAL', 0, 0, '147075da718f5b57', 'BACKEND', 'DEV', '1.0.0'),
(1058, '2026-02-26 18:44:47', 20, 'ok5ot8rcklghjlqs5gcjfhtca5', '200.8.212.43', 'Mozilla/5.0 (Windows NT 10.0; Win64; x64) AppleWebKit/537.36 (KHTML, like Gecko) Chrome/145.0.0.0 Safari/537.36', 'desktop', 'Windows', 'PROFESORES', 'ACCESS_INDEX', 'El usuario ingresó al directorio maestro de profesores.', NULL, NULL, NULL, NULL, NULL, '/diplomatic/public/academic/profesores', 'GET', NULL, NULL, 'NORMAL', 0, 0, 'feee3336a50634a2', 'BACKEND', 'DEV', '1.0.0'),
(1059, '2026-02-26 18:44:49', 20, 'ok5ot8rcklghjlqs5gcjfhtca5', '200.8.212.43', 'Mozilla/5.0 (Windows NT 10.0; Win64; x64) AppleWebKit/537.36 (KHTML, like Gecko) Chrome/145.0.0.0 Safari/537.36', 'desktop', 'Windows', 'PROFESORES', 'VIEW_DETAILS', 'Visualizó la Ficha Resumen del profesor ID: 6', NULL, 6, NULL, NULL, NULL, '/diplomatic/public/academic/profesores/logAccess?action=VIEW_DETAILS&id=6', 'GET', NULL, NULL, 'NORMAL', 0, 0, 'ff02051a6a8b2689', 'BACKEND', 'DEV', '1.0.0'),
(1060, '2026-02-26 18:44:51', 20, 'ok5ot8rcklghjlqs5gcjfhtca5', '200.8.212.43', 'Mozilla/5.0 (Windows NT 10.0; Win64; x64) AppleWebKit/537.36 (KHTML, like Gecko) Chrome/145.0.0.0 Safari/537.36', 'desktop', 'Windows', 'PROFESORES', 'EDIT_FORM', 'Abrió el expediente detallado del docente: HOMER PEREIRA', NULL, 6, NULL, NULL, NULL, '/diplomatic/public/academic/profesores/edit?id=6', 'GET', NULL, NULL, 'NORMAL', 0, 0, '6322e13a31252823', 'BACKEND', 'DEV', '1.0.0'),
(1061, '2026-02-26 18:44:56', 20, 'ok5ot8rcklghjlqs5gcjfhtca5', '200.8.212.43', 'Mozilla/5.0 (Windows NT 10.0; Win64; x64) AppleWebKit/537.36 (KHTML, like Gecko) Chrome/145.0.0.0 Safari/537.36', 'desktop', 'Windows', 'PROFESORES', 'ACCESS_INDEX', 'El usuario ingresó al directorio maestro de profesores.', NULL, NULL, NULL, NULL, NULL, '/diplomatic/public/academic/profesores', 'GET', NULL, NULL, 'NORMAL', 0, 0, 'f3b787e99616b857', 'BACKEND', 'DEV', '1.0.0'),
(1062, '2026-02-26 18:44:58', 20, 'ok5ot8rcklghjlqs5gcjfhtca5', '200.8.212.43', 'Mozilla/5.0 (Windows NT 10.0; Win64; x64) AppleWebKit/537.36 (KHTML, like Gecko) Chrome/145.0.0.0 Safari/537.36', 'desktop', 'Windows', 'PROFESORES', 'EDIT_FORM', 'Abrió el expediente detallado del docente: HOMER PEREIRA', NULL, 6, NULL, NULL, NULL, '/diplomatic/public/academic/profesores/edit?id=6', 'GET', NULL, NULL, 'NORMAL', 0, 0, '962f99707f546f0d', 'BACKEND', 'DEV', '1.0.0'),
(1063, '2026-02-26 18:50:16', 20, 'ok5ot8rcklghjlqs5gcjfhtca5', '200.8.212.43', 'Mozilla/5.0 (Windows NT 10.0; Win64; x64) AppleWebKit/537.36 (KHTML, like Gecko) Chrome/145.0.0.0 Safari/537.36', 'desktop', 'Windows', 'PROFESORES', 'ACCESS_INDEX', 'El usuario ingresó al directorio maestro de profesores.', NULL, NULL, NULL, NULL, NULL, '/diplomatic/public/academic/profesores', 'GET', NULL, NULL, 'NORMAL', 0, 0, '7deb828d3532eecb', 'BACKEND', 'DEV', '1.0.0'),
(1064, '2026-02-26 18:50:18', 20, 'ok5ot8rcklghjlqs5gcjfhtca5', '200.8.212.43', 'Mozilla/5.0 (Windows NT 10.0; Win64; x64) AppleWebKit/537.36 (KHTML, like Gecko) Chrome/145.0.0.0 Safari/537.36', 'desktop', 'Windows', 'PROFESORES', 'ACCESS_INDEX', 'El usuario ingresó al directorio maestro de profesores.', NULL, NULL, NULL, NULL, NULL, '/diplomatic/public/academic/profesores', 'GET', NULL, NULL, 'NORMAL', 0, 0, '9414c7ff51bb43a3', 'BACKEND', 'DEV', '1.0.0'),
(1065, '2026-02-26 18:50:19', 20, 'ok5ot8rcklghjlqs5gcjfhtca5', '200.8.212.43', 'Mozilla/5.0 (Windows NT 10.0; Win64; x64) AppleWebKit/537.36 (KHTML, like Gecko) Chrome/145.0.0.0 Safari/537.36', 'desktop', 'Windows', 'PROFESORES', 'VIEW_DETAILS', 'Visualizó la Ficha Resumen del profesor ID: 6', NULL, 6, NULL, NULL, NULL, '/diplomatic/public/academic/profesores/logAccess?action=VIEW_DETAILS&id=6', 'GET', NULL, NULL, 'NORMAL', 0, 0, '4c063418855c60b9', 'BACKEND', 'DEV', '1.0.0'),
(1066, '2026-02-26 18:50:21', 20, 'ok5ot8rcklghjlqs5gcjfhtca5', '200.8.212.43', 'Mozilla/5.0 (Windows NT 10.0; Win64; x64) AppleWebKit/537.36 (KHTML, like Gecko) Chrome/145.0.0.0 Safari/537.36', 'desktop', 'Windows', 'PROFESORES', 'EDIT_FORM', 'Abrió el expediente detallado del docente: HOMER PEREIRA', NULL, 6, NULL, NULL, NULL, '/diplomatic/public/academic/profesores/edit?id=6', 'GET', NULL, NULL, 'NORMAL', 0, 0, '9f0ddd3f1fa75020', 'BACKEND', 'DEV', '1.0.0'),
(1067, '2026-02-26 18:50:50', 20, 'ok5ot8rcklghjlqs5gcjfhtca5', '200.8.212.43', 'Mozilla/5.0 (Windows NT 10.0; Win64; x64) AppleWebKit/537.36 (KHTML, like Gecko) Chrome/145.0.0.0 Safari/537.36', 'desktop', 'Windows', 'PROFESORES', 'DELETE_FORMATION', 'Eliminó un registro de formación académica.', NULL, 6, NULL, NULL, NULL, '/diplomatic/public/academic/profesores/deleteFormation', 'POST', NULL, NULL, 'NORMAL', 0, 0, 'cba2af5b578cda7c', 'BACKEND', 'DEV', '1.0.0'),
(1068, '2026-02-26 18:50:50', 20, 'ok5ot8rcklghjlqs5gcjfhtca5', '200.8.212.43', 'Mozilla/5.0 (Windows NT 10.0; Win64; x64) AppleWebKit/537.36 (KHTML, like Gecko) Chrome/145.0.0.0 Safari/537.36', 'desktop', 'Windows', 'PROFESORES', 'EDIT_FORM', 'Abrió el expediente detallado del docente: HOMER PEREIRA', NULL, 6, NULL, NULL, NULL, '/diplomatic/public/academic/profesores/edit?id=6&updated=1', 'GET', NULL, NULL, 'NORMAL', 0, 0, 'edae27987b607a6c', 'BACKEND', 'DEV', '1.0.0'),
(1069, '2026-02-26 18:54:26', 20, 'ok5ot8rcklghjlqs5gcjfhtca5', '200.8.212.43', 'Mozilla/5.0 (Windows NT 10.0; Win64; x64) AppleWebKit/537.36 (KHTML, like Gecko) Chrome/145.0.0.0 Safari/537.36', 'desktop', 'Windows', 'PROFESORES', 'ACCESS_INDEX', 'El usuario ingresó al directorio maestro de profesores.', NULL, NULL, NULL, NULL, NULL, '/diplomatic/public/academic/profesores', 'GET', NULL, NULL, 'NORMAL', 0, 0, 'f7f1c1f315f8f604', 'BACKEND', 'DEV', '1.0.0'),
(1070, '2026-02-26 18:54:28', 20, 'ok5ot8rcklghjlqs5gcjfhtca5', '200.8.212.43', 'Mozilla/5.0 (Windows NT 10.0; Win64; x64) AppleWebKit/537.36 (KHTML, like Gecko) Chrome/145.0.0.0 Safari/537.36', 'desktop', 'Windows', 'PROFESORES', 'EDIT_FORM', 'Abrió el expediente detallado del docente: Luis Jorge Olivares Pereira', NULL, 3, NULL, NULL, NULL, '/diplomatic/public/academic/profesores/edit?id=3', 'GET', NULL, NULL, 'NORMAL', 0, 0, '9aa57a69cd408afc', 'BACKEND', 'DEV', '1.0.0'),
(1071, '2026-02-26 18:54:43', 20, 'ok5ot8rcklghjlqs5gcjfhtca5', '200.8.212.43', 'Mozilla/5.0 (Windows NT 10.0; Win64; x64) AppleWebKit/537.36 (KHTML, like Gecko) Chrome/145.0.0.0 Safari/537.36', 'desktop', 'Windows', 'PROFESORES', 'UPDATE_BASE_DATA', 'Actualizó los datos básicos (DNI, Nombres, Biografía) del docente.', NULL, 3, 'UPDATE', NULL, NULL, '/diplomatic/public/academic/profesores/updateBase', 'POST', NULL, NULL, 'NORMAL', 0, 0, '66e91ec0d38ba503', 'BACKEND', 'DEV', '1.0.0'),
(1072, '2026-02-26 18:54:43', 20, 'ok5ot8rcklghjlqs5gcjfhtca5', '200.8.212.43', 'Mozilla/5.0 (Windows NT 10.0; Win64; x64) AppleWebKit/537.36 (KHTML, like Gecko) Chrome/145.0.0.0 Safari/537.36', 'desktop', 'Windows', 'PROFESORES', 'EDIT_FORM', 'Abrió el expediente detallado del docente: Luis Jorge Olivares Pereira', NULL, 3, NULL, NULL, NULL, '/diplomatic/public/academic/profesores/edit?id=3&updated=1', 'GET', NULL, NULL, 'NORMAL', 0, 0, 'ae093a2538d69e8c', 'BACKEND', 'DEV', '1.0.0'),
(1073, '2026-02-26 19:07:11', 20, 'ok5ot8rcklghjlqs5gcjfhtca5', '200.8.212.43', 'Mozilla/5.0 (Windows NT 10.0; Win64; x64) AppleWebKit/537.36 (KHTML, like Gecko) Chrome/145.0.0.0 Safari/537.36', 'desktop', 'Windows', 'PROFESORES', 'ACCESS_INDEX', 'El usuario ingresó al directorio maestro de profesores.', NULL, NULL, NULL, NULL, NULL, '/diplomatic/public/academic/profesores', 'GET', NULL, NULL, 'NORMAL', 0, 0, 'e623c3dca4026ebc', 'BACKEND', 'DEV', '1.0.0'),
(1074, '2026-02-26 19:07:13', 20, 'ok5ot8rcklghjlqs5gcjfhtca5', '200.8.212.43', 'Mozilla/5.0 (Windows NT 10.0; Win64; x64) AppleWebKit/537.36 (KHTML, like Gecko) Chrome/145.0.0.0 Safari/537.36', 'desktop', 'Windows', 'PROFESORES', 'ACCESS_INDEX', 'El usuario ingresó al directorio maestro de profesores.', NULL, NULL, NULL, NULL, NULL, '/diplomatic/public/academic/profesores', 'GET', NULL, NULL, 'NORMAL', 0, 0, 'af5bae71c05cdf22', 'BACKEND', 'DEV', '1.0.0'),
(1075, '2026-02-26 19:07:15', 20, 'ok5ot8rcklghjlqs5gcjfhtca5', '200.8.212.43', 'Mozilla/5.0 (Windows NT 10.0; Win64; x64) AppleWebKit/537.36 (KHTML, like Gecko) Chrome/145.0.0.0 Safari/537.36', 'desktop', 'Windows', 'ACADEMIC_MANAGEMENT', 'ACCESS', 'Entró al panel de Gestión Académica.', NULL, NULL, NULL, NULL, NULL, '/diplomatic/public/academic', 'GET', NULL, NULL, 'NORMAL', 0, 0, '49ec6331768f4f00', 'BACKEND', 'DEV', '1.0.0'),
(1076, '2026-02-26 19:07:17', 20, 'ok5ot8rcklghjlqs5gcjfhtca5', '200.8.212.43', 'Mozilla/5.0 (Windows NT 10.0; Win64; x64) AppleWebKit/537.36 (KHTML, like Gecko) Chrome/145.0.0.0 Safari/537.36', 'desktop', 'Windows', 'PROFESORES', 'ACCESS_INDEX', 'El usuario ingresó al directorio maestro de profesores.', NULL, NULL, NULL, NULL, NULL, '/diplomatic/public/academic/profesores', 'GET', NULL, NULL, 'NORMAL', 0, 0, '5b5e0169eae4aa25', 'BACKEND', 'DEV', '1.0.0'),
(1077, '2026-02-26 19:07:18', 20, 'ok5ot8rcklghjlqs5gcjfhtca5', '200.8.212.43', 'Mozilla/5.0 (Windows NT 10.0; Win64; x64) AppleWebKit/537.36 (KHTML, like Gecko) Chrome/145.0.0.0 Safari/537.36', 'desktop', 'Windows', 'PROFESORES', 'EDIT_FORM', 'Abrió el expediente detallado del docente: HOMER PEREIRA', NULL, 6, NULL, NULL, NULL, '/diplomatic/public/academic/profesores/edit?id=6', 'GET', NULL, NULL, 'NORMAL', 0, 0, 'a8690e4f7b1faa8b', 'BACKEND', 'DEV', '1.0.0'),
(1078, '2026-02-26 19:11:26', 20, 'ok5ot8rcklghjlqs5gcjfhtca5', '200.8.212.43', 'Mozilla/5.0 (Windows NT 10.0; Win64; x64) AppleWebKit/537.36 (KHTML, like Gecko) Chrome/145.0.0.0 Safari/537.36', 'desktop', 'Windows', 'PROFESORES', 'EDIT_FORM', 'Abrió el expediente detallado del docente: HOMER PEREIRA', NULL, 6, NULL, NULL, NULL, '/diplomatic/public/academic/profesores/edit?id=6', 'GET', NULL, NULL, 'NORMAL', 0, 0, '595cda38da562475', 'BACKEND', 'DEV', '1.0.0'),
(1079, '2026-02-26 19:11:49', 20, 'ok5ot8rcklghjlqs5gcjfhtca5', '200.8.212.43', 'Mozilla/5.0 (Windows NT 10.0; Win64; x64) AppleWebKit/537.36 (KHTML, like Gecko) Chrome/145.0.0.0 Safari/537.36', 'desktop', 'Windows', 'PROFESORES', 'ADD_WORK', 'Añadió nueva experiencia laboral: a', NULL, 6, NULL, NULL, NULL, '/diplomatic/public/academic/profesores/saveWork', 'POST', NULL, NULL, 'NORMAL', 0, 0, '6b64ff55d6fb9b8f', 'BACKEND', 'DEV', '1.0.0'),
(1080, '2026-02-26 19:11:49', 20, 'ok5ot8rcklghjlqs5gcjfhtca5', '200.8.212.43', 'Mozilla/5.0 (Windows NT 10.0; Win64; x64) AppleWebKit/537.36 (KHTML, like Gecko) Chrome/145.0.0.0 Safari/537.36', 'desktop', 'Windows', 'PROFESORES', 'EDIT_FORM', 'Abrió el expediente detallado del docente: HOMER PEREIRA', NULL, 6, NULL, NULL, NULL, '/diplomatic/public/academic/profesores/edit?id=6&updated=1', 'GET', NULL, NULL, 'NORMAL', 0, 0, 'f53d59a98e869529', 'BACKEND', 'DEV', '1.0.0'),
(1081, '2026-02-26 19:12:02', 20, 'ok5ot8rcklghjlqs5gcjfhtca5', '200.8.212.43', 'Mozilla/5.0 (Windows NT 10.0; Win64; x64) AppleWebKit/537.36 (KHTML, like Gecko) Chrome/145.0.0.0 Safari/537.36', 'desktop', 'Windows', 'PROFESORES', 'DELETE_WORK', 'Eliminó un registro de experiencia laboral.', NULL, 6, NULL, NULL, NULL, '/diplomatic/public/academic/profesores/deleteWork', 'POST', NULL, NULL, 'NORMAL', 0, 0, '9421d724cc548071', 'BACKEND', 'DEV', '1.0.0'),
(1082, '2026-02-26 19:12:02', 20, 'ok5ot8rcklghjlqs5gcjfhtca5', '200.8.212.43', 'Mozilla/5.0 (Windows NT 10.0; Win64; x64) AppleWebKit/537.36 (KHTML, like Gecko) Chrome/145.0.0.0 Safari/537.36', 'desktop', 'Windows', 'PROFESORES', 'EDIT_FORM', 'Abrió el expediente detallado del docente: HOMER PEREIRA', NULL, 6, NULL, NULL, NULL, '/diplomatic/public/academic/profesores/edit?id=6&updated=1', 'GET', NULL, NULL, 'NORMAL', 0, 0, '7d97317ddc6af7bc', 'BACKEND', 'DEV', '1.0.0'),
(1083, '2026-03-02 12:09:07', 1, '5s3kfqii9tg59m2r4rbra899an', '200.8.212.43', 'Mozilla/5.0 (Windows NT 10.0; Win64; x64) AppleWebKit/537.36 (KHTML, like Gecko) Chrome/145.0.0.0 Safari/537.36', 'desktop', 'Windows', 'AUTH', 'LOGIN', 'Inicio de sesión exitoso: ADMIN GENERAL', NULL, NULL, NULL, NULL, NULL, '/diplomatic/public/login', 'POST', NULL, NULL, '', 0, 0, '02de50e5f5fa2d4a', 'BACKEND', 'DEV', '1.0.0'),
(1084, '2026-03-02 12:09:09', 1, '5s3kfqii9tg59m2r4rbra899an', '200.8.212.43', 'Mozilla/5.0 (Windows NT 10.0; Win64; x64) AppleWebKit/537.36 (KHTML, like Gecko) Chrome/145.0.0.0 Safari/537.36', 'desktop', 'Windows', 'ACADEMIC_MANAGEMENT', 'ACCESS', 'Entró al panel de Gestión Académica.', NULL, NULL, NULL, NULL, NULL, '/diplomatic/public/academic', 'GET', NULL, NULL, 'NORMAL', 0, 0, '15e7805dd35ddd78', 'BACKEND', 'DEV', '1.0.0'),
(1085, '2026-03-02 12:09:11', 1, '5s3kfqii9tg59m2r4rbra899an', '200.8.212.43', 'Mozilla/5.0 (Windows NT 10.0; Win64; x64) AppleWebKit/537.36 (KHTML, like Gecko) Chrome/145.0.0.0 Safari/537.36', 'desktop', 'Windows', 'PROFESORES', 'ACCESS_INDEX', 'El usuario ingresó al directorio maestro de profesores.', NULL, NULL, NULL, NULL, NULL, '/diplomatic/public/academic/profesores', 'GET', NULL, NULL, 'NORMAL', 0, 0, 'a914cb89c216290a', 'BACKEND', 'DEV', '1.0.0'),
(1086, '2026-03-02 12:09:13', 1, '5s3kfqii9tg59m2r4rbra899an', '200.8.212.43', 'Mozilla/5.0 (Windows NT 10.0; Win64; x64) AppleWebKit/537.36 (KHTML, like Gecko) Chrome/145.0.0.0 Safari/537.36', 'desktop', 'Windows', 'PROFESORES', 'VIEW_DETAILS', 'Visualizó la Ficha Resumen del profesor ID: 6', NULL, 6, NULL, NULL, NULL, '/diplomatic/public/academic/profesores/logAccess?action=VIEW_DETAILS&id=6', 'GET', NULL, NULL, 'NORMAL', 0, 0, '00fa77c3e273a47b', 'BACKEND', 'DEV', '1.0.0'),
(1087, '2026-03-02 12:09:15', 1, '5s3kfqii9tg59m2r4rbra899an', '200.8.212.43', 'Mozilla/5.0 (Windows NT 10.0; Win64; x64) AppleWebKit/537.36 (KHTML, like Gecko) Chrome/145.0.0.0 Safari/537.36', 'desktop', 'Windows', 'PROFESORES', 'EDIT_FORM', 'Abrió el expediente detallado del docente: HOMER PEREIRA', NULL, 6, NULL, NULL, NULL, '/diplomatic/public/academic/profesores/edit?id=6', 'GET', NULL, NULL, 'NORMAL', 0, 0, '15fd044a60b8086a', 'BACKEND', 'DEV', '1.0.0'),
(1088, '2026-03-02 12:14:48', 1, '5s3kfqii9tg59m2r4rbra899an', '200.8.212.43', 'Mozilla/5.0 (Windows NT 10.0; Win64; x64) AppleWebKit/537.36 (KHTML, like Gecko) Chrome/145.0.0.0 Safari/537.36', 'desktop', 'Windows', 'PROFESORES', 'EDIT_FORM', 'Abrió el expediente detallado del docente: HOMER PEREIRA', NULL, 6, NULL, NULL, NULL, '/diplomatic/public/academic/profesores/edit?id=6', 'GET', NULL, NULL, 'NORMAL', 0, 0, '3f096f318eb5d0af', 'BACKEND', 'DEV', '1.0.0'),
(1089, '2026-03-02 12:14:49', 1, '5s3kfqii9tg59m2r4rbra899an', '200.8.212.43', 'Mozilla/5.0 (Windows NT 10.0; Win64; x64) AppleWebKit/537.36 (KHTML, like Gecko) Chrome/145.0.0.0 Safari/537.36', 'desktop', 'Windows', 'PROFESORES', 'ACCESS_INDEX', 'El usuario ingresó al directorio maestro de profesores.', NULL, NULL, NULL, NULL, NULL, '/diplomatic/public/academic/profesores', 'GET', NULL, NULL, 'NORMAL', 0, 0, '9ca5e3561988a023', 'BACKEND', 'DEV', '1.0.0'),
(1090, '2026-03-02 12:14:52', 1, '5s3kfqii9tg59m2r4rbra899an', '200.8.212.43', 'Mozilla/5.0 (Windows NT 10.0; Win64; x64) AppleWebKit/537.36 (KHTML, like Gecko) Chrome/145.0.0.0 Safari/537.36', 'desktop', 'Windows', 'PROFESORES', 'ACCESS_INDEX', 'El usuario ingresó al directorio maestro de profesores.', NULL, NULL, NULL, NULL, NULL, '/diplomatic/public/academic/profesores', 'GET', NULL, NULL, 'NORMAL', 0, 0, '39a7cdc677a19e72', 'BACKEND', 'DEV', '1.0.0'),
(1091, '2026-03-02 12:14:53', 1, '5s3kfqii9tg59m2r4rbra899an', '200.8.212.43', 'Mozilla/5.0 (Windows NT 10.0; Win64; x64) AppleWebKit/537.36 (KHTML, like Gecko) Chrome/145.0.0.0 Safari/537.36', 'desktop', 'Windows', 'PROFESORES', 'VIEW_DETAILS', 'Visualizó la Ficha Resumen del profesor ID: 6', NULL, 6, NULL, NULL, NULL, '/diplomatic/public/academic/profesores/logAccess?action=VIEW_DETAILS&id=6', 'GET', NULL, NULL, 'NORMAL', 0, 0, '2beef73128334f62', 'BACKEND', 'DEV', '1.0.0'),
(1092, '2026-03-02 12:14:55', 1, '5s3kfqii9tg59m2r4rbra899an', '200.8.212.43', 'Mozilla/5.0 (Windows NT 10.0; Win64; x64) AppleWebKit/537.36 (KHTML, like Gecko) Chrome/145.0.0.0 Safari/537.36', 'desktop', 'Windows', 'PROFESORES', 'EDIT_FORM', 'Abrió el expediente detallado del docente: HOMER PEREIRA', NULL, 6, NULL, NULL, NULL, '/diplomatic/public/academic/profesores/edit?id=6', 'GET', NULL, NULL, 'NORMAL', 0, 0, '7f57b57a9aedeaf5', 'BACKEND', 'DEV', '1.0.0'),
(1093, '2026-03-02 12:15:09', 1, '5s3kfqii9tg59m2r4rbra899an', '200.8.212.43', 'Mozilla/5.0 (Windows NT 10.0; Win64; x64) AppleWebKit/537.36 (KHTML, like Gecko) Chrome/145.0.0.0 Safari/537.36', 'desktop', 'Windows', 'PROFESORES', 'EDIT_FORM', 'Abrió el expediente detallado del docente: HOMER PEREIRA', NULL, 6, NULL, NULL, NULL, '/diplomatic/public/academic/profesores/edit?id=6', 'GET', NULL, NULL, 'NORMAL', 0, 0, 'bd552952dd710b34', 'BACKEND', 'DEV', '1.0.0'),
(1094, '2026-03-02 12:15:12', 1, '5s3kfqii9tg59m2r4rbra899an', '200.8.212.43', 'Mozilla/5.0 (Windows NT 10.0; Win64; x64) AppleWebKit/537.36 (KHTML, like Gecko) Chrome/145.0.0.0 Safari/537.36', 'desktop', 'Windows', 'PROFESORES', 'UPDATE_BASE_DATA', 'Actualizó los datos básicos (DNI, Nombres, Biografía) del docente.', NULL, 6, 'UPDATE', NULL, NULL, '/diplomatic/public/academic/profesores/updateBase', 'POST', NULL, NULL, 'NORMAL', 0, 0, '0018960c31603716', 'BACKEND', 'DEV', '1.0.0'),
(1095, '2026-03-02 12:15:13', 1, '5s3kfqii9tg59m2r4rbra899an', '200.8.212.43', 'Mozilla/5.0 (Windows NT 10.0; Win64; x64) AppleWebKit/537.36 (KHTML, like Gecko) Chrome/145.0.0.0 Safari/537.36', 'desktop', 'Windows', 'PROFESORES', 'EDIT_FORM', 'Abrió el expediente detallado del docente: HOMER PEREIRA', NULL, 6, NULL, NULL, NULL, '/diplomatic/public/academic/profesores/edit?id=6&updated=1', 'GET', NULL, NULL, 'NORMAL', 0, 0, 'a62b8f3e70ed7adb', 'BACKEND', 'DEV', '1.0.0');
INSERT INTO `tbl_audit_logs` (`log_id`, `created_at`, `user_id`, `session_id`, `ip_address`, `user_agent`, `device`, `os`, `module`, `action`, `description`, `entity`, `entity_id`, `db_action`, `data_before`, `data_after`, `endpoint`, `http_method`, `status_code`, `response_time_ms`, `event_type`, `is_failed_attempt`, `is_critical`, `request_id`, `event_origin`, `environment`, `app_version`) VALUES
(1096, '2026-03-02 12:25:56', 1, '5s3kfqii9tg59m2r4rbra899an', '200.8.212.43', 'Mozilla/5.0 (Windows NT 10.0; Win64; x64) AppleWebKit/537.36 (KHTML, like Gecko) Chrome/145.0.0.0 Safari/537.36', 'desktop', 'Windows', 'PROFESORES', 'EDIT_FORM', 'Abrió el expediente detallado del docente: HOMER PEREIRA', NULL, 6, NULL, NULL, NULL, '/diplomatic/public/academic/profesores/edit?id=6', 'GET', NULL, NULL, 'NORMAL', 0, 0, '7eced163f6680c18', 'BACKEND', 'DEV', '1.0.0'),
(1097, '2026-03-02 12:26:20', 1, '5s3kfqii9tg59m2r4rbra899an', '200.8.212.43', 'Mozilla/5.0 (Windows NT 10.0; Win64; x64) AppleWebKit/537.36 (KHTML, like Gecko) Chrome/145.0.0.0 Safari/537.36', 'desktop', 'Windows', 'PROFESORES', 'ADD_FORMATION', 'Añadió nueva formación académica: Ingeniero Quimico', NULL, 6, NULL, NULL, NULL, '/diplomatic/public/academic/profesores/saveFormation', 'POST', NULL, NULL, 'NORMAL', 0, 0, 'bc3ce30fbba16d73', 'BACKEND', 'DEV', '1.0.0'),
(1098, '2026-03-02 12:26:20', 1, '5s3kfqii9tg59m2r4rbra899an', '200.8.212.43', 'Mozilla/5.0 (Windows NT 10.0; Win64; x64) AppleWebKit/537.36 (KHTML, like Gecko) Chrome/145.0.0.0 Safari/537.36', 'desktop', 'Windows', 'PROFESORES', 'EDIT_FORM', 'Abrió el expediente detallado del docente: HOMER PEREIRA', NULL, 6, NULL, NULL, NULL, '/diplomatic/public/academic/profesores/edit?id=6&updated=1', 'GET', NULL, NULL, 'NORMAL', 0, 0, 'f446f3a4a6c4f2f6', 'BACKEND', 'DEV', '1.0.0'),
(1099, '2026-03-02 12:26:54', 1, '5s3kfqii9tg59m2r4rbra899an', '200.8.212.43', 'Mozilla/5.0 (Windows NT 10.0; Win64; x64) AppleWebKit/537.36 (KHTML, like Gecko) Chrome/145.0.0.0 Safari/537.36', 'desktop', 'Windows', 'PROFESORES', 'UPDATE_FORMATION', 'Modificó registro de formación académica: Ingeniero Quimico', NULL, 6, NULL, NULL, NULL, '/diplomatic/public/academic/profesores/saveFormation', 'POST', NULL, NULL, 'NORMAL', 0, 0, '8cad0e68b40a1305', 'BACKEND', 'DEV', '1.0.0'),
(1100, '2026-03-02 12:26:54', 1, '5s3kfqii9tg59m2r4rbra899an', '200.8.212.43', 'Mozilla/5.0 (Windows NT 10.0; Win64; x64) AppleWebKit/537.36 (KHTML, like Gecko) Chrome/145.0.0.0 Safari/537.36', 'desktop', 'Windows', 'PROFESORES', 'EDIT_FORM', 'Abrió el expediente detallado del docente: HOMER PEREIRA', NULL, 6, NULL, NULL, NULL, '/diplomatic/public/academic/profesores/edit?id=6&updated=1', 'GET', NULL, NULL, 'NORMAL', 0, 0, '90ae191ea9b96597', 'BACKEND', 'DEV', '1.0.0'),
(1101, '2026-03-02 12:29:37', 1, '5s3kfqii9tg59m2r4rbra899an', '200.8.212.43', 'Mozilla/5.0 (Windows NT 10.0; Win64; x64) AppleWebKit/537.36 (KHTML, like Gecko) Chrome/145.0.0.0 Safari/537.36', 'desktop', 'Windows', 'ACADEMIC_MANAGEMENT', 'ACCESS', 'Entró al panel de Gestión Académica.', NULL, NULL, NULL, NULL, NULL, '/diplomatic/public/academic', 'GET', NULL, NULL, 'NORMAL', 0, 0, '4a62f37f44beb0b1', 'BACKEND', 'DEV', '1.0.0'),
(1102, '2026-03-02 12:29:54', 1, '5s3kfqii9tg59m2r4rbra899an', '200.8.212.43', 'Mozilla/5.0 (Windows NT 10.0; Win64; x64) AppleWebKit/537.36 (KHTML, like Gecko) Chrome/145.0.0.0 Safari/537.36', 'desktop', 'Windows', 'ACADEMIC_MANAGEMENT', 'ACCESS', 'Entró al panel de Gestión Académica.', NULL, NULL, NULL, NULL, NULL, '/diplomatic/public/academic', 'GET', NULL, NULL, 'NORMAL', 0, 0, '972ec403c6e9ca8a', 'BACKEND', 'DEV', '1.0.0'),
(1103, '2026-03-02 12:29:57', 1, '5s3kfqii9tg59m2r4rbra899an', '200.8.212.43', 'Mozilla/5.0 (Windows NT 10.0; Win64; x64) AppleWebKit/537.36 (KHTML, like Gecko) Chrome/145.0.0.0 Safari/537.36', 'desktop', 'Windows', 'ACADEMIC_MANAGEMENT', 'ACCESS', 'Entró al panel de Gestión Académica.', NULL, NULL, NULL, NULL, NULL, '/diplomatic/public/academic', 'GET', NULL, NULL, 'NORMAL', 0, 0, '1fe02361f5f79cda', 'BACKEND', 'DEV', '1.0.0'),
(1104, '2026-03-02 12:31:41', 1, '5s3kfqii9tg59m2r4rbra899an', '200.8.212.43', 'Mozilla/5.0 (Windows NT 10.0; Win64; x64) AppleWebKit/537.36 (KHTML, like Gecko) Chrome/145.0.0.0 Safari/537.36', 'desktop', 'Windows', 'ACADEMIC_MANAGEMENT', 'ACCESS', 'Entró al panel de Gestión Académica.', NULL, NULL, NULL, NULL, NULL, '/diplomatic/public/academic', 'GET', NULL, NULL, 'NORMAL', 0, 0, 'd98f72f59743e173', 'BACKEND', 'DEV', '1.0.0'),
(1105, '2026-03-02 12:31:42', 1, '5s3kfqii9tg59m2r4rbra899an', '200.8.212.43', 'Mozilla/5.0 (Windows NT 10.0; Win64; x64) AppleWebKit/537.36 (KHTML, like Gecko) Chrome/145.0.0.0 Safari/537.36', 'desktop', 'Windows', 'PROFESORES', 'ACCESS_INDEX', 'El usuario ingresó al directorio maestro de profesores.', NULL, NULL, NULL, NULL, NULL, '/diplomatic/public/academic/profesores', 'GET', NULL, NULL, 'NORMAL', 0, 0, '208b8a065b5959fd', 'BACKEND', 'DEV', '1.0.0'),
(1106, '2026-03-02 12:31:44', 1, '5s3kfqii9tg59m2r4rbra899an', '200.8.212.43', 'Mozilla/5.0 (Windows NT 10.0; Win64; x64) AppleWebKit/537.36 (KHTML, like Gecko) Chrome/145.0.0.0 Safari/537.36', 'desktop', 'Windows', 'PROFESORES', 'VIEW_DETAILS', 'Visualizó la Ficha Resumen del profesor ID: 6', NULL, 6, NULL, NULL, NULL, '/diplomatic/public/academic/profesores/logAccess?action=VIEW_DETAILS&id=6', 'GET', NULL, NULL, 'NORMAL', 0, 0, '5ff88f0d6559a9fe', 'BACKEND', 'DEV', '1.0.0'),
(1107, '2026-03-02 12:31:46', 1, '5s3kfqii9tg59m2r4rbra899an', '200.8.212.43', 'Mozilla/5.0 (Windows NT 10.0; Win64; x64) AppleWebKit/537.36 (KHTML, like Gecko) Chrome/145.0.0.0 Safari/537.36', 'desktop', 'Windows', 'PROFESORES', 'VIEW_DETAILS', 'Visualizó la Ficha Resumen del profesor ID: 6', NULL, 6, NULL, NULL, NULL, '/diplomatic/public/academic/profesores/logAccess?action=VIEW_DETAILS&id=6', 'GET', NULL, NULL, 'NORMAL', 0, 0, '4e2e653c55ab41a2', 'BACKEND', 'DEV', '1.0.0'),
(1108, '2026-03-02 12:31:47', 1, '5s3kfqii9tg59m2r4rbra899an', '200.8.212.43', 'Mozilla/5.0 (Windows NT 10.0; Win64; x64) AppleWebKit/537.36 (KHTML, like Gecko) Chrome/145.0.0.0 Safari/537.36', 'desktop', 'Windows', 'PROFESORES', 'VIEW_DETAILS', 'Visualizó la Ficha Resumen del profesor ID: 6', NULL, 6, NULL, NULL, NULL, '/diplomatic/public/academic/profesores/logAccess?action=VIEW_DETAILS&id=6', 'GET', NULL, NULL, 'NORMAL', 0, 0, 'b870e54eb058246b', 'BACKEND', 'DEV', '1.0.0'),
(1109, '2026-03-02 12:31:47', 1, '5s3kfqii9tg59m2r4rbra899an', '200.8.212.43', 'Mozilla/5.0 (Windows NT 10.0; Win64; x64) AppleWebKit/537.36 (KHTML, like Gecko) Chrome/145.0.0.0 Safari/537.36', 'desktop', 'Windows', 'PROFESORES', 'VIEW_DETAILS', 'Visualizó la Ficha Resumen del profesor ID: 6', NULL, 6, NULL, NULL, NULL, '/diplomatic/public/academic/profesores/logAccess?action=VIEW_DETAILS&id=6', 'GET', NULL, NULL, 'NORMAL', 0, 0, '894e51f545e4792d', 'BACKEND', 'DEV', '1.0.0'),
(1110, '2026-03-02 12:32:15', 1, '5s3kfqii9tg59m2r4rbra899an', '200.8.212.43', 'Mozilla/5.0 (Windows NT 10.0; Win64; x64) AppleWebKit/537.36 (KHTML, like Gecko) Chrome/145.0.0.0 Safari/537.36', 'desktop', 'Windows', 'PROFESORES', 'EDIT_FORM', 'Abrió el expediente detallado del docente: HOMER PEREIRA', NULL, 6, NULL, NULL, NULL, '/diplomatic/public/academic/profesores/edit?id=6', 'GET', NULL, NULL, 'NORMAL', 0, 0, 'db678983987277fd', 'BACKEND', 'DEV', '1.0.0'),
(1111, '2026-03-02 12:32:20', 1, '5s3kfqii9tg59m2r4rbra899an', '200.8.212.43', 'Mozilla/5.0 (Windows NT 10.0; Win64; x64) AppleWebKit/537.36 (KHTML, like Gecko) Chrome/145.0.0.0 Safari/537.36', 'desktop', 'Windows', 'PROFESORES', 'SAVE_FORMATION', 'Guardó formación: Ingeniero Quimico', NULL, 6, NULL, NULL, NULL, '/diplomatic/public/academic/profesores/saveFormation', 'POST', NULL, NULL, 'NORMAL', 0, 0, 'e87d3d7a5f59d059', 'BACKEND', 'DEV', '1.0.0'),
(1112, '2026-03-02 12:32:20', 1, '5s3kfqii9tg59m2r4rbra899an', '200.8.212.43', 'Mozilla/5.0 (Windows NT 10.0; Win64; x64) AppleWebKit/537.36 (KHTML, like Gecko) Chrome/145.0.0.0 Safari/537.36', 'desktop', 'Windows', 'PROFESORES', 'EDIT_FORM', 'Abrió el expediente detallado del docente: HOMER PEREIRA', NULL, 6, NULL, NULL, NULL, '/diplomatic/public/academic/profesores/edit?id=6&updated=1&tab=formacion', 'GET', NULL, NULL, 'NORMAL', 0, 0, 'cbf619f6358dddb9', 'BACKEND', 'DEV', '1.0.0'),
(1113, '2026-03-02 12:33:01', 1, '5s3kfqii9tg59m2r4rbra899an', '200.8.212.43', 'Mozilla/5.0 (Windows NT 10.0; Win64; x64) AppleWebKit/537.36 (KHTML, like Gecko) Chrome/145.0.0.0 Safari/537.36', 'desktop', 'Windows', 'PROFESORES', 'UPDATE_BASE_DATA', 'Actualizó los datos básicos del docente.', NULL, 6, NULL, NULL, NULL, '/diplomatic/public/academic/profesores/updateBase', 'POST', NULL, NULL, 'NORMAL', 0, 0, '92ed49cfae69300d', 'BACKEND', 'DEV', '1.0.0'),
(1114, '2026-03-02 12:33:01', 1, '5s3kfqii9tg59m2r4rbra899an', '200.8.212.43', 'Mozilla/5.0 (Windows NT 10.0; Win64; x64) AppleWebKit/537.36 (KHTML, like Gecko) Chrome/145.0.0.0 Safari/537.36', 'desktop', 'Windows', 'PROFESORES', 'EDIT_FORM', 'Abrió el expediente detallado del docente: HOMER PEREIRA', NULL, 6, NULL, NULL, NULL, '/diplomatic/public/academic/profesores/edit?id=6&updated=1&tab=datos', 'GET', NULL, NULL, 'NORMAL', 0, 0, 'd660ea71e1b0d5df', 'BACKEND', 'DEV', '1.0.0'),
(1115, '2026-03-02 12:33:11', 1, '5s3kfqii9tg59m2r4rbra899an', '200.8.212.43', 'Mozilla/5.0 (Windows NT 10.0; Win64; x64) AppleWebKit/537.36 (KHTML, like Gecko) Chrome/145.0.0.0 Safari/537.36', 'desktop', 'Windows', 'PROFESORES', 'UPDATE_BASE_DATA', 'Actualizó los datos básicos del docente.', NULL, 6, NULL, NULL, NULL, '/diplomatic/public/academic/profesores/updateBase', 'POST', NULL, NULL, 'NORMAL', 0, 0, '72c6aa7687960605', 'BACKEND', 'DEV', '1.0.0'),
(1116, '2026-03-02 12:33:11', 1, '5s3kfqii9tg59m2r4rbra899an', '200.8.212.43', 'Mozilla/5.0 (Windows NT 10.0; Win64; x64) AppleWebKit/537.36 (KHTML, like Gecko) Chrome/145.0.0.0 Safari/537.36', 'desktop', 'Windows', 'PROFESORES', 'EDIT_FORM', 'Abrió el expediente detallado del docente: HOMER PEREIRA', NULL, 6, NULL, NULL, NULL, '/diplomatic/public/academic/profesores/edit?id=6&updated=1&tab=datos', 'GET', NULL, NULL, 'NORMAL', 0, 0, '79ad8621c64f9c9e', 'BACKEND', 'DEV', '1.0.0'),
(1117, '2026-03-02 12:33:13', 1, '5s3kfqii9tg59m2r4rbra899an', '200.8.212.43', 'Mozilla/5.0 (Windows NT 10.0; Win64; x64) AppleWebKit/537.36 (KHTML, like Gecko) Chrome/145.0.0.0 Safari/537.36', 'desktop', 'Windows', 'PROFESORES', 'ACCESS_INDEX', 'El usuario ingresó al directorio maestro de profesores.', NULL, NULL, NULL, NULL, NULL, '/diplomatic/public/academic/profesores', 'GET', NULL, NULL, 'NORMAL', 0, 0, '118ef6ba4106a26e', 'BACKEND', 'DEV', '1.0.0'),
(1118, '2026-03-02 12:33:15', 1, '5s3kfqii9tg59m2r4rbra899an', '200.8.212.43', 'Mozilla/5.0 (Windows NT 10.0; Win64; x64) AppleWebKit/537.36 (KHTML, like Gecko) Chrome/145.0.0.0 Safari/537.36', 'desktop', 'Windows', 'PROFESORES', 'VIEW_DETAILS', 'Visualizó la Ficha Resumen del profesor ID: 2', NULL, 2, NULL, NULL, NULL, '/diplomatic/public/academic/profesores/logAccess?action=VIEW_DETAILS&id=2', 'GET', NULL, NULL, 'NORMAL', 0, 0, '3309e0bb41f76d68', 'BACKEND', 'DEV', '1.0.0'),
(1119, '2026-03-02 12:40:37', 1, '5s3kfqii9tg59m2r4rbra899an', '200.8.212.43', 'Mozilla/5.0 (Windows NT 10.0; Win64; x64) AppleWebKit/537.36 (KHTML, like Gecko) Chrome/145.0.0.0 Safari/537.36', 'desktop', 'Windows', 'PROFESORES', 'ACCESS_INDEX', 'El usuario ingresó al directorio maestro de profesores.', NULL, NULL, NULL, NULL, NULL, '/diplomatic/public/academic/profesores', 'GET', NULL, NULL, 'NORMAL', 0, 0, '5d38e4d366084b17', 'BACKEND', 'DEV', '1.0.0'),
(1120, '2026-03-02 12:40:39', 1, '5s3kfqii9tg59m2r4rbra899an', '200.8.212.43', 'Mozilla/5.0 (Windows NT 10.0; Win64; x64) AppleWebKit/537.36 (KHTML, like Gecko) Chrome/145.0.0.0 Safari/537.36', 'desktop', 'Windows', 'PROFESORES', 'VIEW_DETAILS', 'Interacción de usuario: VIEW_DETAILS en ID: 6', NULL, 6, NULL, NULL, NULL, '/diplomatic/public/academic/profesores/logAccess?action=VIEW_DETAILS&id=6', 'GET', NULL, NULL, 'NORMAL', 0, 0, '7bb17a5f3a8c70d3', 'BACKEND', 'DEV', '1.0.0'),
(1121, '2026-03-02 12:40:42', 1, '5s3kfqii9tg59m2r4rbra899an', '200.8.212.43', 'Mozilla/5.0 (Windows NT 10.0; Win64; x64) AppleWebKit/537.36 (KHTML, like Gecko) Chrome/145.0.0.0 Safari/537.36', 'desktop', 'Windows', 'PROFESORES', 'VIEW_DETAILS', 'Interacción de usuario: VIEW_DETAILS en ID: 6', NULL, 6, NULL, NULL, NULL, '/diplomatic/public/academic/profesores/logAccess?action=VIEW_DETAILS&id=6', 'GET', NULL, NULL, 'NORMAL', 0, 0, 'cea5227ff37ddbf9', 'BACKEND', 'DEV', '1.0.0'),
(1122, '2026-03-02 12:40:43', 1, '5s3kfqii9tg59m2r4rbra899an', '200.8.212.43', 'Mozilla/5.0 (Windows NT 10.0; Win64; x64) AppleWebKit/537.36 (KHTML, like Gecko) Chrome/145.0.0.0 Safari/537.36', 'desktop', 'Windows', 'PROFESORES', 'EDIT_FORM', 'Abrió el expediente detallado del docente: HOMER PEREIRA', NULL, 6, NULL, NULL, NULL, '/diplomatic/public/academic/profesores/edit?id=6', 'GET', NULL, NULL, 'NORMAL', 0, 0, 'be74e428fd6bdfd1', 'BACKEND', 'DEV', '1.0.0'),
(1123, '2026-03-02 12:40:47', 1, '5s3kfqii9tg59m2r4rbra899an', '200.8.212.43', 'Mozilla/5.0 (Windows NT 10.0; Win64; x64) AppleWebKit/537.36 (KHTML, like Gecko) Chrome/145.0.0.0 Safari/537.36', 'desktop', 'Windows', 'PROFESORES', 'UPDATE_FORMATION', 'Gestión de formación: Ingeniero Quimico', NULL, 6, NULL, NULL, NULL, '/diplomatic/public/academic/profesores/saveFormation', 'POST', NULL, NULL, 'NORMAL', 0, 0, '6feb7fd7e4812354', 'BACKEND', 'DEV', '1.0.0'),
(1124, '2026-03-02 12:40:48', 1, '5s3kfqii9tg59m2r4rbra899an', '200.8.212.43', 'Mozilla/5.0 (Windows NT 10.0; Win64; x64) AppleWebKit/537.36 (KHTML, like Gecko) Chrome/145.0.0.0 Safari/537.36', 'desktop', 'Windows', 'PROFESORES', 'EDIT_FORM', 'Abrió el expediente detallado del docente: HOMER PEREIRA', NULL, 6, NULL, NULL, NULL, '/diplomatic/public/academic/profesores/edit?id=6&updated=1&tab=formacion', 'GET', NULL, NULL, 'NORMAL', 0, 0, '3818109943e5832b', 'BACKEND', 'DEV', '1.0.0'),
(1125, '2026-03-02 12:40:57', 1, '5s3kfqii9tg59m2r4rbra899an', '200.8.212.43', 'Mozilla/5.0 (Windows NT 10.0; Win64; x64) AppleWebKit/537.36 (KHTML, like Gecko) Chrome/145.0.0.0 Safari/537.36', 'desktop', 'Windows', 'PROFESORES', 'UPDATE_FORMATION', 'Gestión de formación: Ingeniero Quimico', NULL, 6, NULL, NULL, NULL, '/diplomatic/public/academic/profesores/saveFormation', 'POST', NULL, NULL, 'NORMAL', 0, 0, '669e59593da34c41', 'BACKEND', 'DEV', '1.0.0'),
(1126, '2026-03-02 12:40:57', 1, '5s3kfqii9tg59m2r4rbra899an', '200.8.212.43', 'Mozilla/5.0 (Windows NT 10.0; Win64; x64) AppleWebKit/537.36 (KHTML, like Gecko) Chrome/145.0.0.0 Safari/537.36', 'desktop', 'Windows', 'PROFESORES', 'EDIT_FORM', 'Abrió el expediente detallado del docente: HOMER PEREIRA', NULL, 6, NULL, NULL, NULL, '/diplomatic/public/academic/profesores/edit?id=6&updated=1&tab=formacion', 'GET', NULL, NULL, 'NORMAL', 0, 0, '56cb116da7d7deb9', 'BACKEND', 'DEV', '1.0.0'),
(1127, '2026-03-02 12:41:05', 1, '5s3kfqii9tg59m2r4rbra899an', '200.8.212.43', 'Mozilla/5.0 (Windows NT 10.0; Win64; x64) AppleWebKit/537.36 (KHTML, like Gecko) Chrome/145.0.0.0 Safari/537.36', 'desktop', 'Windows', 'PROFESORES', 'UPDATE_WORK', 'Gestión de experiencia: Gerente de Control de Calidad', NULL, 6, NULL, NULL, NULL, '/diplomatic/public/academic/profesores/saveWork', 'POST', NULL, NULL, 'NORMAL', 0, 0, 'bba484660b66473c', 'BACKEND', 'DEV', '1.0.0'),
(1128, '2026-03-02 12:41:06', 1, '5s3kfqii9tg59m2r4rbra899an', '200.8.212.43', 'Mozilla/5.0 (Windows NT 10.0; Win64; x64) AppleWebKit/537.36 (KHTML, like Gecko) Chrome/145.0.0.0 Safari/537.36', 'desktop', 'Windows', 'PROFESORES', 'EDIT_FORM', 'Abrió el expediente detallado del docente: HOMER PEREIRA', NULL, 6, NULL, NULL, NULL, '/diplomatic/public/academic/profesores/edit?id=6&updated=1&tab=experiencia', 'GET', NULL, NULL, 'NORMAL', 0, 0, '391a2c957e0ca413', 'BACKEND', 'DEV', '1.0.0'),
(1129, '2026-03-02 12:41:35', 1, '5s3kfqii9tg59m2r4rbra899an', '200.8.212.43', 'Mozilla/5.0 (Windows NT 10.0; Win64; x64) AppleWebKit/537.36 (KHTML, like Gecko) Chrome/145.0.0.0 Safari/537.36', 'desktop', 'Windows', 'PROFESORES', 'EDIT_FORM', 'Abrió el expediente detallado del docente: HOMER PEREIRA', NULL, 6, NULL, NULL, NULL, '/diplomatic/public/academic/profesores/edit?id=6&updated=1&tab=documentos', 'GET', NULL, NULL, 'NORMAL', 0, 0, 'e4037bbe4a546b23', 'BACKEND', 'DEV', '1.0.0'),
(1130, '2026-03-02 12:41:54', 1, '5s3kfqii9tg59m2r4rbra899an', '200.8.212.43', 'Mozilla/5.0 (Windows NT 10.0; Win64; x64) AppleWebKit/537.36 (KHTML, like Gecko) Chrome/145.0.0.0 Safari/537.36', 'desktop', 'Windows', 'PROFESORES', 'EDIT_FORM', 'Abrió el expediente detallado del docente: HOMER PEREIRA', NULL, 6, NULL, NULL, NULL, '/diplomatic/public/academic/profesores/edit?id=6&updated=1&tab=especialidades', 'GET', NULL, NULL, 'NORMAL', 0, 0, '8984d559dd7e1a70', 'BACKEND', 'DEV', '1.0.0'),
(1131, '2026-03-02 12:42:00', 1, '5s3kfqii9tg59m2r4rbra899an', '200.8.212.43', 'Mozilla/5.0 (Windows NT 10.0; Win64; x64) AppleWebKit/537.36 (KHTML, like Gecko) Chrome/145.0.0.0 Safari/537.36', 'desktop', 'Windows', 'PROFESORES', 'ACCESS_INDEX', 'El usuario ingresó al directorio maestro de profesores.', NULL, NULL, NULL, NULL, NULL, '/diplomatic/public/academic/profesores', 'GET', NULL, NULL, 'NORMAL', 0, 0, '608ab6a2d21961f0', 'BACKEND', 'DEV', '1.0.0'),
(1132, '2026-03-02 12:42:02', 1, '5s3kfqii9tg59m2r4rbra899an', '200.8.212.43', 'Mozilla/5.0 (Windows NT 10.0; Win64; x64) AppleWebKit/537.36 (KHTML, like Gecko) Chrome/145.0.0.0 Safari/537.36', 'desktop', 'Windows', 'PROFESORES', 'VIEW_DETAILS', 'Interacción de usuario: VIEW_DETAILS en ID: 6', NULL, 6, NULL, NULL, NULL, '/diplomatic/public/academic/profesores/logAccess?action=VIEW_DETAILS&id=6', 'GET', NULL, NULL, 'NORMAL', 0, 0, '10eed18410e5296b', 'BACKEND', 'DEV', '1.0.0'),
(1133, '2026-03-02 12:42:05', 1, '5s3kfqii9tg59m2r4rbra899an', '200.8.212.43', 'Mozilla/5.0 (Windows NT 10.0; Win64; x64) AppleWebKit/537.36 (KHTML, like Gecko) Chrome/145.0.0.0 Safari/537.36', 'desktop', 'Windows', 'PROFESORES', 'EDIT_FORM', 'Abrió el expediente detallado del docente: HOMER PEREIRA', NULL, 6, NULL, NULL, NULL, '/diplomatic/public/academic/profesores/edit?id=6', 'GET', NULL, NULL, 'NORMAL', 0, 0, 'ab810cf105191deb', 'BACKEND', 'DEV', '1.0.0'),
(1134, '2026-03-02 12:42:11', 1, '5s3kfqii9tg59m2r4rbra899an', '200.8.212.43', 'Mozilla/5.0 (Windows NT 10.0; Win64; x64) AppleWebKit/537.36 (KHTML, like Gecko) Chrome/145.0.0.0 Safari/537.36', 'desktop', 'Windows', 'PROFESORES', 'ACCESS_INDEX', 'El usuario ingresó al directorio maestro de profesores.', NULL, NULL, NULL, NULL, NULL, '/diplomatic/public/academic/profesores', 'GET', NULL, NULL, 'NORMAL', 0, 0, '5d8700e1bdd73a7f', 'BACKEND', 'DEV', '1.0.0'),
(1135, '2026-03-02 12:43:16', 1, '5s3kfqii9tg59m2r4rbra899an', '200.8.212.43', 'Mozilla/5.0 (Windows NT 10.0; Win64; x64) AppleWebKit/537.36 (KHTML, like Gecko) Chrome/145.0.0.0 Safari/537.36', 'desktop', 'Windows', 'PROFESORES', 'EDIT_FORM', 'Abrió el expediente detallado del docente: HOMER PEREIRA', NULL, 6, NULL, NULL, NULL, '/diplomatic/public/academic/profesores/edit?id=6', 'GET', NULL, NULL, 'NORMAL', 0, 0, 'b8edc3c8e9665c06', 'BACKEND', 'DEV', '1.0.0'),
(1136, '2026-03-02 12:43:29', 1, '5s3kfqii9tg59m2r4rbra899an', '200.8.212.43', 'Mozilla/5.0 (Windows NT 10.0; Win64; x64) AppleWebKit/537.36 (KHTML, like Gecko) Chrome/145.0.0.0 Safari/537.36', 'desktop', 'Windows', 'PROFESORES', 'ACCESS_INDEX', 'El usuario ingresó al directorio maestro de profesores.', NULL, NULL, NULL, NULL, NULL, '/diplomatic/public/academic/profesores', 'GET', NULL, NULL, 'NORMAL', 0, 0, 'd470b9cf62674fad', 'BACKEND', 'DEV', '1.0.0'),
(1137, '2026-03-02 12:43:36', 1, '5s3kfqii9tg59m2r4rbra899an', '200.8.212.43', 'Mozilla/5.0 (Windows NT 10.0; Win64; x64) AppleWebKit/537.36 (KHTML, like Gecko) Chrome/145.0.0.0 Safari/537.36', 'desktop', 'Windows', 'PROFESORES', 'DELETE_ATTEMPT', 'Interacción de usuario: DELETE_ATTEMPT en ID: 6', NULL, 6, NULL, NULL, NULL, '/diplomatic/public/academic/profesores/logAccess?action=DELETE_ATTEMPT&id=6', 'GET', NULL, NULL, 'NORMAL', 0, 0, 'a3a50e55f4384e67', 'BACKEND', 'DEV', '1.0.0'),
(1138, '2026-03-02 12:43:43', 1, '5s3kfqii9tg59m2r4rbra899an', '200.8.212.43', 'Mozilla/5.0 (Windows NT 10.0; Win64; x64) AppleWebKit/537.36 (KHTML, like Gecko) Chrome/145.0.0.0 Safari/537.36', 'desktop', 'Windows', 'SETTINGS_WP', 'ACCESS_INDEX', 'Ingresó al panel de configuración de WordPress (JWT).', NULL, NULL, NULL, NULL, NULL, '/diplomatic/public/settings/wordpress', 'GET', NULL, NULL, 'NORMAL', 0, 0, 'c2e1b34b5071949e', 'BACKEND', 'DEV', '1.0.0'),
(1139, '2026-03-02 12:43:48', 1, '5s3kfqii9tg59m2r4rbra899an', '200.8.212.43', 'Mozilla/5.0 (Windows NT 10.0; Win64; x64) AppleWebKit/537.36 (KHTML, like Gecko) Chrome/145.0.0.0 Safari/537.36', 'desktop', 'Windows', 'SETTINGS_WP', 'SYNC_PROF_DEV', 'Intento de subir profesor (Módulo en desarrollo).', NULL, 6, NULL, NULL, NULL, '/diplomatic/public/settings/wordpress/sync-prof', 'POST', NULL, NULL, 'NORMAL', 0, 0, 'f4c772f409539f24', 'BACKEND', 'DEV', '1.0.0'),
(1140, '2026-03-02 12:43:49', 1, '5s3kfqii9tg59m2r4rbra899an', '200.8.212.43', 'Mozilla/5.0 (Windows NT 10.0; Win64; x64) AppleWebKit/537.36 (KHTML, like Gecko) Chrome/145.0.0.0 Safari/537.36', 'desktop', 'Windows', 'SETTINGS_WP', 'ACCESS_INDEX', 'Ingresó al panel de configuración de WordPress (JWT).', NULL, NULL, NULL, NULL, NULL, '/diplomatic/public/settings/wordpress?dev=1', 'GET', NULL, NULL, 'NORMAL', 0, 0, '5aff4fcffb43b9fe', 'BACKEND', 'DEV', '1.0.0'),
(1141, '2026-03-02 12:43:55', 1, '5s3kfqii9tg59m2r4rbra899an', '200.8.212.43', 'Mozilla/5.0 (Windows NT 10.0; Win64; x64) AppleWebKit/537.36 (KHTML, like Gecko) Chrome/145.0.0.0 Safari/537.36', 'desktop', 'Windows', 'ACADEMIC_MANAGEMENT', 'ACCESS', 'Entró al panel de Gestión Académica.', NULL, NULL, NULL, NULL, NULL, '/diplomatic/public/academic', 'GET', NULL, NULL, 'NORMAL', 0, 0, '76526a436e45ebe1', 'BACKEND', 'DEV', '1.0.0'),
(1142, '2026-03-02 12:44:08', 1, '5s3kfqii9tg59m2r4rbra899an', '200.8.212.43', 'Mozilla/5.0 (Windows NT 10.0; Win64; x64) AppleWebKit/537.36 (KHTML, like Gecko) Chrome/145.0.0.0 Safari/537.36', 'desktop', 'Windows', 'PROFESORES', 'ACCESS_INDEX', 'El usuario ingresó al directorio maestro de profesores.', NULL, NULL, NULL, NULL, NULL, '/diplomatic/public/academic/profesores', 'GET', NULL, NULL, 'NORMAL', 0, 0, '824d7f854fa604cc', 'BACKEND', 'DEV', '1.0.0'),
(1143, '2026-03-02 12:44:22', 1, '5s3kfqii9tg59m2r4rbra899an', '200.8.212.43', 'Mozilla/5.0 (Windows NT 10.0; Win64; x64) AppleWebKit/537.36 (KHTML, like Gecko) Chrome/145.0.0.0 Safari/537.36', 'desktop', 'Windows', 'PROFESORES', 'EDIT_FORM', 'Abrió el expediente detallado del docente: EMCA PEREIRA', NULL, 8, NULL, NULL, NULL, '/diplomatic/public/academic/profesores/edit?id=8&created=1&tab=datos', 'GET', NULL, NULL, 'NORMAL', 0, 0, '399fb3a8b4c80ffb', 'BACKEND', 'DEV', '1.0.0'),
(1144, '2026-03-02 12:44:26', 1, '5s3kfqii9tg59m2r4rbra899an', '200.8.212.43', 'Mozilla/5.0 (Windows NT 10.0; Win64; x64) AppleWebKit/537.36 (KHTML, like Gecko) Chrome/145.0.0.0 Safari/537.36', 'desktop', 'Windows', 'PROFESORES', 'ACCESS_INDEX', 'El usuario ingresó al directorio maestro de profesores.', NULL, NULL, NULL, NULL, NULL, '/diplomatic/public/academic/profesores', 'GET', NULL, NULL, 'NORMAL', 0, 0, 'b112f1c2fc6a47aa', 'BACKEND', 'DEV', '1.0.0'),
(1145, '2026-03-02 12:44:28', 1, '5s3kfqii9tg59m2r4rbra899an', '200.8.212.43', 'Mozilla/5.0 (Windows NT 10.0; Win64; x64) AppleWebKit/537.36 (KHTML, like Gecko) Chrome/145.0.0.0 Safari/537.36', 'desktop', 'Windows', 'PROFESORES', 'DELETE_ATTEMPT', 'Interacción de usuario: DELETE_ATTEMPT en ID: 8', NULL, 8, NULL, NULL, NULL, '/diplomatic/public/academic/profesores/logAccess?action=DELETE_ATTEMPT&id=8', 'GET', NULL, NULL, 'NORMAL', 0, 0, '88918d9af867992e', 'BACKEND', 'DEV', '1.0.0'),
(1146, '2026-03-02 12:44:30', 1, '5s3kfqii9tg59m2r4rbra899an', '200.8.212.43', 'Mozilla/5.0 (Windows NT 10.0; Win64; x64) AppleWebKit/537.36 (KHTML, like Gecko) Chrome/145.0.0.0 Safari/537.36', 'desktop', 'Windows', 'PROFESORES', 'ACCESS_INDEX', 'El usuario ingresó al directorio maestro de profesores.', NULL, NULL, NULL, NULL, NULL, '/diplomatic/public/academic/profesores?deleted=1', 'GET', NULL, NULL, 'NORMAL', 0, 0, '58ece96a8c3a0192', 'BACKEND', 'DEV', '1.0.0'),
(1147, '2026-03-02 12:44:36', 1, '5s3kfqii9tg59m2r4rbra899an', '200.8.212.43', 'Mozilla/5.0 (Windows NT 10.0; Win64; x64) AppleWebKit/537.36 (KHTML, like Gecko) Chrome/145.0.0.0 Safari/537.36', 'desktop', 'Windows', 'SETTINGS_WP', 'ACCESS_INDEX', 'Ingresó al panel de configuración de WordPress (JWT).', NULL, NULL, NULL, NULL, NULL, '/diplomatic/public/settings/wordpress', 'GET', NULL, NULL, 'NORMAL', 0, 0, 'd26f42dba280431d', 'BACKEND', 'DEV', '1.0.0'),
(1148, '2026-03-02 12:44:43', 1, '5s3kfqii9tg59m2r4rbra899an', '200.8.212.43', 'Mozilla/5.0 (Windows NT 10.0; Win64; x64) AppleWebKit/537.36 (KHTML, like Gecko) Chrome/145.0.0.0 Safari/537.36', 'desktop', 'Windows', 'ACADEMIC_MANAGEMENT', 'ACCESS', 'Entró al panel de Gestión Académica.', NULL, NULL, NULL, NULL, NULL, '/diplomatic/public/academic', 'GET', NULL, NULL, 'NORMAL', 0, 0, '551c3d3ff14f91d0', 'BACKEND', 'DEV', '1.0.0'),
(1149, '2026-03-02 12:45:04', 1, '5s3kfqii9tg59m2r4rbra899an', '200.8.212.43', 'Mozilla/5.0 (Windows NT 10.0; Win64; x64) AppleWebKit/537.36 (KHTML, like Gecko) Chrome/145.0.0.0 Safari/537.36', 'desktop', 'Windows', 'ACADEMIC_DIPLOMADOS', 'ACCESS', 'Ingreso al listado de diplomados.', NULL, NULL, NULL, NULL, NULL, '/diplomatic/public/academic/diplomados', 'GET', NULL, NULL, 'NORMAL', 0, 0, '710d57b453c4954f', 'BACKEND', 'DEV', '1.0.0'),
(1150, '2026-03-02 12:45:08', 1, '5s3kfqii9tg59m2r4rbra899an', '200.8.212.43', 'Mozilla/5.0 (Windows NT 10.0; Win64; x64) AppleWebKit/537.36 (KHTML, like Gecko) Chrome/145.0.0.0 Safari/537.36', 'desktop', 'Windows', 'ACADEMIC_DIPLOMADOS', 'CREATE_ACCESS', 'Entró a crear un nuevo diplomado.', NULL, NULL, NULL, NULL, NULL, '/diplomatic/public/academic/diplomados/create', 'GET', NULL, NULL, 'NORMAL', 0, 0, '09338a7b1137e5cf', 'BACKEND', 'DEV', '1.0.0'),
(1151, '2026-03-02 12:45:10', 1, '5s3kfqii9tg59m2r4rbra899an', '200.8.212.43', 'Mozilla/5.0 (Windows NT 10.0; Win64; x64) AppleWebKit/537.36 (KHTML, like Gecko) Chrome/145.0.0.0 Safari/537.36', 'desktop', 'Windows', 'ACADEMIC_DIPLOMADOS', 'ACCESS', 'Ingreso al listado de diplomados.', NULL, NULL, NULL, NULL, NULL, '/diplomatic/public/academic/diplomados', 'GET', NULL, NULL, 'NORMAL', 0, 0, '4175d9a0d4cdd7bd', 'BACKEND', 'DEV', '1.0.0'),
(1152, '2026-03-02 12:45:14', 1, '5s3kfqii9tg59m2r4rbra899an', '200.8.212.43', 'Mozilla/5.0 (Windows NT 10.0; Win64; x64) AppleWebKit/537.36 (KHTML, like Gecko) Chrome/145.0.0.0 Safari/537.36', 'desktop', 'Windows', 'ACADEMIC_DIPLOMADOS', 'CREATE_ACCESS', 'Entró a crear un nuevo diplomado.', NULL, NULL, NULL, NULL, NULL, '/diplomatic/public/academic/diplomados/create', 'GET', NULL, NULL, 'NORMAL', 0, 0, '263ddeb82a3e3822', 'BACKEND', 'DEV', '1.0.0'),
(1153, '2026-03-02 12:45:19', 1, '5s3kfqii9tg59m2r4rbra899an', '200.8.212.43', 'Mozilla/5.0 (Windows NT 10.0; Win64; x64) AppleWebKit/537.36 (KHTML, like Gecko) Chrome/145.0.0.0 Safari/537.36', 'desktop', 'Windows', 'ACADEMIC_DIPLOMADOS', 'ACCESS', 'Ingreso al listado de diplomados.', NULL, NULL, NULL, NULL, NULL, '/diplomatic/public/academic/diplomados', 'GET', NULL, NULL, 'NORMAL', 0, 0, 'ae0a4210007abd78', 'BACKEND', 'DEV', '1.0.0'),
(1154, '2026-03-02 12:45:22', 1, '5s3kfqii9tg59m2r4rbra899an', '200.8.212.43', 'Mozilla/5.0 (Windows NT 10.0; Win64; x64) AppleWebKit/537.36 (KHTML, like Gecko) Chrome/145.0.0.0 Safari/537.36', 'desktop', 'Windows', 'ACADEMIC_MANAGEMENT', 'ACCESS', 'Entró al panel de Gestión Académica.', NULL, NULL, NULL, NULL, NULL, '/diplomatic/public/academic', 'GET', NULL, NULL, 'NORMAL', 0, 0, '478e6e93f4439a25', 'BACKEND', 'DEV', '1.0.0'),
(1155, '2026-03-02 12:45:25', 1, '5s3kfqii9tg59m2r4rbra899an', '200.8.212.43', 'Mozilla/5.0 (Windows NT 10.0; Win64; x64) AppleWebKit/537.36 (KHTML, like Gecko) Chrome/145.0.0.0 Safari/537.36', 'desktop', 'Windows', 'GRUPOS', 'ACCESS_INDEX', 'Ingresó al módulo maestro de Grupos.', NULL, NULL, NULL, NULL, NULL, '/diplomatic/public/academic/grupos', 'GET', NULL, NULL, 'NORMAL', 0, 0, '857830a430fbaac5', 'BACKEND', 'DEV', '1.0.0'),
(1156, '2026-03-02 12:45:27', 1, '5s3kfqii9tg59m2r4rbra899an', '200.8.212.43', 'Mozilla/5.0 (Windows NT 10.0; Win64; x64) AppleWebKit/537.36 (KHTML, like Gecko) Chrome/145.0.0.0 Safari/537.36', 'desktop', 'Windows', 'GRUPOS', 'CREATE_FORM', 'Abrió el formulario para crear un nuevo grupo.', NULL, NULL, NULL, NULL, NULL, '/diplomatic/public/academic/grupos/logAccess?action=CREATE_FORM', 'GET', NULL, NULL, 'NORMAL', 0, 0, '517894600a4253d8', 'BACKEND', 'DEV', '1.0.0'),
(1157, '2026-03-02 12:45:33', 1, '5s3kfqii9tg59m2r4rbra899an', '200.8.212.43', 'Mozilla/5.0 (Windows NT 10.0; Win64; x64) AppleWebKit/537.36 (KHTML, like Gecko) Chrome/145.0.0.0 Safari/537.36', 'desktop', 'Windows', 'GRUPOS', 'EDIT_FORM', 'Abrió el formulario de edición para el grupo: ONLINE', NULL, 3, NULL, NULL, NULL, '/diplomatic/public/academic/grupos/logAccess?action=EDIT_FORM&id=3', 'GET', NULL, NULL, 'NORMAL', 0, 0, '8ba32170aa08aec8', 'BACKEND', 'DEV', '1.0.0'),
(1158, '2026-03-02 12:45:37', 1, '5s3kfqii9tg59m2r4rbra899an', '200.8.212.43', 'Mozilla/5.0 (Windows NT 10.0; Win64; x64) AppleWebKit/537.36 (KHTML, like Gecko) Chrome/145.0.0.0 Safari/537.36', 'desktop', 'Windows', 'ACADEMIC_MANAGEMENT', 'ACCESS', 'Entró al panel de Gestión Académica.', NULL, NULL, NULL, NULL, NULL, '/diplomatic/public/academic', 'GET', NULL, NULL, 'NORMAL', 0, 0, '6e603787519d414d', 'BACKEND', 'DEV', '1.0.0'),
(1159, '2026-03-02 12:45:39', 1, '5s3kfqii9tg59m2r4rbra899an', '200.8.212.43', 'Mozilla/5.0 (Windows NT 10.0; Win64; x64) AppleWebKit/537.36 (KHTML, like Gecko) Chrome/145.0.0.0 Safari/537.36', 'desktop', 'Windows', 'ACADEMIC_DIPLOMADOS', 'ACCESS', 'Ingreso al listado de diplomados.', NULL, NULL, NULL, NULL, NULL, '/diplomatic/public/academic/diplomados', 'GET', NULL, NULL, 'NORMAL', 0, 0, '1d7cfbbd08c3357e', 'BACKEND', 'DEV', '1.0.0'),
(1160, '2026-03-02 12:45:40', 1, '5s3kfqii9tg59m2r4rbra899an', '200.8.212.43', 'Mozilla/5.0 (Windows NT 10.0; Win64; x64) AppleWebKit/537.36 (KHTML, like Gecko) Chrome/145.0.0.0 Safari/537.36', 'desktop', 'Windows', 'ACADEMIC_DIPLOMADOS', 'PREVIEW', 'Vio la vista previa de: DIPLOMADO EN MEDICINA LEGAL Y\r\nCIENCIAS FORENSES ', NULL, NULL, NULL, NULL, NULL, '/diplomatic/public/academic/diplomados/getDetails?id=2', 'GET', NULL, NULL, 'NORMAL', 0, 0, 'dbb67578f41e8c50', 'BACKEND', 'DEV', '1.0.0'),
(1161, '2026-03-02 12:45:46', 1, '5s3kfqii9tg59m2r4rbra899an', '200.8.212.43', 'Mozilla/5.0 (Windows NT 10.0; Win64; x64) AppleWebKit/537.36 (KHTML, like Gecko) Chrome/145.0.0.0 Safari/537.36', 'desktop', 'Windows', 'ACADEMIC_MANAGEMENT', 'ACCESS', 'Entró al panel de Gestión Académica.', NULL, NULL, NULL, NULL, NULL, '/diplomatic/public/academic', 'GET', NULL, NULL, 'NORMAL', 0, 0, '9acddbd2ea2732a5', 'BACKEND', 'DEV', '1.0.0'),
(1162, '2026-03-02 12:45:48', 1, '5s3kfqii9tg59m2r4rbra899an', '200.8.212.43', 'Mozilla/5.0 (Windows NT 10.0; Win64; x64) AppleWebKit/537.36 (KHTML, like Gecko) Chrome/145.0.0.0 Safari/537.36', 'desktop', 'Windows', 'PROFESORES', 'ACCESS_INDEX', 'El usuario ingresó al directorio maestro de profesores.', NULL, NULL, NULL, NULL, NULL, '/diplomatic/public/academic/profesores', 'GET', NULL, NULL, 'NORMAL', 0, 0, 'e95610eed14d22fe', 'BACKEND', 'DEV', '1.0.0'),
(1163, '2026-03-02 12:45:49', 1, '5s3kfqii9tg59m2r4rbra899an', '200.8.212.43', 'Mozilla/5.0 (Windows NT 10.0; Win64; x64) AppleWebKit/537.36 (KHTML, like Gecko) Chrome/145.0.0.0 Safari/537.36', 'desktop', 'Windows', 'PROFESORES', 'VIEW_DETAILS', 'Interacción de usuario: VIEW_DETAILS en ID: 6', NULL, 6, NULL, NULL, NULL, '/diplomatic/public/academic/profesores/logAccess?action=VIEW_DETAILS&id=6', 'GET', NULL, NULL, 'NORMAL', 0, 0, 'e46d400f692babb8', 'BACKEND', 'DEV', '1.0.0'),
(1164, '2026-03-02 12:45:53', 1, '5s3kfqii9tg59m2r4rbra899an', '200.8.212.43', 'Mozilla/5.0 (Windows NT 10.0; Win64; x64) AppleWebKit/537.36 (KHTML, like Gecko) Chrome/145.0.0.0 Safari/537.36', 'desktop', 'Windows', 'ACADEMIC_MANAGEMENT', 'ACCESS', 'Entró al panel de Gestión Académica.', NULL, NULL, NULL, NULL, NULL, '/diplomatic/public/academic', 'GET', NULL, NULL, 'NORMAL', 0, 0, '44d102eb35c47596', 'BACKEND', 'DEV', '1.0.0'),
(1165, '2026-03-02 12:45:55', 1, '5s3kfqii9tg59m2r4rbra899an', '200.8.212.43', 'Mozilla/5.0 (Windows NT 10.0; Win64; x64) AppleWebKit/537.36 (KHTML, like Gecko) Chrome/145.0.0.0 Safari/537.36', 'desktop', 'Windows', 'PROFESORES', 'ACCESS_INDEX', 'El usuario ingresó al directorio maestro de profesores.', NULL, NULL, NULL, NULL, NULL, '/diplomatic/public/academic/profesores', 'GET', NULL, NULL, 'NORMAL', 0, 0, '1cd6d70f0d2584fb', 'BACKEND', 'DEV', '1.0.0'),
(1166, '2026-03-02 12:46:08', 1, '5s3kfqii9tg59m2r4rbra899an', '200.8.212.43', 'Mozilla/5.0 (Windows NT 10.0; Win64; x64) AppleWebKit/537.36 (KHTML, like Gecko) Chrome/145.0.0.0 Safari/537.36', 'desktop', 'Windows', 'ACADEMIC_MANAGEMENT', 'ACCESS', 'Entró al panel de Gestión Académica.', NULL, NULL, NULL, NULL, NULL, '/diplomatic/public/academic', 'GET', NULL, NULL, 'NORMAL', 0, 0, 'bae4344025a8be62', 'BACKEND', 'DEV', '1.0.0'),
(1167, '2026-03-02 12:46:12', 1, '5s3kfqii9tg59m2r4rbra899an', '200.8.212.43', 'Mozilla/5.0 (Windows NT 10.0; Win64; x64) AppleWebKit/537.36 (KHTML, like Gecko) Chrome/145.0.0.0 Safari/537.36', 'desktop', 'Windows', 'ACADEMIC_DIPLOMADOS', 'ACCESS', 'Ingreso al listado de diplomados.', NULL, NULL, NULL, NULL, NULL, '/diplomatic/public/academic/diplomados', 'GET', NULL, NULL, 'NORMAL', 0, 0, '9600b670d168f230', 'BACKEND', 'DEV', '1.0.0'),
(1168, '2026-03-02 12:46:14', 1, '5s3kfqii9tg59m2r4rbra899an', '200.8.212.43', 'Mozilla/5.0 (Windows NT 10.0; Win64; x64) AppleWebKit/537.36 (KHTML, like Gecko) Chrome/145.0.0.0 Safari/537.36', 'desktop', 'Windows', 'ACADEMIC_DIPLOMADOS', 'PREVIEW', 'Vio la vista previa de: DIPLOMADO EN MEDICINA LEGAL Y\r\nCIENCIAS FORENSES ', NULL, NULL, NULL, NULL, NULL, '/diplomatic/public/academic/diplomados/getDetails?id=2', 'GET', NULL, NULL, 'NORMAL', 0, 0, 'e167858115ae6810', 'BACKEND', 'DEV', '1.0.0'),
(1169, '2026-03-02 12:46:16', 1, '5s3kfqii9tg59m2r4rbra899an', '200.8.212.43', 'Mozilla/5.0 (Windows NT 10.0; Win64; x64) AppleWebKit/537.36 (KHTML, like Gecko) Chrome/145.0.0.0 Safari/537.36', 'desktop', 'Windows', 'ACADEMIC_DIPLOMADOS', 'EDIT_ACCESS', 'Entró a editar el diplomado: DIPLOMADO EN MEDICINA LEGAL Y\r\nCIENCIAS FORENSES ', NULL, 2, NULL, NULL, NULL, '/diplomatic/public/academic/diplomados/edit?id=2', 'GET', NULL, NULL, 'NORMAL', 0, 0, 'b8174617c79e371a', 'BACKEND', 'DEV', '1.0.0'),
(1170, '2026-03-02 12:46:24', 1, '5s3kfqii9tg59m2r4rbra899an', '200.8.212.43', 'Mozilla/5.0 (Windows NT 10.0; Win64; x64) AppleWebKit/537.36 (KHTML, like Gecko) Chrome/145.0.0.0 Safari/537.36', 'desktop', 'Windows', 'ACADEMIC_DIPLOMADOS', 'ACCESS', 'Ingreso al listado de diplomados.', NULL, NULL, NULL, NULL, NULL, '/diplomatic/public/academic/diplomados', 'GET', NULL, NULL, 'NORMAL', 0, 0, '2ece10534ffd5b6c', 'BACKEND', 'DEV', '1.0.0'),
(1171, '2026-03-02 12:46:36', 1, '5s3kfqii9tg59m2r4rbra899an', '200.8.212.43', 'Mozilla/5.0 (Windows NT 10.0; Win64; x64) AppleWebKit/537.36 (KHTML, like Gecko) Chrome/145.0.0.0 Safari/537.36', 'desktop', 'Windows', 'USUARIOS', 'UPDATE', 'Se actualizó al usuario: JORGE LUIS PEREIRA OLIVARES (ID: 20)', NULL, NULL, NULL, NULL, NULL, '/diplomatic/public/users/save', 'POST', NULL, NULL, 'NORMAL', 0, 0, 'f896f265321d1a15', 'BACKEND', 'DEV', '1.0.0'),
(1172, '2026-03-02 12:46:43', 1, '5s3kfqii9tg59m2r4rbra899an', '200.8.212.43', 'Mozilla/5.0 (Windows NT 10.0; Win64; x64) AppleWebKit/537.36 (KHTML, like Gecko) Chrome/145.0.0.0 Safari/537.36', 'desktop', 'Windows', 'ACADEMIC_MANAGEMENT', 'ACCESS', 'Entró al panel de Gestión Académica.', NULL, NULL, NULL, NULL, NULL, '/diplomatic/public/academic', 'GET', NULL, NULL, 'NORMAL', 0, 0, '12eece8a4912f1df', 'BACKEND', 'DEV', '1.0.0'),
(1173, '2026-03-02 12:46:45', 1, '5s3kfqii9tg59m2r4rbra899an', '200.8.212.43', 'Mozilla/5.0 (Windows NT 10.0; Win64; x64) AppleWebKit/537.36 (KHTML, like Gecko) Chrome/145.0.0.0 Safari/537.36', 'desktop', 'Windows', 'COHORTES', 'ACCESS_INDEX', 'El usuario ingresó al panel maestro de cohortes.', NULL, NULL, NULL, NULL, NULL, '/diplomatic/public/academic/cohortes', 'GET', NULL, NULL, 'NORMAL', 0, 0, 'ed27fe2808c85696', 'BACKEND', 'DEV', '1.0.0'),
(1174, '2026-03-02 12:46:47', 1, '5s3kfqii9tg59m2r4rbra899an', '200.8.212.43', 'Mozilla/5.0 (Windows NT 10.0; Win64; x64) AppleWebKit/537.36 (KHTML, like Gecko) Chrome/145.0.0.0 Safari/537.36', 'desktop', 'Windows', 'COHORTES', 'VIEW_DETAILS', 'Visualizó la ficha técnica de la cohorte: [2026-I] Cohorte ENERO - MAYO - 2026', NULL, 1, NULL, NULL, NULL, '/diplomatic/public/academic/cohortes/logAccess?action=VIEW_DETAILS&id=1', 'GET', NULL, NULL, 'NORMAL', 0, 0, 'cdc32b3f6a51f60d', 'BACKEND', 'DEV', '1.0.0'),
(1175, '2026-03-02 12:46:53', 1, '5s3kfqii9tg59m2r4rbra899an', '200.8.212.43', 'Mozilla/5.0 (Windows NT 10.0; Win64; x64) AppleWebKit/537.36 (KHTML, like Gecko) Chrome/145.0.0.0 Safari/537.36', 'desktop', 'Windows', 'COHORTES', 'CREATE_FORM', 'Abrió el formulario para crear una nueva cohorte.', NULL, NULL, NULL, NULL, NULL, '/diplomatic/public/academic/cohortes/logAccess?action=CREATE_FORM', 'GET', NULL, NULL, 'NORMAL', 0, 0, '0b5641dcc68f079e', 'BACKEND', 'DEV', '1.0.0'),
(1176, '2026-03-02 12:47:50', 1, '5s3kfqii9tg59m2r4rbra899an', '200.8.212.43', 'Mozilla/5.0 (Windows NT 10.0; Win64; x64) AppleWebKit/537.36 (KHTML, like Gecko) Chrome/145.0.0.0 Safari/537.36', 'desktop', 'Windows', 'COHORTES', 'CREATE_FORM', 'Abrió el formulario para crear una nueva cohorte.', NULL, NULL, NULL, NULL, NULL, '/diplomatic/public/academic/cohortes/logAccess?action=CREATE_FORM', 'GET', NULL, NULL, 'NORMAL', 0, 0, '1869a11e380963a6', 'BACKEND', 'DEV', '1.0.0'),
(1177, '2026-03-02 13:00:34', 1, '5s3kfqii9tg59m2r4rbra899an', '200.8.212.43', 'Mozilla/5.0 (Windows NT 10.0; Win64; x64) AppleWebKit/537.36 (KHTML, like Gecko) Chrome/145.0.0.0 Safari/537.36', 'desktop', 'Windows', 'COHORTES', 'CREATE_FORM', 'Abrió el formulario para crear una nueva cohorte.', NULL, NULL, NULL, NULL, NULL, '/diplomatic/public/academic/cohortes/logAccess?action=CREATE_FORM', 'GET', NULL, NULL, 'NORMAL', 0, 0, '53dcb0130da5d04c', 'BACKEND', 'DEV', '1.0.0'),
(1178, '2026-03-02 13:03:48', 1, '5s3kfqii9tg59m2r4rbra899an', '200.8.212.43', 'Mozilla/5.0 (Windows NT 10.0; Win64; x64) AppleWebKit/537.36 (KHTML, like Gecko) Chrome/145.0.0.0 Safari/537.36', 'desktop', 'Windows', 'ACADEMIC_MANAGEMENT', 'ACCESS', 'Entró al panel de Gestión Académica.', NULL, NULL, NULL, NULL, NULL, '/diplomatic/public/academic', 'GET', NULL, NULL, 'NORMAL', 0, 0, '42e88daf4ee853a2', 'BACKEND', 'DEV', '1.0.0'),
(1179, '2026-03-02 13:03:52', 1, '5s3kfqii9tg59m2r4rbra899an', '200.8.212.43', 'Mozilla/5.0 (Windows NT 10.0; Win64; x64) AppleWebKit/537.36 (KHTML, like Gecko) Chrome/145.0.0.0 Safari/537.36', 'desktop', 'Windows', 'ACADEMIC_MANAGEMENT', 'ACCESS', 'Entró al panel de Gestión Académica.', NULL, NULL, NULL, NULL, NULL, '/diplomatic/public/academic', 'GET', NULL, NULL, 'NORMAL', 0, 0, 'b7b5b3d40eb42368', 'BACKEND', 'DEV', '1.0.0'),
(1180, '2026-03-02 13:08:57', 1, '5s3kfqii9tg59m2r4rbra899an', '200.8.212.43', 'Mozilla/5.0 (Windows NT 10.0; Win64; x64) AppleWebKit/537.36 (KHTML, like Gecko) Chrome/145.0.0.0 Safari/537.36', 'desktop', 'Windows', 'ACADEMIC_MANAGEMENT', 'ACCESS', 'Entró al panel de Gestión Académica.', NULL, NULL, NULL, NULL, NULL, '/diplomatic/public/academic', 'GET', NULL, NULL, 'NORMAL', 0, 0, 'b580cbae023f6c89', 'BACKEND', 'DEV', '1.0.0'),
(1181, '2026-03-02 13:08:58', 1, '5s3kfqii9tg59m2r4rbra899an', '200.8.212.43', 'Mozilla/5.0 (Windows NT 10.0; Win64; x64) AppleWebKit/537.36 (KHTML, like Gecko) Chrome/145.0.0.0 Safari/537.36', 'desktop', 'Windows', 'SEDES', 'ACCESS_INDEX', 'El usuario ingresó al panel de administración de sedes.', NULL, NULL, NULL, NULL, NULL, '/diplomatic/public/academic/campuses', 'GET', NULL, NULL, 'NORMAL', 0, 0, 'cf3fbe44f0b85d57', 'BACKEND', 'DEV', '1.0.0'),
(1182, '2026-03-02 13:09:08', 1, '5s3kfqii9tg59m2r4rbra899an', '200.8.212.43', 'Mozilla/5.0 (Windows NT 10.0; Win64; x64) AppleWebKit/537.36 (KHTML, like Gecko) Chrome/145.0.0.0 Safari/537.36', 'desktop', 'Windows', 'SEDES', 'UPDATE_SUCCESS', 'Actualizó la información de la sede ID: 4', NULL, 4, NULL, NULL, NULL, '/diplomatic/public/academic/campuses/update', 'POST', NULL, NULL, 'NORMAL', 0, 0, '6e6dff5737e8b6ca', 'BACKEND', 'DEV', '1.0.0'),
(1183, '2026-03-02 13:09:08', 1, '5s3kfqii9tg59m2r4rbra899an', '200.8.212.43', 'Mozilla/5.0 (Windows NT 10.0; Win64; x64) AppleWebKit/537.36 (KHTML, like Gecko) Chrome/145.0.0.0 Safari/537.36', 'desktop', 'Windows', 'SEDES', 'ACCESS_INDEX', 'El usuario ingresó al panel de administración de sedes.', NULL, NULL, NULL, NULL, NULL, '/diplomatic/public/academic/campuses?updated=1', 'GET', NULL, NULL, 'NORMAL', 0, 0, 'bec5567cc78c1073', 'BACKEND', 'DEV', '1.0.0'),
(1184, '2026-03-02 13:09:12', 1, '5s3kfqii9tg59m2r4rbra899an', '200.8.212.43', 'Mozilla/5.0 (Windows NT 10.0; Win64; x64) AppleWebKit/537.36 (KHTML, like Gecko) Chrome/145.0.0.0 Safari/537.36', 'desktop', 'Windows', 'ACADEMIC_MANAGEMENT', 'ACCESS', 'Entró al panel de Gestión Académica.', NULL, NULL, NULL, NULL, NULL, '/diplomatic/public/academic', 'GET', NULL, NULL, 'NORMAL', 0, 0, '489b85ac4353f184', 'BACKEND', 'DEV', '1.0.0'),
(1185, '2026-03-02 13:09:15', 1, '5s3kfqii9tg59m2r4rbra899an', '200.8.212.43', 'Mozilla/5.0 (Windows NT 10.0; Win64; x64) AppleWebKit/537.36 (KHTML, like Gecko) Chrome/145.0.0.0 Safari/537.36', 'desktop', 'Windows', 'COHORTES', 'ACCESS_INDEX', 'El usuario ingresó al panel maestro de cohortes.', NULL, NULL, NULL, NULL, NULL, '/diplomatic/public/academic/cohortes', 'GET', NULL, NULL, 'NORMAL', 0, 0, '01b85e43ab6c4c10', 'BACKEND', 'DEV', '1.0.0'),
(1186, '2026-03-02 13:09:20', 1, '5s3kfqii9tg59m2r4rbra899an', '200.8.212.43', 'Mozilla/5.0 (Windows NT 10.0; Win64; x64) AppleWebKit/537.36 (KHTML, like Gecko) Chrome/145.0.0.0 Safari/537.36', 'desktop', 'Windows', 'ACADEMIC_MANAGEMENT', 'ACCESS', 'Entró al panel de Gestión Académica.', NULL, NULL, NULL, NULL, NULL, '/diplomatic/public/academic', 'GET', NULL, NULL, 'NORMAL', 0, 0, '695285d43d900072', 'BACKEND', 'DEV', '1.0.0'),
(1187, '2026-03-02 13:09:21', 1, '5s3kfqii9tg59m2r4rbra899an', '200.8.212.43', 'Mozilla/5.0 (Windows NT 10.0; Win64; x64) AppleWebKit/537.36 (KHTML, like Gecko) Chrome/145.0.0.0 Safari/537.36', 'desktop', 'Windows', 'ACADEMIC_DIPLOMADOS', 'ACCESS', 'Ingreso al listado de diplomados.', NULL, NULL, NULL, NULL, NULL, '/diplomatic/public/academic/diplomados', 'GET', NULL, NULL, 'NORMAL', 0, 0, '2ee0cf2a80245158', 'BACKEND', 'DEV', '1.0.0'),
(1188, '2026-03-02 13:09:23', 1, '5s3kfqii9tg59m2r4rbra899an', '200.8.212.43', 'Mozilla/5.0 (Windows NT 10.0; Win64; x64) AppleWebKit/537.36 (KHTML, like Gecko) Chrome/145.0.0.0 Safari/537.36', 'desktop', 'Windows', 'ACADEMIC_MANAGEMENT', 'ACCESS', 'Entró al panel de Gestión Académica.', NULL, NULL, NULL, NULL, NULL, '/diplomatic/public/academic', 'GET', NULL, NULL, 'NORMAL', 0, 0, '1d3da572ee4f5a01', 'BACKEND', 'DEV', '1.0.0'),
(1189, '2026-03-02 13:09:46', 1, '5s3kfqii9tg59m2r4rbra899an', '200.8.212.43', 'Mozilla/5.0 (Windows NT 10.0; Win64; x64) AppleWebKit/537.36 (KHTML, like Gecko) Chrome/145.0.0.0 Safari/537.36', 'desktop', 'Windows', 'COHORTES', 'ACCESS_INDEX', 'El usuario ingresó al panel maestro de cohortes.', NULL, NULL, NULL, NULL, NULL, '/diplomatic/public/academic/cohortes', 'GET', NULL, NULL, 'NORMAL', 0, 0, '92ca093547e9b74c', 'BACKEND', 'DEV', '1.0.0'),
(1190, '2026-03-02 13:09:48', 1, '5s3kfqii9tg59m2r4rbra899an', '200.8.212.43', 'Mozilla/5.0 (Windows NT 10.0; Win64; x64) AppleWebKit/537.36 (KHTML, like Gecko) Chrome/145.0.0.0 Safari/537.36', 'desktop', 'Windows', 'ACADEMIC_MANAGEMENT', 'ACCESS', 'Entró al panel de Gestión Académica.', NULL, NULL, NULL, NULL, NULL, '/diplomatic/public/academic', 'GET', NULL, NULL, 'NORMAL', 0, 0, 'bd25ff9d41c05ca4', 'BACKEND', 'DEV', '1.0.0'),
(1191, '2026-03-02 13:09:50', 1, '5s3kfqii9tg59m2r4rbra899an', '200.8.212.43', 'Mozilla/5.0 (Windows NT 10.0; Win64; x64) AppleWebKit/537.36 (KHTML, like Gecko) Chrome/145.0.0.0 Safari/537.36', 'desktop', 'Windows', 'GRUPOS', 'ACCESS_INDEX', 'Ingresó al módulo maestro de Grupos.', NULL, NULL, NULL, NULL, NULL, '/diplomatic/public/academic/grupos', 'GET', NULL, NULL, 'NORMAL', 0, 0, '374e51139832e4bc', 'BACKEND', 'DEV', '1.0.0'),
(1192, '2026-03-02 13:11:16', 1, '5s3kfqii9tg59m2r4rbra899an', '200.8.212.43', 'Mozilla/5.0 (Windows NT 10.0; Win64; x64) AppleWebKit/537.36 (KHTML, like Gecko) Chrome/145.0.0.0 Safari/537.36', 'desktop', 'Windows', 'ACADEMIC_MANAGEMENT', 'ACCESS', 'Entró al panel de Gestión Académica.', NULL, NULL, NULL, NULL, NULL, '/diplomatic/public/academic', 'GET', NULL, NULL, 'NORMAL', 0, 0, '8c5d588af4b1ade5', 'BACKEND', 'DEV', '1.0.0'),
(1193, '2026-03-02 13:11:18', 1, '5s3kfqii9tg59m2r4rbra899an', '200.8.212.43', 'Mozilla/5.0 (Windows NT 10.0; Win64; x64) AppleWebKit/537.36 (KHTML, like Gecko) Chrome/145.0.0.0 Safari/537.36', 'desktop', 'Windows', 'PROFESORES', 'ACCESS_INDEX', 'El usuario ingresó al directorio maestro de profesores.', NULL, NULL, NULL, NULL, NULL, '/diplomatic/public/academic/profesores', 'GET', NULL, NULL, 'NORMAL', 0, 0, 'a709feeb3b22bfe6', 'BACKEND', 'DEV', '1.0.0'),
(1194, '2026-03-02 13:11:20', 1, '5s3kfqii9tg59m2r4rbra899an', '200.8.212.43', 'Mozilla/5.0 (Windows NT 10.0; Win64; x64) AppleWebKit/537.36 (KHTML, like Gecko) Chrome/145.0.0.0 Safari/537.36', 'desktop', 'Windows', 'ACADEMIC_MANAGEMENT', 'ACCESS', 'Entró al panel de Gestión Académica.', NULL, NULL, NULL, NULL, NULL, '/diplomatic/public/academic', 'GET', NULL, NULL, 'NORMAL', 0, 0, '6dd13193024e7337', 'BACKEND', 'DEV', '1.0.0'),
(1195, '2026-03-02 13:11:22', 1, '5s3kfqii9tg59m2r4rbra899an', '200.8.212.43', 'Mozilla/5.0 (Windows NT 10.0; Win64; x64) AppleWebKit/537.36 (KHTML, like Gecko) Chrome/145.0.0.0 Safari/537.36', 'desktop', 'Windows', 'COHORTES', 'ACCESS_INDEX', 'El usuario ingresó al panel maestro de cohortes.', NULL, NULL, NULL, NULL, NULL, '/diplomatic/public/academic/cohortes', 'GET', NULL, NULL, 'NORMAL', 0, 0, '0ffd3c593d4396d1', 'BACKEND', 'DEV', '1.0.0'),
(1196, '2026-03-02 13:11:47', 1, '5s3kfqii9tg59m2r4rbra899an', '200.8.212.43', 'Mozilla/5.0 (Windows NT 10.0; Win64; x64) AppleWebKit/537.36 (KHTML, like Gecko) Chrome/145.0.0.0 Safari/537.36', 'desktop', 'Windows', 'ACADEMIC_MANAGEMENT', 'ACCESS', 'Entró al panel de Gestión Académica.', NULL, NULL, NULL, NULL, NULL, '/diplomatic/public/academic', 'GET', NULL, NULL, 'NORMAL', 0, 0, '2bc54335ad9ca9c4', 'BACKEND', 'DEV', '1.0.0'),
(1197, '2026-03-02 13:11:48', 1, '5s3kfqii9tg59m2r4rbra899an', '200.8.212.43', 'Mozilla/5.0 (Windows NT 10.0; Win64; x64) AppleWebKit/537.36 (KHTML, like Gecko) Chrome/145.0.0.0 Safari/537.36', 'desktop', 'Windows', 'PROFESORES', 'ACCESS_INDEX', 'El usuario ingresó al directorio maestro de profesores.', NULL, NULL, NULL, NULL, NULL, '/diplomatic/public/academic/profesores', 'GET', NULL, NULL, 'NORMAL', 0, 0, 'bb4d5e8ec5f4784b', 'BACKEND', 'DEV', '1.0.0'),
(1198, '2026-03-02 13:11:50', 1, '5s3kfqii9tg59m2r4rbra899an', '200.8.212.43', 'Mozilla/5.0 (Windows NT 10.0; Win64; x64) AppleWebKit/537.36 (KHTML, like Gecko) Chrome/145.0.0.0 Safari/537.36', 'desktop', 'Windows', 'ACADEMIC_MANAGEMENT', 'ACCESS', 'Entró al panel de Gestión Académica.', NULL, NULL, NULL, NULL, NULL, '/diplomatic/public/academic', 'GET', NULL, NULL, 'NORMAL', 0, 0, '4ee18eb1effc2c1e', 'BACKEND', 'DEV', '1.0.0'),
(1199, '2026-03-02 13:11:51', 1, '5s3kfqii9tg59m2r4rbra899an', '200.8.212.43', 'Mozilla/5.0 (Windows NT 10.0; Win64; x64) AppleWebKit/537.36 (KHTML, like Gecko) Chrome/145.0.0.0 Safari/537.36', 'desktop', 'Windows', 'GRUPOS', 'ACCESS_INDEX', 'Ingresó al módulo maestro de Grupos.', NULL, NULL, NULL, NULL, NULL, '/diplomatic/public/academic/grupos', 'GET', NULL, NULL, 'NORMAL', 0, 0, 'd80d20631bb95ccf', 'BACKEND', 'DEV', '1.0.0'),
(1200, '2026-03-02 13:11:53', 1, '5s3kfqii9tg59m2r4rbra899an', '200.8.212.43', 'Mozilla/5.0 (Windows NT 10.0; Win64; x64) AppleWebKit/537.36 (KHTML, like Gecko) Chrome/145.0.0.0 Safari/537.36', 'desktop', 'Windows', 'ACADEMIC_MANAGEMENT', 'ACCESS', 'Entró al panel de Gestión Académica.', NULL, NULL, NULL, NULL, NULL, '/diplomatic/public/academic', 'GET', NULL, NULL, 'NORMAL', 0, 0, '4e1a711ffd32e457', 'BACKEND', 'DEV', '1.0.0'),
(1201, '2026-03-02 13:11:53', 1, '5s3kfqii9tg59m2r4rbra899an', '200.8.212.43', 'Mozilla/5.0 (Windows NT 10.0; Win64; x64) AppleWebKit/537.36 (KHTML, like Gecko) Chrome/145.0.0.0 Safari/537.36', 'desktop', 'Windows', 'COHORTES', 'ACCESS_INDEX', 'El usuario ingresó al panel maestro de cohortes.', NULL, NULL, NULL, NULL, NULL, '/diplomatic/public/academic/cohortes', 'GET', NULL, NULL, 'NORMAL', 0, 0, '4377981836dde48f', 'BACKEND', 'DEV', '1.0.0'),
(1202, '2026-03-02 13:11:56', 1, '5s3kfqii9tg59m2r4rbra899an', '200.8.212.43', 'Mozilla/5.0 (Windows NT 10.0; Win64; x64) AppleWebKit/537.36 (KHTML, like Gecko) Chrome/145.0.0.0 Safari/537.36', 'desktop', 'Windows', 'ACADEMIC_MANAGEMENT', 'ACCESS', 'Entró al panel de Gestión Académica.', NULL, NULL, NULL, NULL, NULL, '/diplomatic/public/academic', 'GET', NULL, NULL, 'NORMAL', 0, 0, '3a4505d03125f77c', 'BACKEND', 'DEV', '1.0.0'),
(1203, '2026-03-02 13:11:57', 1, '5s3kfqii9tg59m2r4rbra899an', '200.8.212.43', 'Mozilla/5.0 (Windows NT 10.0; Win64; x64) AppleWebKit/537.36 (KHTML, like Gecko) Chrome/145.0.0.0 Safari/537.36', 'desktop', 'Windows', 'ACADEMIC_DIPLOMADOS', 'ACCESS', 'Ingreso al listado de diplomados.', NULL, NULL, NULL, NULL, NULL, '/diplomatic/public/academic/diplomados', 'GET', NULL, NULL, 'NORMAL', 0, 0, '86def52f8dcb2549', 'BACKEND', 'DEV', '1.0.0');
INSERT INTO `tbl_audit_logs` (`log_id`, `created_at`, `user_id`, `session_id`, `ip_address`, `user_agent`, `device`, `os`, `module`, `action`, `description`, `entity`, `entity_id`, `db_action`, `data_before`, `data_after`, `endpoint`, `http_method`, `status_code`, `response_time_ms`, `event_type`, `is_failed_attempt`, `is_critical`, `request_id`, `event_origin`, `environment`, `app_version`) VALUES
(1204, '2026-03-02 13:11:58', 1, '5s3kfqii9tg59m2r4rbra899an', '200.8.212.43', 'Mozilla/5.0 (Windows NT 10.0; Win64; x64) AppleWebKit/537.36 (KHTML, like Gecko) Chrome/145.0.0.0 Safari/537.36', 'desktop', 'Windows', 'ACADEMIC_MANAGEMENT', 'ACCESS', 'Entró al panel de Gestión Académica.', NULL, NULL, NULL, NULL, NULL, '/diplomatic/public/academic', 'GET', NULL, NULL, 'NORMAL', 0, 0, 'cca74c348104810d', 'BACKEND', 'DEV', '1.0.0'),
(1205, '2026-03-02 13:11:59', 1, '5s3kfqii9tg59m2r4rbra899an', '200.8.212.43', 'Mozilla/5.0 (Windows NT 10.0; Win64; x64) AppleWebKit/537.36 (KHTML, like Gecko) Chrome/145.0.0.0 Safari/537.36', 'desktop', 'Windows', 'SEDES', 'ACCESS_INDEX', 'El usuario ingresó al panel de administración de sedes.', NULL, NULL, NULL, NULL, NULL, '/diplomatic/public/academic/campuses', 'GET', NULL, NULL, 'NORMAL', 0, 0, 'a7fcf100318967f9', 'BACKEND', 'DEV', '1.0.0'),
(1206, '2026-03-02 13:16:16', 1, '5s3kfqii9tg59m2r4rbra899an', '200.8.212.43', 'Mozilla/5.0 (Windows NT 10.0; Win64; x64) AppleWebKit/537.36 (KHTML, like Gecko) Chrome/145.0.0.0 Safari/537.36', 'desktop', 'Windows', 'SEDES', 'ACCESS_INDEX', 'El usuario ingresó al panel de administración de sedes.', NULL, NULL, NULL, NULL, NULL, '/diplomatic/public/academic/campuses', 'GET', NULL, NULL, 'NORMAL', 0, 0, '21923ee821b8dfac', 'BACKEND', 'DEV', '1.0.0'),
(1207, '2026-03-02 13:16:30', 1, '5s3kfqii9tg59m2r4rbra899an', '200.8.212.43', 'Mozilla/5.0 (Windows NT 10.0; Win64; x64) AppleWebKit/537.36 (KHTML, like Gecko) Chrome/145.0.0.0 Safari/537.36', 'desktop', 'Windows', 'SEDES', 'CREATE_SUCCESS', 'Registró una nueva sede: Sede Ejemplo', NULL, 5, NULL, NULL, NULL, '/diplomatic/public/academic/campuses/save', 'POST', NULL, NULL, 'NORMAL', 0, 0, 'bb350bb0aa25e35c', 'BACKEND', 'DEV', '1.0.0'),
(1208, '2026-03-02 13:16:30', 1, '5s3kfqii9tg59m2r4rbra899an', '200.8.212.43', 'Mozilla/5.0 (Windows NT 10.0; Win64; x64) AppleWebKit/537.36 (KHTML, like Gecko) Chrome/145.0.0.0 Safari/537.36', 'desktop', 'Windows', 'SEDES', 'ACCESS_INDEX', 'El usuario ingresó al panel de administración de sedes.', NULL, NULL, NULL, NULL, NULL, '/diplomatic/public/academic/campuses?created=1', 'GET', NULL, NULL, 'NORMAL', 0, 0, 'aa75bb5bbb916cc7', 'BACKEND', 'DEV', '1.0.0'),
(1209, '2026-03-02 13:16:31', 1, '5s3kfqii9tg59m2r4rbra899an', '200.8.212.43', 'Mozilla/5.0 (Windows NT 10.0; Win64; x64) AppleWebKit/537.36 (KHTML, like Gecko) Chrome/145.0.0.0 Safari/537.36', 'desktop', 'Windows', 'SEDES', 'CREATE_SUCCESS', 'Registró una nueva sede: Sede Ejemplo', NULL, 6, NULL, NULL, NULL, '/diplomatic/public/academic/campuses/save', 'POST', NULL, NULL, 'NORMAL', 0, 0, '361750c95fbd7ddb', 'BACKEND', 'DEV', '1.0.0'),
(1210, '2026-03-02 13:16:31', 1, '5s3kfqii9tg59m2r4rbra899an', '200.8.212.43', 'Mozilla/5.0 (Windows NT 10.0; Win64; x64) AppleWebKit/537.36 (KHTML, like Gecko) Chrome/145.0.0.0 Safari/537.36', 'desktop', 'Windows', 'SEDES', 'ACCESS_INDEX', 'El usuario ingresó al panel de administración de sedes.', NULL, NULL, NULL, NULL, NULL, '/diplomatic/public/academic/campuses?created=1', 'GET', NULL, NULL, 'NORMAL', 0, 0, 'c1e215febde01937', 'BACKEND', 'DEV', '1.0.0'),
(1211, '2026-03-02 13:16:38', 1, '5s3kfqii9tg59m2r4rbra899an', '200.8.212.43', 'Mozilla/5.0 (Windows NT 10.0; Win64; x64) AppleWebKit/537.36 (KHTML, like Gecko) Chrome/145.0.0.0 Safari/537.36', 'desktop', 'Windows', 'SEDES', 'DELETE_SUCCESS', 'Inactivó la sede ID: 6', NULL, 6, NULL, NULL, NULL, '/diplomatic/public/academic/campuses/delete', 'POST', NULL, NULL, 'NORMAL', 0, 0, 'be61ec868bed8bd1', 'BACKEND', 'DEV', '1.0.0'),
(1212, '2026-03-02 13:16:39', 1, '5s3kfqii9tg59m2r4rbra899an', '200.8.212.43', 'Mozilla/5.0 (Windows NT 10.0; Win64; x64) AppleWebKit/537.36 (KHTML, like Gecko) Chrome/145.0.0.0 Safari/537.36', 'desktop', 'Windows', 'SEDES', 'ACCESS_INDEX', 'El usuario ingresó al panel de administración de sedes.', NULL, NULL, NULL, NULL, NULL, '/diplomatic/public/academic/campuses?deleted=1', 'GET', NULL, NULL, 'NORMAL', 0, 0, '893948ba2a55fc9f', 'BACKEND', 'DEV', '1.0.0'),
(1213, '2026-03-02 13:18:11', 1, '5s3kfqii9tg59m2r4rbra899an', '200.8.212.43', 'Mozilla/5.0 (Windows NT 10.0; Win64; x64) AppleWebKit/537.36 (KHTML, like Gecko) Chrome/145.0.0.0 Safari/537.36', 'desktop', 'Windows', 'ACADEMIC_MANAGEMENT', 'ACCESS', 'Entró al panel de Gestión Académica.', NULL, NULL, NULL, NULL, NULL, '/diplomatic/public/academic', 'GET', NULL, NULL, 'NORMAL', 0, 0, '8934f7ff88b56a0b', 'BACKEND', 'DEV', '1.0.0'),
(1214, '2026-03-02 13:18:13', 1, '5s3kfqii9tg59m2r4rbra899an', '200.8.212.43', 'Mozilla/5.0 (Windows NT 10.0; Win64; x64) AppleWebKit/537.36 (KHTML, like Gecko) Chrome/145.0.0.0 Safari/537.36', 'desktop', 'Windows', 'SEDES', 'ACCESS_INDEX', 'El usuario ingresó al panel de administración de sedes.', NULL, NULL, NULL, NULL, NULL, '/diplomatic/public/academic/campuses', 'GET', NULL, NULL, 'NORMAL', 0, 0, 'e45e7df19228392e', 'BACKEND', 'DEV', '1.0.0'),
(1215, '2026-03-02 13:18:21', 1, '5s3kfqii9tg59m2r4rbra899an', '200.8.212.43', 'Mozilla/5.0 (Windows NT 10.0; Win64; x64) AppleWebKit/537.36 (KHTML, like Gecko) Chrome/145.0.0.0 Safari/537.36', 'desktop', 'Windows', 'SEDES', 'CREATE_SUCCESS', 'Registró una nueva sede: Sede Ejemplo', NULL, 7, NULL, NULL, NULL, '/diplomatic/public/academic/campuses/save', 'POST', NULL, NULL, 'NORMAL', 0, 0, 'c058d1f2b8c85a6d', 'BACKEND', 'DEV', '1.0.0'),
(1216, '2026-03-02 13:18:21', 1, '5s3kfqii9tg59m2r4rbra899an', '200.8.212.43', 'Mozilla/5.0 (Windows NT 10.0; Win64; x64) AppleWebKit/537.36 (KHTML, like Gecko) Chrome/145.0.0.0 Safari/537.36', 'desktop', 'Windows', 'SEDES', 'ACCESS_INDEX', 'El usuario ingresó al panel de administración de sedes.', NULL, NULL, NULL, NULL, NULL, '/diplomatic/public/academic/campuses?created=1', 'GET', NULL, NULL, 'NORMAL', 0, 0, '5df2911d0af4baa0', 'BACKEND', 'DEV', '1.0.0'),
(1217, '2026-03-02 13:18:28', 1, '5s3kfqii9tg59m2r4rbra899an', '200.8.212.43', 'Mozilla/5.0 (Windows NT 10.0; Win64; x64) AppleWebKit/537.36 (KHTML, like Gecko) Chrome/145.0.0.0 Safari/537.36', 'desktop', 'Windows', 'ACADEMIC_MANAGEMENT', 'ACCESS', 'Entró al panel de Gestión Académica.', NULL, NULL, NULL, NULL, NULL, '/diplomatic/public/academic', 'GET', NULL, NULL, 'NORMAL', 0, 0, '306c2f0ffcc42381', 'BACKEND', 'DEV', '1.0.0'),
(1218, '2026-03-02 13:18:29', 1, '5s3kfqii9tg59m2r4rbra899an', '200.8.212.43', 'Mozilla/5.0 (Windows NT 10.0; Win64; x64) AppleWebKit/537.36 (KHTML, like Gecko) Chrome/145.0.0.0 Safari/537.36', 'desktop', 'Windows', 'COHORTES', 'ACCESS_INDEX', 'El usuario ingresó al panel maestro de cohortes.', NULL, NULL, NULL, NULL, NULL, '/diplomatic/public/academic/cohortes', 'GET', NULL, NULL, 'NORMAL', 0, 0, 'd5c2afe006946f9f', 'BACKEND', 'DEV', '1.0.0'),
(1219, '2026-03-02 13:18:33', 1, '5s3kfqii9tg59m2r4rbra899an', '200.8.212.43', 'Mozilla/5.0 (Windows NT 10.0; Win64; x64) AppleWebKit/537.36 (KHTML, like Gecko) Chrome/145.0.0.0 Safari/537.36', 'desktop', 'Windows', 'COHORTES', 'EDIT_FORM', 'Abrió el formulario de edición para: [2026-I] Cohorte ENERO - MAYO - 2026', NULL, 1, NULL, NULL, NULL, '/diplomatic/public/academic/cohortes/logAccess?action=EDIT_FORM&id=1', 'GET', NULL, NULL, 'NORMAL', 0, 0, 'af1d95902b955181', 'BACKEND', 'DEV', '1.0.0'),
(1220, '2026-03-02 13:18:42', 1, '5s3kfqii9tg59m2r4rbra899an', '200.8.212.43', 'Mozilla/5.0 (Windows NT 10.0; Win64; x64) AppleWebKit/537.36 (KHTML, like Gecko) Chrome/145.0.0.0 Safari/537.36', 'desktop', 'Windows', 'COHORTES', 'UPDATE_SUCCESS', 'Actualizó datos y sedes de la cohorte: 2026-I', NULL, 1, NULL, NULL, NULL, '/diplomatic/public/academic/cohortes/update', 'POST', NULL, NULL, 'NORMAL', 0, 0, '6ada21302c207768', 'BACKEND', 'DEV', '1.0.0'),
(1221, '2026-03-02 13:18:42', 1, '5s3kfqii9tg59m2r4rbra899an', '200.8.212.43', 'Mozilla/5.0 (Windows NT 10.0; Win64; x64) AppleWebKit/537.36 (KHTML, like Gecko) Chrome/145.0.0.0 Safari/537.36', 'desktop', 'Windows', 'COHORTES', 'ACCESS_INDEX', 'El usuario ingresó al panel maestro de cohortes.', NULL, NULL, NULL, NULL, NULL, '/diplomatic/public/academic/cohortes?updated=1', 'GET', NULL, NULL, 'NORMAL', 0, 0, '7753731aadd81719', 'BACKEND', 'DEV', '1.0.0'),
(1222, '2026-03-02 13:20:08', 1, '5s3kfqii9tg59m2r4rbra899an', '200.8.212.43', 'Mozilla/5.0 (Windows NT 10.0; Win64; x64) AppleWebKit/537.36 (KHTML, like Gecko) Chrome/145.0.0.0 Safari/537.36', 'desktop', 'Windows', 'COHORTES', 'ACCESS_INDEX', 'El usuario ingresó al panel maestro de cohortes.', NULL, NULL, NULL, NULL, NULL, '/diplomatic/public/academic/cohortes?updated=1', 'GET', NULL, NULL, 'NORMAL', 0, 0, '15ba7daa34633bb8', 'BACKEND', 'DEV', '1.0.0'),
(1223, '2026-03-02 13:20:54', 1, '5s3kfqii9tg59m2r4rbra899an', '200.8.212.43', 'Mozilla/5.0 (Windows NT 10.0; Win64; x64) AppleWebKit/537.36 (KHTML, like Gecko) Chrome/145.0.0.0 Safari/537.36', 'desktop', 'Windows', 'ACADEMIC_MANAGEMENT', 'ACCESS', 'Entró al panel de Gestión Académica.', NULL, NULL, NULL, NULL, NULL, '/diplomatic/public/academic', 'GET', NULL, NULL, 'NORMAL', 0, 0, '544569d860b65a39', 'BACKEND', 'DEV', '1.0.0'),
(1224, '2026-03-02 13:20:55', 1, '5s3kfqii9tg59m2r4rbra899an', '200.8.212.43', 'Mozilla/5.0 (Windows NT 10.0; Win64; x64) AppleWebKit/537.36 (KHTML, like Gecko) Chrome/145.0.0.0 Safari/537.36', 'desktop', 'Windows', 'SEDES', 'ACCESS_INDEX', 'El usuario ingresó al panel de administración de sedes.', NULL, NULL, NULL, NULL, NULL, '/diplomatic/public/academic/campuses', 'GET', NULL, NULL, 'NORMAL', 0, 0, 'f8632292261e297c', 'BACKEND', 'DEV', '1.0.0'),
(1225, '2026-03-02 13:21:00', 1, '5s3kfqii9tg59m2r4rbra899an', '200.8.212.43', 'Mozilla/5.0 (Windows NT 10.0; Win64; x64) AppleWebKit/537.36 (KHTML, like Gecko) Chrome/145.0.0.0 Safari/537.36', 'desktop', 'Windows', 'SEDES', 'DELETE_ATTEMPT', 'Procesó eliminación inteligente para la sede: Sede Ejemplo (ID: 7)', NULL, 7, NULL, NULL, NULL, '/diplomatic/public/academic/campuses/delete', 'POST', NULL, NULL, 'NORMAL', 0, 0, 'd639523ebad5c59d', 'BACKEND', 'DEV', '1.0.0'),
(1226, '2026-03-02 13:21:01', 1, '5s3kfqii9tg59m2r4rbra899an', '200.8.212.43', 'Mozilla/5.0 (Windows NT 10.0; Win64; x64) AppleWebKit/537.36 (KHTML, like Gecko) Chrome/145.0.0.0 Safari/537.36', 'desktop', 'Windows', 'SEDES', 'ACCESS_INDEX', 'El usuario ingresó al panel de administración de sedes.', NULL, NULL, NULL, NULL, NULL, '/diplomatic/public/academic/campuses?deleted=1', 'GET', NULL, NULL, 'NORMAL', 0, 0, '8b36886f1034be6e', 'BACKEND', 'DEV', '1.0.0'),
(1227, '2026-03-02 13:24:11', 1, '5s3kfqii9tg59m2r4rbra899an', '200.8.212.43', 'Mozilla/5.0 (Windows NT 10.0; Win64; x64) AppleWebKit/537.36 (KHTML, like Gecko) Chrome/145.0.0.0 Safari/537.36', 'desktop', 'Windows', 'ACADEMIC_MANAGEMENT', 'ACCESS', 'Entró al panel de Gestión Académica.', NULL, NULL, NULL, NULL, NULL, '/diplomatic/public/academic', 'GET', NULL, NULL, 'NORMAL', 0, 0, 'f2ffef92e662aa41', 'BACKEND', 'DEV', '1.0.0'),
(1228, '2026-03-02 13:24:12', 1, '5s3kfqii9tg59m2r4rbra899an', '200.8.212.43', 'Mozilla/5.0 (Windows NT 10.0; Win64; x64) AppleWebKit/537.36 (KHTML, like Gecko) Chrome/145.0.0.0 Safari/537.36', 'desktop', 'Windows', 'COHORTES', 'ACCESS_INDEX', 'El usuario ingresó al panel maestro de cohortes.', NULL, NULL, NULL, NULL, NULL, '/diplomatic/public/academic/cohortes', 'GET', NULL, NULL, 'NORMAL', 0, 0, '1003dac33acc584c', 'BACKEND', 'DEV', '1.0.0'),
(1229, '2026-03-02 13:24:27', 1, '5s3kfqii9tg59m2r4rbra899an', '200.8.212.43', 'Mozilla/5.0 (Windows NT 10.0; Win64; x64) AppleWebKit/537.36 (KHTML, like Gecko) Chrome/145.0.0.0 Safari/537.36', 'desktop', 'Windows', 'COHORTES', 'CREATE_FORM', 'Abrió el formulario para crear una nueva cohorte.', NULL, NULL, NULL, NULL, NULL, '/diplomatic/public/academic/cohortes/logAccess?action=CREATE_FORM', 'GET', NULL, NULL, 'NORMAL', 0, 0, '0430f3a102c158e6', 'BACKEND', 'DEV', '1.0.0'),
(1230, '2026-03-02 13:25:15', 1, '5s3kfqii9tg59m2r4rbra899an', '200.8.212.43', 'Mozilla/5.0 (Windows NT 10.0; Win64; x64) AppleWebKit/537.36 (KHTML, like Gecko) Chrome/145.0.0.0 Safari/537.36', 'desktop', 'Windows', 'COHORTES', 'ACCESS_INDEX', 'El usuario ingresó al panel maestro de cohortes.', NULL, NULL, NULL, NULL, NULL, '/diplomatic/public/academic/cohortes?error=invalid_dates', 'GET', NULL, NULL, 'NORMAL', 0, 0, '6ef133e8b38a2196', 'BACKEND', 'DEV', '1.0.0'),
(1231, '2026-03-02 13:25:25', 1, '5s3kfqii9tg59m2r4rbra899an', '200.8.212.43', 'Mozilla/5.0 (Windows NT 10.0; Win64; x64) AppleWebKit/537.36 (KHTML, like Gecko) Chrome/145.0.0.0 Safari/537.36', 'desktop', 'Windows', 'COHORTES', 'ACCESS_INDEX', 'El usuario ingresó al panel maestro de cohortes.', NULL, NULL, NULL, NULL, NULL, '/diplomatic/public/academic/cohortes?error=invalid_dates', 'GET', NULL, NULL, 'NORMAL', 0, 0, 'bf15b2dfbd48ad63', 'BACKEND', 'DEV', '1.0.0'),
(1232, '2026-03-02 13:25:37', 1, '5s3kfqii9tg59m2r4rbra899an', '200.8.212.43', 'Mozilla/5.0 (Windows NT 10.0; Win64; x64) AppleWebKit/537.36 (KHTML, like Gecko) Chrome/145.0.0.0 Safari/537.36', 'desktop', 'Windows', 'COHORTES', 'CREATE_FORM', 'Abrió el formulario para crear una nueva cohorte.', NULL, NULL, NULL, NULL, NULL, '/diplomatic/public/academic/cohortes/logAccess?action=CREATE_FORM', 'GET', NULL, NULL, 'NORMAL', 0, 0, '18cde18481241735', 'BACKEND', 'DEV', '1.0.0'),
(1233, '2026-03-02 13:25:42', 1, '5s3kfqii9tg59m2r4rbra899an', '200.8.212.43', 'Mozilla/5.0 (Windows NT 10.0; Win64; x64) AppleWebKit/537.36 (KHTML, like Gecko) Chrome/145.0.0.0 Safari/537.36', 'desktop', 'Windows', 'COHORTES', 'CREATE_FORM', 'Abrió el formulario para crear una nueva cohorte.', NULL, NULL, NULL, NULL, NULL, '/diplomatic/public/academic/cohortes/logAccess?action=CREATE_FORM', 'GET', NULL, NULL, 'NORMAL', 0, 0, '448eee5e502aad26', 'BACKEND', 'DEV', '1.0.0'),
(1234, '2026-03-02 13:26:14', 1, '5s3kfqii9tg59m2r4rbra899an', '200.8.212.43', 'Mozilla/5.0 (Windows NT 10.0; Win64; x64) AppleWebKit/537.36 (KHTML, like Gecko) Chrome/145.0.0.0 Safari/537.36', 'desktop', 'Windows', 'COHORTES', 'ACCESS_INDEX', 'El usuario ingresó al panel maestro de cohortes.', NULL, NULL, NULL, NULL, NULL, '/diplomatic/public/academic/cohortes?error=invalid_dates', 'GET', NULL, NULL, 'NORMAL', 0, 0, '9a9e9d9d6c23e5f9', 'BACKEND', 'DEV', '1.0.0'),
(1235, '2026-03-02 13:26:34', 1, '5s3kfqii9tg59m2r4rbra899an', '200.8.212.43', 'Mozilla/5.0 (Windows NT 10.0; Win64; x64) AppleWebKit/537.36 (KHTML, like Gecko) Chrome/145.0.0.0 Safari/537.36', 'desktop', 'Windows', 'COHORTES', 'CREATE_FORM', 'Abrió el formulario para crear una nueva cohorte.', NULL, NULL, NULL, NULL, NULL, '/diplomatic/public/academic/cohortes/logAccess?action=CREATE_FORM', 'GET', NULL, NULL, 'NORMAL', 0, 0, '496898f218a23c8b', 'BACKEND', 'DEV', '1.0.0'),
(1236, '2026-03-02 13:32:25', 1, '5s3kfqii9tg59m2r4rbra899an', '200.8.212.43', 'Mozilla/5.0 (Windows NT 10.0; Win64; x64) AppleWebKit/537.36 (KHTML, like Gecko) Chrome/145.0.0.0 Safari/537.36', 'desktop', 'Windows', 'COHORTES', 'ACCESS_INDEX', 'El usuario ingresó al panel maestro de cohortes.', NULL, NULL, NULL, NULL, NULL, '/diplomatic/public/academic/cohortes?error=invalid_dates', 'GET', NULL, NULL, 'NORMAL', 0, 0, 'c1356f7072b221dc', 'BACKEND', 'DEV', '1.0.0'),
(1237, '2026-03-02 13:32:30', 1, '5s3kfqii9tg59m2r4rbra899an', '200.8.212.43', 'Mozilla/5.0 (Windows NT 10.0; Win64; x64) AppleWebKit/537.36 (KHTML, like Gecko) Chrome/145.0.0.0 Safari/537.36', 'desktop', 'Windows', 'COHORTES', 'EDIT_FORM', 'Abrió el formulario de edición para: [2026-I] Cohorte ENERO - MAYO - 2026', NULL, 1, NULL, NULL, NULL, '/diplomatic/public/academic/cohortes/logAccess?action=EDIT_FORM&id=1', 'GET', NULL, NULL, 'NORMAL', 0, 0, 'a2001ece7c38b063', 'BACKEND', 'DEV', '1.0.0'),
(1238, '2026-03-02 13:32:33', 1, '5s3kfqii9tg59m2r4rbra899an', '200.8.212.43', 'Mozilla/5.0 (Windows NT 10.0; Win64; x64) AppleWebKit/537.36 (KHTML, like Gecko) Chrome/145.0.0.0 Safari/537.36', 'desktop', 'Windows', 'COHORTES', 'UPDATE_SUCCESS', 'Actualizó datos de la cohorte: 2026-I', NULL, 1, NULL, NULL, NULL, '/diplomatic/public/academic/cohortes/update', 'POST', NULL, NULL, 'NORMAL', 0, 0, '1a97702fa42edf91', 'BACKEND', 'DEV', '1.0.0'),
(1239, '2026-03-02 13:32:33', 1, '5s3kfqii9tg59m2r4rbra899an', '200.8.212.43', 'Mozilla/5.0 (Windows NT 10.0; Win64; x64) AppleWebKit/537.36 (KHTML, like Gecko) Chrome/145.0.0.0 Safari/537.36', 'desktop', 'Windows', 'COHORTES', 'ACCESS_INDEX', 'El usuario ingresó al panel maestro de cohortes.', NULL, NULL, NULL, NULL, NULL, '/diplomatic/public/academic/cohortes?updated=1', 'GET', NULL, NULL, 'NORMAL', 0, 0, '2586714f529e3cc7', 'BACKEND', 'DEV', '1.0.0'),
(1240, '2026-03-02 13:32:37', 1, '5s3kfqii9tg59m2r4rbra899an', '200.8.212.43', 'Mozilla/5.0 (Windows NT 10.0; Win64; x64) AppleWebKit/537.36 (KHTML, like Gecko) Chrome/145.0.0.0 Safari/537.36', 'desktop', 'Windows', 'COHORTES', 'EDIT_FORM', 'Abrió el formulario de edición para: [2026-I] Cohorte ENERO - MAYO - 2026', NULL, 1, NULL, NULL, NULL, '/diplomatic/public/academic/cohortes/logAccess?action=EDIT_FORM&id=1', 'GET', NULL, NULL, 'NORMAL', 0, 0, 'e37d02ce8c9cfe63', 'BACKEND', 'DEV', '1.0.0'),
(1241, '2026-03-02 13:32:41', 1, '5s3kfqii9tg59m2r4rbra899an', '200.8.212.43', 'Mozilla/5.0 (Windows NT 10.0; Win64; x64) AppleWebKit/537.36 (KHTML, like Gecko) Chrome/145.0.0.0 Safari/537.36', 'desktop', 'Windows', 'COHORTES', 'UPDATE_SUCCESS', 'Actualizó datos de la cohorte: 2026-I', NULL, 1, NULL, NULL, NULL, '/diplomatic/public/academic/cohortes/update', 'POST', NULL, NULL, 'NORMAL', 0, 0, '90aea219c115ad9b', 'BACKEND', 'DEV', '1.0.0'),
(1242, '2026-03-02 13:32:41', 1, '5s3kfqii9tg59m2r4rbra899an', '200.8.212.43', 'Mozilla/5.0 (Windows NT 10.0; Win64; x64) AppleWebKit/537.36 (KHTML, like Gecko) Chrome/145.0.0.0 Safari/537.36', 'desktop', 'Windows', 'COHORTES', 'ACCESS_INDEX', 'El usuario ingresó al panel maestro de cohortes.', NULL, NULL, NULL, NULL, NULL, '/diplomatic/public/academic/cohortes?updated=1', 'GET', NULL, NULL, 'NORMAL', 0, 0, 'e61dbc9ebf87c978', 'BACKEND', 'DEV', '1.0.0'),
(1243, '2026-03-02 13:32:43', 1, '5s3kfqii9tg59m2r4rbra899an', '200.8.212.43', 'Mozilla/5.0 (Windows NT 10.0; Win64; x64) AppleWebKit/537.36 (KHTML, like Gecko) Chrome/145.0.0.0 Safari/537.36', 'desktop', 'Windows', 'COHORTES', 'CREATE_FORM', 'Abrió el formulario para crear una nueva cohorte.', NULL, NULL, NULL, NULL, NULL, '/diplomatic/public/academic/cohortes/logAccess?action=CREATE_FORM', 'GET', NULL, NULL, 'NORMAL', 0, 0, '8542b284c199dfde', 'BACKEND', 'DEV', '1.0.0'),
(1244, '2026-03-02 13:33:16', 1, '5s3kfqii9tg59m2r4rbra899an', '200.8.212.43', 'Mozilla/5.0 (Windows NT 10.0; Win64; x64) AppleWebKit/537.36 (KHTML, like Gecko) Chrome/145.0.0.0 Safari/537.36', 'desktop', 'Windows', 'COHORTES', 'CREATE_SUCCESS', 'Creó la cohorte: [2026-III] COHORTE PRUEBA', NULL, 5, NULL, NULL, NULL, '/diplomatic/public/academic/cohortes/save', 'POST', NULL, NULL, 'NORMAL', 0, 0, '6e7e48eabd41d046', 'BACKEND', 'DEV', '1.0.0'),
(1245, '2026-03-02 13:33:16', 1, '5s3kfqii9tg59m2r4rbra899an', '200.8.212.43', 'Mozilla/5.0 (Windows NT 10.0; Win64; x64) AppleWebKit/537.36 (KHTML, like Gecko) Chrome/145.0.0.0 Safari/537.36', 'desktop', 'Windows', 'COHORTES', 'ACCESS_INDEX', 'El usuario ingresó al panel maestro de cohortes.', NULL, NULL, NULL, NULL, NULL, '/diplomatic/public/academic/cohortes?created=1', 'GET', NULL, NULL, 'NORMAL', 0, 0, '04d8273e3781cca5', 'BACKEND', 'DEV', '1.0.0'),
(1246, '2026-03-02 13:33:22', 1, '5s3kfqii9tg59m2r4rbra899an', '200.8.212.43', 'Mozilla/5.0 (Windows NT 10.0; Win64; x64) AppleWebKit/537.36 (KHTML, like Gecko) Chrome/145.0.0.0 Safari/537.36', 'desktop', 'Windows', 'COHORTES', 'ACCESS_INDEX', 'El usuario ingresó al panel maestro de cohortes.', NULL, NULL, NULL, NULL, NULL, '/diplomatic/public/academic/cohortes?updated=1', 'GET', NULL, NULL, 'NORMAL', 0, 0, '915c1fad3674ac88', 'BACKEND', 'DEV', '1.0.0'),
(1247, '2026-03-02 13:33:29', 1, '5s3kfqii9tg59m2r4rbra899an', '200.8.212.43', 'Mozilla/5.0 (Windows NT 10.0; Win64; x64) AppleWebKit/537.36 (KHTML, like Gecko) Chrome/145.0.0.0 Safari/537.36', 'desktop', 'Windows', 'ACADEMIC_MANAGEMENT', 'ACCESS', 'Entró al panel de Gestión Académica.', NULL, NULL, NULL, NULL, NULL, '/diplomatic/public/academic', 'GET', NULL, NULL, 'NORMAL', 0, 0, '4dd3c5e11d8890ae', 'BACKEND', 'DEV', '1.0.0'),
(1248, '2026-03-02 13:33:31', 1, '5s3kfqii9tg59m2r4rbra899an', '200.8.212.43', 'Mozilla/5.0 (Windows NT 10.0; Win64; x64) AppleWebKit/537.36 (KHTML, like Gecko) Chrome/145.0.0.0 Safari/537.36', 'desktop', 'Windows', 'COHORTES_CONFIG', 'ACCESS', 'Ingreso al panel de configuración avanzada de cohortes.', NULL, NULL, NULL, NULL, NULL, '/diplomatic/public/academic/cohortes-config', 'GET', NULL, NULL, 'NORMAL', 0, 0, '1d069153fa1c39d1', 'BACKEND', 'DEV', '1.0.0'),
(1249, '2026-03-02 13:33:34', 1, '5s3kfqii9tg59m2r4rbra899an', '200.8.212.43', 'Mozilla/5.0 (Windows NT 10.0; Win64; x64) AppleWebKit/537.36 (KHTML, like Gecko) Chrome/145.0.0.0 Safari/537.36', 'desktop', 'Windows', 'ACADEMIC_MANAGEMENT', 'ACCESS', 'Entró al panel de Gestión Académica.', NULL, NULL, NULL, NULL, NULL, '/diplomatic/public/academic', 'GET', NULL, NULL, 'NORMAL', 0, 0, '0f8c7f03ee076fb7', 'BACKEND', 'DEV', '1.0.0'),
(1250, '2026-03-02 13:33:36', 1, '5s3kfqii9tg59m2r4rbra899an', '200.8.212.43', 'Mozilla/5.0 (Windows NT 10.0; Win64; x64) AppleWebKit/537.36 (KHTML, like Gecko) Chrome/145.0.0.0 Safari/537.36', 'desktop', 'Windows', 'COHORTES', 'ACCESS_INDEX', 'El usuario ingresó al panel maestro de cohortes.', NULL, NULL, NULL, NULL, NULL, '/diplomatic/public/academic/cohortes', 'GET', NULL, NULL, 'NORMAL', 0, 0, 'fa08bc8e80db00c6', 'BACKEND', 'DEV', '1.0.0'),
(1251, '2026-03-02 13:34:12', 1, '5s3kfqii9tg59m2r4rbra899an', '200.8.212.43', 'Mozilla/5.0 (Windows NT 10.0; Win64; x64) AppleWebKit/537.36 (KHTML, like Gecko) Chrome/145.0.0.0 Safari/537.36', 'desktop', 'Windows', 'ACADEMIC_MANAGEMENT', 'ACCESS', 'Entró al panel de Gestión Académica.', NULL, NULL, NULL, NULL, NULL, '/diplomatic/public/academic', 'GET', NULL, NULL, 'NORMAL', 0, 0, '0a4f52bc3f761648', 'BACKEND', 'DEV', '1.0.0'),
(1252, '2026-03-02 13:34:21', 1, '5s3kfqii9tg59m2r4rbra899an', '200.8.212.43', 'Mozilla/5.0 (Windows NT 10.0; Win64; x64) AppleWebKit/537.36 (KHTML, like Gecko) Chrome/145.0.0.0 Safari/537.36', 'desktop', 'Windows', 'COHORTES', 'ACCESS_INDEX', 'El usuario ingresó al panel maestro de cohortes.', NULL, NULL, NULL, NULL, NULL, '/diplomatic/public/academic/cohortes', 'GET', NULL, NULL, 'NORMAL', 0, 0, 'a977e75b695383fc', 'BACKEND', 'DEV', '1.0.0'),
(1253, '2026-03-02 13:34:31', 1, '5s3kfqii9tg59m2r4rbra899an', '200.8.212.43', 'Mozilla/5.0 (Windows NT 10.0; Win64; x64) AppleWebKit/537.36 (KHTML, like Gecko) Chrome/145.0.0.0 Safari/537.36', 'desktop', 'Windows', 'COHORTES', 'ACCESS_INDEX', 'El usuario ingresó al panel maestro de cohortes.', NULL, NULL, NULL, NULL, NULL, '/diplomatic/public/academic/cohortes?updated=1', 'GET', NULL, NULL, 'NORMAL', 0, 0, 'daf537af8e0f5714', 'BACKEND', 'DEV', '1.0.0'),
(1254, '2026-03-02 13:34:36', 1, '5s3kfqii9tg59m2r4rbra899an', '200.8.212.43', 'Mozilla/5.0 (Windows NT 10.0; Win64; x64) AppleWebKit/537.36 (KHTML, like Gecko) Chrome/145.0.0.0 Safari/537.36', 'desktop', 'Windows', 'ACADEMIC_MANAGEMENT', 'ACCESS', 'Entró al panel de Gestión Académica.', NULL, NULL, NULL, NULL, NULL, '/diplomatic/public/academic', 'GET', NULL, NULL, 'NORMAL', 0, 0, '031ab52d9a967d45', 'BACKEND', 'DEV', '1.0.0'),
(1255, '2026-03-02 13:34:37', 1, '5s3kfqii9tg59m2r4rbra899an', '200.8.212.43', 'Mozilla/5.0 (Windows NT 10.0; Win64; x64) AppleWebKit/537.36 (KHTML, like Gecko) Chrome/145.0.0.0 Safari/537.36', 'desktop', 'Windows', 'COHORTES_CONFIG', 'ACCESS', 'Ingreso al panel de configuración avanzada de cohortes.', NULL, NULL, NULL, NULL, NULL, '/diplomatic/public/academic/cohortes-config', 'GET', NULL, NULL, 'NORMAL', 0, 0, '8d8d4042ea3539a4', 'BACKEND', 'DEV', '1.0.0'),
(1256, '2026-03-02 13:34:42', 1, '5s3kfqii9tg59m2r4rbra899an', '200.8.212.43', 'Mozilla/5.0 (Windows NT 10.0; Win64; x64) AppleWebKit/537.36 (KHTML, like Gecko) Chrome/145.0.0.0 Safari/537.36', 'desktop', 'Windows', 'COHORTES_CONFIG', 'STATUS_FORCED', 'Forzó el estado de la cohorte [2026-III] a: Planificada (y restauró si estaba eliminada).', NULL, 5, NULL, NULL, NULL, '/diplomatic/public/academic/cohortes-config/updateStatus', 'POST', NULL, NULL, 'WARNING', 0, 0, '5ec22f952de096fe', 'BACKEND', 'DEV', '1.0.0'),
(1257, '2026-03-02 13:34:42', 1, '5s3kfqii9tg59m2r4rbra899an', '200.8.212.43', 'Mozilla/5.0 (Windows NT 10.0; Win64; x64) AppleWebKit/537.36 (KHTML, like Gecko) Chrome/145.0.0.0 Safari/537.36', 'desktop', 'Windows', 'COHORTES_CONFIG', 'ACCESS', 'Ingreso al panel de configuración avanzada de cohortes.', NULL, NULL, NULL, NULL, NULL, '/diplomatic/public/academic/cohortes-config?updated=1', 'GET', NULL, NULL, 'NORMAL', 0, 0, 'e722937c774d97a7', 'BACKEND', 'DEV', '1.0.0'),
(1258, '2026-03-02 13:34:48', 1, '5s3kfqii9tg59m2r4rbra899an', '200.8.212.43', 'Mozilla/5.0 (Windows NT 10.0; Win64; x64) AppleWebKit/537.36 (KHTML, like Gecko) Chrome/145.0.0.0 Safari/537.36', 'desktop', 'Windows', 'ACADEMIC_MANAGEMENT', 'ACCESS', 'Entró al panel de Gestión Académica.', NULL, NULL, NULL, NULL, NULL, '/diplomatic/public/academic', 'GET', NULL, NULL, 'NORMAL', 0, 0, 'e4b1822ed10f9082', 'BACKEND', 'DEV', '1.0.0'),
(1259, '2026-03-02 13:36:49', 1, '5s3kfqii9tg59m2r4rbra899an', '200.8.212.43', 'Mozilla/5.0 (Windows NT 10.0; Win64; x64) AppleWebKit/537.36 (KHTML, like Gecko) Chrome/145.0.0.0 Safari/537.36', 'desktop', 'Windows', 'COHORTES', 'ACCESS_INDEX', 'El usuario ingresó al panel maestro de cohortes.', NULL, NULL, NULL, NULL, NULL, '/diplomatic/public/academic/cohortes', 'GET', NULL, NULL, 'NORMAL', 0, 0, '9ff2b8ea3182604d', 'BACKEND', 'DEV', '1.0.0'),
(1260, '2026-03-02 13:36:53', 1, '5s3kfqii9tg59m2r4rbra899an', '200.8.212.43', 'Mozilla/5.0 (Windows NT 10.0; Win64; x64) AppleWebKit/537.36 (KHTML, like Gecko) Chrome/145.0.0.0 Safari/537.36', 'desktop', 'Windows', 'COHORTES', 'ACCESS_INDEX', 'El usuario ingresó al panel maestro de cohortes.', NULL, NULL, NULL, NULL, NULL, '/diplomatic/public/academic/cohortes?updated=1', 'GET', NULL, NULL, 'NORMAL', 0, 0, '3d1306b657ffb32d', 'BACKEND', 'DEV', '1.0.0'),
(1261, '2026-03-02 13:37:02', 1, '5s3kfqii9tg59m2r4rbra899an', '200.8.212.43', 'Mozilla/5.0 (Windows NT 10.0; Win64; x64) AppleWebKit/537.36 (KHTML, like Gecko) Chrome/145.0.0.0 Safari/537.36', 'desktop', 'Windows', 'COHORTES', 'EDIT_FORM', 'Abrió el formulario de edición para: [2026-I] Cohorte ENERO - MAYO - 2026', NULL, 1, NULL, NULL, NULL, '/diplomatic/public/academic/cohortes/logAccess?action=EDIT_FORM&id=1', 'GET', NULL, NULL, 'NORMAL', 0, 0, '35bfd3c2f0b5be5d', 'BACKEND', 'DEV', '1.0.0'),
(1262, '2026-03-02 13:37:06', 1, '5s3kfqii9tg59m2r4rbra899an', '200.8.212.43', 'Mozilla/5.0 (Windows NT 10.0; Win64; x64) AppleWebKit/537.36 (KHTML, like Gecko) Chrome/145.0.0.0 Safari/537.36', 'desktop', 'Windows', 'ACADEMIC_MANAGEMENT', 'ACCESS', 'Entró al panel de Gestión Académica.', NULL, NULL, NULL, NULL, NULL, '/diplomatic/public/academic', 'GET', NULL, NULL, 'NORMAL', 0, 0, 'c32a510006fa299e', 'BACKEND', 'DEV', '1.0.0'),
(1263, '2026-03-02 13:37:09', 1, '5s3kfqii9tg59m2r4rbra899an', '200.8.212.43', 'Mozilla/5.0 (Windows NT 10.0; Win64; x64) AppleWebKit/537.36 (KHTML, like Gecko) Chrome/145.0.0.0 Safari/537.36', 'desktop', 'Windows', 'COHORTES_CONFIG', 'ACCESS', 'Ingreso al panel de configuración avanzada de cohortes.', NULL, NULL, NULL, NULL, NULL, '/diplomatic/public/academic/cohortes-config', 'GET', NULL, NULL, 'NORMAL', 0, 0, '5548d6abe1b39add', 'BACKEND', 'DEV', '1.0.0'),
(1264, '2026-03-02 13:37:14', 1, '5s3kfqii9tg59m2r4rbra899an', '200.8.212.43', 'Mozilla/5.0 (Windows NT 10.0; Win64; x64) AppleWebKit/537.36 (KHTML, like Gecko) Chrome/145.0.0.0 Safari/537.36', 'desktop', 'Windows', 'COHORTES_CONFIG', 'STATUS_FORCED', 'Forzó el estado de la cohorte [2026-III] a: Planificada (y restauró si estaba eliminada).', NULL, 5, NULL, NULL, NULL, '/diplomatic/public/academic/cohortes-config/updateStatus', 'POST', NULL, NULL, 'WARNING', 0, 0, '1b4414964a09fc19', 'BACKEND', 'DEV', '1.0.0'),
(1265, '2026-03-02 13:37:15', 1, '5s3kfqii9tg59m2r4rbra899an', '200.8.212.43', 'Mozilla/5.0 (Windows NT 10.0; Win64; x64) AppleWebKit/537.36 (KHTML, like Gecko) Chrome/145.0.0.0 Safari/537.36', 'desktop', 'Windows', 'COHORTES_CONFIG', 'ACCESS', 'Ingreso al panel de configuración avanzada de cohortes.', NULL, NULL, NULL, NULL, NULL, '/diplomatic/public/academic/cohortes-config?updated=1', 'GET', NULL, NULL, 'NORMAL', 0, 0, '23ffc0e28e51d898', 'BACKEND', 'DEV', '1.0.0'),
(1266, '2026-03-02 13:37:17', 1, '5s3kfqii9tg59m2r4rbra899an', '200.8.212.43', 'Mozilla/5.0 (Windows NT 10.0; Win64; x64) AppleWebKit/537.36 (KHTML, like Gecko) Chrome/145.0.0.0 Safari/537.36', 'desktop', 'Windows', 'ACADEMIC_MANAGEMENT', 'ACCESS', 'Entró al panel de Gestión Académica.', NULL, NULL, NULL, NULL, NULL, '/diplomatic/public/academic', 'GET', NULL, NULL, 'NORMAL', 0, 0, 'c7ab685df6e082a1', 'BACKEND', 'DEV', '1.0.0'),
(1267, '2026-03-02 13:37:18', 1, '5s3kfqii9tg59m2r4rbra899an', '200.8.212.43', 'Mozilla/5.0 (Windows NT 10.0; Win64; x64) AppleWebKit/537.36 (KHTML, like Gecko) Chrome/145.0.0.0 Safari/537.36', 'desktop', 'Windows', 'COHORTES', 'ACCESS_INDEX', 'El usuario ingresó al panel maestro de cohortes.', NULL, NULL, NULL, NULL, NULL, '/diplomatic/public/academic/cohortes', 'GET', NULL, NULL, 'NORMAL', 0, 0, 'c6817a7691e2a9bb', 'BACKEND', 'DEV', '1.0.0'),
(1268, '2026-03-02 13:41:35', 1, '5s3kfqii9tg59m2r4rbra899an', '200.8.212.43', 'Mozilla/5.0 (Windows NT 10.0; Win64; x64) AppleWebKit/537.36 (KHTML, like Gecko) Chrome/145.0.0.0 Safari/537.36', 'desktop', 'Windows', 'COHORTES', 'ACCESS_INDEX', 'El usuario ingresó al panel maestro de cohortes.', NULL, NULL, NULL, NULL, NULL, '/diplomatic/public/academic/cohortes', 'GET', NULL, NULL, 'NORMAL', 0, 0, 'b39b67452f165df7', 'BACKEND', 'DEV', '1.0.0'),
(1269, '2026-03-02 13:41:42', 1, '5s3kfqii9tg59m2r4rbra899an', '200.8.212.43', 'Mozilla/5.0 (Windows NT 10.0; Win64; x64) AppleWebKit/537.36 (KHTML, like Gecko) Chrome/145.0.0.0 Safari/537.36', 'desktop', 'Windows', 'COHORTES', 'ACCESS_INDEX', 'El usuario ingresó al panel maestro de cohortes.', NULL, NULL, NULL, NULL, NULL, '/diplomatic/public/academic/cohortes?updated=1', 'GET', NULL, NULL, 'NORMAL', 0, 0, '9040b74a63a038ae', 'BACKEND', 'DEV', '1.0.0'),
(1270, '2026-03-02 13:41:52', 1, '5s3kfqii9tg59m2r4rbra899an', '200.8.212.43', 'Mozilla/5.0 (Windows NT 10.0; Win64; x64) AppleWebKit/537.36 (KHTML, like Gecko) Chrome/145.0.0.0 Safari/537.36', 'desktop', 'Windows', 'ACADEMIC_MANAGEMENT', 'ACCESS', 'Entró al panel de Gestión Académica.', NULL, NULL, NULL, NULL, NULL, '/diplomatic/public/academic', 'GET', NULL, NULL, 'NORMAL', 0, 0, 'a0b6c4bc9115b9b9', 'BACKEND', 'DEV', '1.0.0'),
(1271, '2026-03-02 13:41:54', 1, '5s3kfqii9tg59m2r4rbra899an', '200.8.212.43', 'Mozilla/5.0 (Windows NT 10.0; Win64; x64) AppleWebKit/537.36 (KHTML, like Gecko) Chrome/145.0.0.0 Safari/537.36', 'desktop', 'Windows', 'COHORTES_CONFIG', 'ACCESS', 'Ingreso al panel de configuración avanzada de cohortes.', NULL, NULL, NULL, NULL, NULL, '/diplomatic/public/academic/cohortes-config', 'GET', NULL, NULL, 'NORMAL', 0, 0, 'd85b33dab625fb64', 'BACKEND', 'DEV', '1.0.0'),
(1272, '2026-03-02 13:42:02', 1, '5s3kfqii9tg59m2r4rbra899an', '200.8.212.43', 'Mozilla/5.0 (Windows NT 10.0; Win64; x64) AppleWebKit/537.36 (KHTML, like Gecko) Chrome/145.0.0.0 Safari/537.36', 'desktop', 'Windows', 'COHORTES_CONFIG', 'STATUS_FORCED', 'Forzó el estado de la cohorte [2026-III] a: Planificada (y restauró si estaba eliminada).', NULL, 5, NULL, NULL, NULL, '/diplomatic/public/academic/cohortes-config/updateStatus', 'POST', NULL, NULL, 'WARNING', 0, 0, '200d2afd333f63b2', 'BACKEND', 'DEV', '1.0.0'),
(1273, '2026-03-02 13:42:02', 1, '5s3kfqii9tg59m2r4rbra899an', '200.8.212.43', 'Mozilla/5.0 (Windows NT 10.0; Win64; x64) AppleWebKit/537.36 (KHTML, like Gecko) Chrome/145.0.0.0 Safari/537.36', 'desktop', 'Windows', 'COHORTES_CONFIG', 'ACCESS', 'Ingreso al panel de configuración avanzada de cohortes.', NULL, NULL, NULL, NULL, NULL, '/diplomatic/public/academic/cohortes-config?updated=1', 'GET', NULL, NULL, 'NORMAL', 0, 0, '7696fd6bdcb7ffd5', 'BACKEND', 'DEV', '1.0.0'),
(1274, '2026-03-02 13:42:04', 1, '5s3kfqii9tg59m2r4rbra899an', '200.8.212.43', 'Mozilla/5.0 (Windows NT 10.0; Win64; x64) AppleWebKit/537.36 (KHTML, like Gecko) Chrome/145.0.0.0 Safari/537.36', 'desktop', 'Windows', 'ACADEMIC_MANAGEMENT', 'ACCESS', 'Entró al panel de Gestión Académica.', NULL, NULL, NULL, NULL, NULL, '/diplomatic/public/academic', 'GET', NULL, NULL, 'NORMAL', 0, 0, 'b862d849ff160765', 'BACKEND', 'DEV', '1.0.0'),
(1275, '2026-03-02 13:42:06', 1, '5s3kfqii9tg59m2r4rbra899an', '200.8.212.43', 'Mozilla/5.0 (Windows NT 10.0; Win64; x64) AppleWebKit/537.36 (KHTML, like Gecko) Chrome/145.0.0.0 Safari/537.36', 'desktop', 'Windows', 'COHORTES', 'ACCESS_INDEX', 'El usuario ingresó al panel maestro de cohortes.', NULL, NULL, NULL, NULL, NULL, '/diplomatic/public/academic/cohortes', 'GET', NULL, NULL, 'NORMAL', 0, 0, '89c12cb5018fb898', 'BACKEND', 'DEV', '1.0.0'),
(1276, '2026-03-02 13:42:14', 1, '5s3kfqii9tg59m2r4rbra899an', '200.8.212.43', 'Mozilla/5.0 (Windows NT 10.0; Win64; x64) AppleWebKit/537.36 (KHTML, like Gecko) Chrome/145.0.0.0 Safari/537.36', 'desktop', 'Windows', 'COHORTES', 'ACCESS_INDEX', 'El usuario ingresó al panel maestro de cohortes.', NULL, NULL, NULL, NULL, NULL, '/diplomatic/public/academic/cohortes?updated=1', 'GET', NULL, NULL, 'NORMAL', 0, 0, '0eea32da3a92f3dc', 'BACKEND', 'DEV', '1.0.0'),
(1277, '2026-03-02 13:42:17', 1, '5s3kfqii9tg59m2r4rbra899an', '200.8.212.43', 'Mozilla/5.0 (Windows NT 10.0; Win64; x64) AppleWebKit/537.36 (KHTML, like Gecko) Chrome/145.0.0.0 Safari/537.36', 'desktop', 'Windows', 'COHORTES', 'ACCESS_INDEX', 'El usuario ingresó al panel maestro de cohortes.', NULL, NULL, NULL, NULL, NULL, '/diplomatic/public/academic/cohortes?updated=1', 'GET', NULL, NULL, 'NORMAL', 0, 0, '29d103140782f9d1', 'BACKEND', 'DEV', '1.0.0'),
(1278, '2026-03-02 13:42:20', 1, '5s3kfqii9tg59m2r4rbra899an', '200.8.212.43', 'Mozilla/5.0 (Windows NT 10.0; Win64; x64) AppleWebKit/537.36 (KHTML, like Gecko) Chrome/145.0.0.0 Safari/537.36', 'desktop', 'Windows', 'ACADEMIC_MANAGEMENT', 'ACCESS', 'Entró al panel de Gestión Académica.', NULL, NULL, NULL, NULL, NULL, '/diplomatic/public/academic', 'GET', NULL, NULL, 'NORMAL', 0, 0, '961078a8a0a02394', 'BACKEND', 'DEV', '1.0.0'),
(1279, '2026-03-02 13:42:22', 1, '5s3kfqii9tg59m2r4rbra899an', '200.8.212.43', 'Mozilla/5.0 (Windows NT 10.0; Win64; x64) AppleWebKit/537.36 (KHTML, like Gecko) Chrome/145.0.0.0 Safari/537.36', 'desktop', 'Windows', 'COHORTES_CONFIG', 'ACCESS', 'Ingreso al panel de configuración avanzada de cohortes.', NULL, NULL, NULL, NULL, NULL, '/diplomatic/public/academic/cohortes-config', 'GET', NULL, NULL, 'NORMAL', 0, 0, '084ab8315f560da9', 'BACKEND', 'DEV', '1.0.0'),
(1280, '2026-03-02 13:42:25', 1, '5s3kfqii9tg59m2r4rbra899an', '200.8.212.43', 'Mozilla/5.0 (Windows NT 10.0; Win64; x64) AppleWebKit/537.36 (KHTML, like Gecko) Chrome/145.0.0.0 Safari/537.36', 'desktop', 'Windows', 'ACADEMIC_MANAGEMENT', 'ACCESS', 'Entró al panel de Gestión Académica.', NULL, NULL, NULL, NULL, NULL, '/diplomatic/public/academic', 'GET', NULL, NULL, 'NORMAL', 0, 0, '240c642ff213f4e8', 'BACKEND', 'DEV', '1.0.0'),
(1281, '2026-03-02 13:42:26', 1, '5s3kfqii9tg59m2r4rbra899an', '200.8.212.43', 'Mozilla/5.0 (Windows NT 10.0; Win64; x64) AppleWebKit/537.36 (KHTML, like Gecko) Chrome/145.0.0.0 Safari/537.36', 'desktop', 'Windows', 'COHORTES_CONFIG', 'ACCESS', 'Ingreso al panel de configuración avanzada de cohortes.', NULL, NULL, NULL, NULL, NULL, '/diplomatic/public/academic/cohortes-config', 'GET', NULL, NULL, 'NORMAL', 0, 0, '727ddade7721f026', 'BACKEND', 'DEV', '1.0.0'),
(1282, '2026-03-02 13:42:36', 1, '5s3kfqii9tg59m2r4rbra899an', '200.8.212.43', 'Mozilla/5.0 (Windows NT 10.0; Win64; x64) AppleWebKit/537.36 (KHTML, like Gecko) Chrome/145.0.0.0 Safari/537.36', 'desktop', 'Windows', 'COHORTES_CONFIG', 'STATUS_FORCED', 'Forzó el estado de la cohorte [2026-III] a: Reabierta (y restauró si estaba eliminada).', NULL, 5, NULL, NULL, NULL, '/diplomatic/public/academic/cohortes-config/updateStatus', 'POST', NULL, NULL, 'WARNING', 0, 0, 'f3eefb1c9e1ffc9b', 'BACKEND', 'DEV', '1.0.0'),
(1283, '2026-03-02 13:42:36', 1, '5s3kfqii9tg59m2r4rbra899an', '200.8.212.43', 'Mozilla/5.0 (Windows NT 10.0; Win64; x64) AppleWebKit/537.36 (KHTML, like Gecko) Chrome/145.0.0.0 Safari/537.36', 'desktop', 'Windows', 'COHORTES_CONFIG', 'ACCESS', 'Ingreso al panel de configuración avanzada de cohortes.', NULL, NULL, NULL, NULL, NULL, '/diplomatic/public/academic/cohortes-config?updated=1', 'GET', NULL, NULL, 'NORMAL', 0, 0, 'e7afa06a847eb9eb', 'BACKEND', 'DEV', '1.0.0'),
(1284, '2026-03-02 13:42:40', 1, '5s3kfqii9tg59m2r4rbra899an', '200.8.212.43', 'Mozilla/5.0 (Windows NT 10.0; Win64; x64) AppleWebKit/537.36 (KHTML, like Gecko) Chrome/145.0.0.0 Safari/537.36', 'desktop', 'Windows', 'ACADEMIC_MANAGEMENT', 'ACCESS', 'Entró al panel de Gestión Académica.', NULL, NULL, NULL, NULL, NULL, '/diplomatic/public/academic', 'GET', NULL, NULL, 'NORMAL', 0, 0, '8cb2cd5aab04f9ba', 'BACKEND', 'DEV', '1.0.0'),
(1285, '2026-03-02 13:42:42', 1, '5s3kfqii9tg59m2r4rbra899an', '200.8.212.43', 'Mozilla/5.0 (Windows NT 10.0; Win64; x64) AppleWebKit/537.36 (KHTML, like Gecko) Chrome/145.0.0.0 Safari/537.36', 'desktop', 'Windows', 'COHORTES', 'ACCESS_INDEX', 'El usuario ingresó al panel maestro de cohortes.', NULL, NULL, NULL, NULL, NULL, '/diplomatic/public/academic/cohortes', 'GET', NULL, NULL, 'NORMAL', 0, 0, '2e6bd2405988f21c', 'BACKEND', 'DEV', '1.0.0'),
(1286, '2026-03-02 13:42:44', 1, '5s3kfqii9tg59m2r4rbra899an', '200.8.212.43', 'Mozilla/5.0 (Windows NT 10.0; Win64; x64) AppleWebKit/537.36 (KHTML, like Gecko) Chrome/145.0.0.0 Safari/537.36', 'desktop', 'Windows', 'ACADEMIC_MANAGEMENT', 'ACCESS', 'Entró al panel de Gestión Académica.', NULL, NULL, NULL, NULL, NULL, '/diplomatic/public/academic', 'GET', NULL, NULL, 'NORMAL', 0, 0, '10476a8dfdc09d87', 'BACKEND', 'DEV', '1.0.0'),
(1287, '2026-03-02 13:42:46', 1, '5s3kfqii9tg59m2r4rbra899an', '200.8.212.43', 'Mozilla/5.0 (Windows NT 10.0; Win64; x64) AppleWebKit/537.36 (KHTML, like Gecko) Chrome/145.0.0.0 Safari/537.36', 'desktop', 'Windows', 'COHORTES_CONFIG', 'ACCESS', 'Ingreso al panel de configuración avanzada de cohortes.', NULL, NULL, NULL, NULL, NULL, '/diplomatic/public/academic/cohortes-config', 'GET', NULL, NULL, 'NORMAL', 0, 0, '6068417e7857269c', 'BACKEND', 'DEV', '1.0.0'),
(1288, '2026-03-02 13:42:51', 1, '5s3kfqii9tg59m2r4rbra899an', '200.8.212.43', 'Mozilla/5.0 (Windows NT 10.0; Win64; x64) AppleWebKit/537.36 (KHTML, like Gecko) Chrome/145.0.0.0 Safari/537.36', 'desktop', 'Windows', 'COHORTES_CONFIG', 'STATUS_FORCED', 'Forzó el estado de la cohorte [2026-III] a: Planificada (y restauró si estaba eliminada).', NULL, 5, NULL, NULL, NULL, '/diplomatic/public/academic/cohortes-config/updateStatus', 'POST', NULL, NULL, 'WARNING', 0, 0, '931193819a7e8654', 'BACKEND', 'DEV', '1.0.0'),
(1289, '2026-03-02 13:42:51', 1, '5s3kfqii9tg59m2r4rbra899an', '200.8.212.43', 'Mozilla/5.0 (Windows NT 10.0; Win64; x64) AppleWebKit/537.36 (KHTML, like Gecko) Chrome/145.0.0.0 Safari/537.36', 'desktop', 'Windows', 'COHORTES_CONFIG', 'ACCESS', 'Ingreso al panel de configuración avanzada de cohortes.', NULL, NULL, NULL, NULL, NULL, '/diplomatic/public/academic/cohortes-config?updated=1', 'GET', NULL, NULL, 'NORMAL', 0, 0, '92d1052e5c19c03e', 'BACKEND', 'DEV', '1.0.0');

-- --------------------------------------------------------

--
-- Estructura de tabla para la tabla `tbl_campuses`
--

CREATE TABLE `tbl_campuses` (
  `id` int(11) NOT NULL,
  `name` varchar(150) NOT NULL,
  `is_active` tinyint(1) NOT NULL DEFAULT 1,
  `created_at` timestamp NOT NULL DEFAULT current_timestamp(),
  `updated_at` timestamp NULL DEFAULT NULL ON UPDATE current_timestamp()
) ENGINE=InnoDB DEFAULT CHARSET=utf8mb4 COLLATE=utf8mb4_spanish_ci;

--
-- Volcado de datos para la tabla `tbl_campuses`
--

INSERT INTO `tbl_campuses` (`id`, `name`, `is_active`, `created_at`, `updated_at`) VALUES
(1, 'Decanato de Ciencias de la Salud', 1, '2026-03-02 12:51:05', NULL),
(2, 'Sede Principal Barquisimeto', 1, '2026-03-02 12:51:05', NULL),
(3, 'Extensión Cabudare', 1, '2026-03-02 12:51:05', NULL),
(4, 'Campus Virtual', 1, '2026-03-02 12:51:05', NULL);

-- --------------------------------------------------------

--
-- Estructura de tabla para la tabla `tbl_cohortes`
--

CREATE TABLE `tbl_cohortes` (
  `id` int(11) NOT NULL,
  `cohort_code` varchar(20) NOT NULL COMMENT 'Código institucional (ej: 2026-I)',
  `name` varchar(100) NOT NULL COMMENT 'Nombre descriptivo del periodo',
  `start_date` date NOT NULL COMMENT 'Inicio oficial del periodo académico',
  `end_date` date NOT NULL COMMENT 'Fin oficial del periodo académico',
  `enrollment_start` date DEFAULT NULL COMMENT 'Inicio de ventana de inscripción',
  `enrollment_end` date DEFAULT NULL COMMENT 'Cierre de ventana de inscripción',
  `description` text DEFAULT NULL,
  `base_campus` varchar(150) DEFAULT NULL COMMENT 'Sede base institucional',
  `cohort_status` enum('Planificada','En curso','Finalizada','Reabierta','Suspendida','Cancelada') NOT NULL DEFAULT 'Planificada',
  `is_active` tinyint(1) DEFAULT 1,
  `created_by` int(10) UNSIGNED DEFAULT NULL,
  `updated_by` int(10) UNSIGNED DEFAULT NULL,
  `created_at` timestamp NOT NULL DEFAULT current_timestamp(),
  `updated_at` timestamp NOT NULL DEFAULT current_timestamp() ON UPDATE current_timestamp()
) ENGINE=InnoDB DEFAULT CHARSET=utf8mb4 COLLATE=utf8mb4_unicode_ci;

--
-- Volcado de datos para la tabla `tbl_cohortes`
--

INSERT INTO `tbl_cohortes` (`id`, `cohort_code`, `name`, `start_date`, `end_date`, `enrollment_start`, `enrollment_end`, `description`, `base_campus`, `cohort_status`, `is_active`, `created_by`, `updated_by`, `created_at`, `updated_at`) VALUES
(1, '2026-I', 'Cohorte ENERO - MAYO - 2026', '2026-01-01', '2026-05-30', '2026-01-01', '2026-02-15', 'Notas de la Cohorte', 'Decanato de Ciencias de la Salud', 'Planificada', 1, 1, 1, '2026-02-18 11:54:35', '2026-03-02 13:32:40'),
(5, '2026-III', 'COHORTE PRUEBA', '2026-03-01', '2026-03-04', '2026-03-01', '2026-03-06', NULL, NULL, 'Planificada', 1, 1, 1, '2026-03-02 13:33:15', '2026-03-02 13:42:51');

-- --------------------------------------------------------

--
-- Estructura de tabla para la tabla `tbl_cohort_campuses`
--

CREATE TABLE `tbl_cohort_campuses` (
  `cohort_id` int(11) NOT NULL,
  `campus_id` int(11) NOT NULL
) ENGINE=InnoDB DEFAULT CHARSET=utf8mb4 COLLATE=utf8mb4_spanish_ci;

--
-- Volcado de datos para la tabla `tbl_cohort_campuses`
--

INSERT INTO `tbl_cohort_campuses` (`cohort_id`, `campus_id`) VALUES
(1, 1),
(5, 1);

-- --------------------------------------------------------

--
-- Estructura de tabla para la tabla `tbl_company_settings`
--

CREATE TABLE `tbl_company_settings` (
  `id` int(11) NOT NULL,
  `nombre_legal` varchar(255) DEFAULT NULL,
  `nombre_comercial` varchar(255) DEFAULT NULL,
  `id_fiscal` varchar(100) DEFAULT NULL,
  `direccion` text DEFAULT NULL,
  `telefono` varchar(50) DEFAULT NULL,
  `email` varchar(150) DEFAULT NULL,
  `sitio_web` varchar(255) DEFAULT NULL,
  `representante` varchar(255) DEFAULT NULL,
  `cargo_rep` varchar(150) DEFAULT NULL,
  `tel_rep` varchar(50) DEFAULT NULL,
  `created_at` timestamp NOT NULL DEFAULT current_timestamp(),
  `updated_at` timestamp NOT NULL DEFAULT current_timestamp() ON UPDATE current_timestamp()
) ENGINE=InnoDB DEFAULT CHARSET=utf8mb4 COLLATE=utf8mb4_unicode_ci;

--
-- Volcado de datos para la tabla `tbl_company_settings`
--

INSERT INTO `tbl_company_settings` (`id`, `nombre_legal`, `nombre_comercial`, `id_fiscal`, `direccion`, `telefono`, `email`, `sitio_web`, `representante`, `cargo_rep`, `tel_rep`, `created_at`, `updated_at`) VALUES
(1, 'Diplomados', 'Plataforma Diplomados', 'G1212121212', '10773 NW 58th ST, Doral FL 33178', '+584145365380', 'admin@plataformadiplomados.com', 'www.plataformadiplomados.com', 'JORGE PEREIRA', 'PROGRAMADOR', '+584145042125', '2026-02-12 15:54:22', '2026-02-12 15:58:10');

-- --------------------------------------------------------

--
-- Estructura de tabla para la tabla `tbl_diplomados`
--

CREATE TABLE `tbl_diplomados` (
  `id` int(11) NOT NULL,
  `code` varchar(20) NOT NULL COMMENT 'Código institucional del diplomado',
  `name` varchar(255) NOT NULL COMMENT 'Nombre completo del diplomado',
  `description` text DEFAULT NULL COMMENT 'Propósito y enfoque científico',
  `directed_to` text DEFAULT NULL COMMENT 'Perfil profesional admitido',
  `total_hours` int(5) DEFAULT 200 COMMENT 'Carga horaria total (según oferta)',
  `status` enum('ACTIVE','INACTIVE') DEFAULT 'ACTIVE',
  `created_at` timestamp NOT NULL DEFAULT current_timestamp(),
  `updated_at` timestamp NOT NULL DEFAULT current_timestamp() ON UPDATE current_timestamp()
) ENGINE=InnoDB DEFAULT CHARSET=utf8mb4 COLLATE=utf8mb4_unicode_ci;

--
-- Volcado de datos para la tabla `tbl_diplomados`
--

INSERT INTO `tbl_diplomados` (`id`, `code`, `name`, `description`, `directed_to`, `total_hours`, `status`, `created_at`, `updated_at`) VALUES
(1, 'DCS-DIP-GR-033-2025', 'DIPLOMADO EN TERAPIA RESPIRATORIA\r\nCLÍNICA Y MANEJO INTEGRAL DEL\r\nPACIENTE', 'Estimado participante, le damos la mas cordial bienvenida. Esta pagina es de carácter\r\ninformativo en relación con el Diplomado en Terapia Respiratoria Clínica y Manejo Integral\r\ndel Paciente. Para nosotros es un placer atenderte.\r\nLa terapia respiratoria constituye un pilar fundamental en la atención multidisciplinaria del\r\npaciente crítico, crónico y con patologías respiratorias agudas. Este Diplomado ha sido\r\ndiseñado bajo un enfoque bimodal (virtual y presencial), que permite articular la\r\nflexibilidad del aprendizaje en línea con la rigurosidad de la práctica clínica supervisada. A\r\nlo largo del Diplomado, los participantes adquirirán competencias teóricas y prácticas para\r\nel manejo seguro y eficaz de gases medicinales, la implementación de estrategias de\r\noxigenoterapia, la aplicación de ventilación no invasiva, la ejecución de técnicas de\r\nfisioterapia torácica y el monitoreo respiratorio avanzado. Estos saberes se integran en un\r\nmarco ético, científico y humanizado, orientado a optimizar la calidad asistencial y\r\nfortalecer la toma de decisiones clínicas en diversos contextos de atención.\r\nEl objetivo es formar profesionales de la salud con competencias teóricas, clínicas y éticas\r\nque les permitan intervenir de manera segura, eficaz y humanizada en el manejo de\r\npacientes con patologías respiratorias agudas y crónicas, mediante el análisis, la\r\naplicación y la evaluación crítica de procedimientos terapéuticos, el uso racional de\r\ntecnologías respiratorias, y la toma de decisiones interdisciplinarias orientadas a la mejora\r\ncontinua de la atención.', ' Médicos, Profesionales de Enfermería (TSU o Licenciados) y\r\ntodo Profesional del área de la salud que desee actualizarse en el área de la Terapia\r\nRespiratoria', 200, 'ACTIVE', '2026-02-18 00:10:49', '2026-02-18 00:43:29'),
(2, 'DCS-DIP-GR-007-2024', 'DIPLOMADO EN MEDICINA LEGAL Y\r\nCIENCIAS FORENSES ', 'Estimado participante, le damos la mas cordial bienvenida. Esta pagina es de carácter\r\ninformativo en relación con el Diplomado en Medicina Legal y Ciencias Forenses ofertado\r\npara Profesionales del área de Ciencias de la Salud, Ciencias Jurídicas, Ciencias Sociales y\r\nPoliciales. Para nosotros es un placer atenderte.\r\nEl objetivo principal de este Diplomado es proporcionar a los Profesionales una\r\noportunidad única para actualizar y fortalecer sus conocimientos, habilidades y destrezas\r\nen el campo de la Medicina Forense y Legal. Los profesionales capacitados en esta área\r\ndesempeñan roles cruciales en la administración de justicia y en la protección de los\r\nderechos individuales, de la misma manera, estarán capacitados para desempeñarse en\r\nuna variedad de roles, incluyendo la consultoría, el peritaje, la investigación y la asesoría\r\nforense en el ámbito sanitario y jurídico. Su formación les permitirá contribuir de manera\r\nsignificativa a la búsqueda de la verdad y la justicia en contextos legales y forenses.\r\nEl término \"forense\" abarca todo lo relacionado con la ley y lo legal. En el contexto de la\r\nciencia forense, los profesionales se adentran en la intersección entre la salud y la justicia.\r\nLa Medicina Legal y Forense abarca diversas sub especialidades, y quienes la practican\r\npueden asumir múltiples roles en diferentes escenarios del sector público de salud. Estos\r\nprofesionales, capacitados en Medicina Legal y Forense, intervienen en aspectos legales\r\nde la comunidad, recopilan evidencia en escenarios de crimen, interrogan a víctimas de\r\ncrímenes y pueden participar en la determinación de la causa y el momento de la muerte.\r\nAdemás, brindan asesoramiento a individuos con antecedentes criminales o a infractores\r\ncon trastornos emocionales. La Medicina Legal y Forense ha surgido como una respuesta\r\nintegral y multidisciplinaria en el Sistema de Justicia Criminal, llenando vacíos que existían\r\nen este sistema. Con un enfoque interdisciplinario, los profesionales de la Medicina Legal\r\ny Forense desempeñan un papel esencial en la búsqueda de la verdad y la justicia.', 'TODOS LOS MÉDICOS, ENFERMERAS (OS), ABOGADOS,\r\nPOLICÍAS, MILITARES, CUERPO DE SEGURIDAD EN GENERAL, PERSONAL DE SALUD Y\r\nPROFESIONALES CON DESEOS DE INCURSIONAR EN EL CAMPO DE LA MEDICINA LEGAL\r\nY FORENSE.', 200, 'ACTIVE', '2026-02-18 00:48:17', '2026-02-18 00:48:17');

-- --------------------------------------------------------

--
-- Estructura de tabla para la tabla `tbl_diplomados_conditions`
--

CREATE TABLE `tbl_diplomados_conditions` (
  `id` int(11) NOT NULL,
  `diplomado_id` int(11) NOT NULL,
  `condition_text` text NOT NULL COMMENT 'Ej: La nota mínima aprobatoria es 15 puntos',
  `order_priority` int(2) DEFAULT 1
) ENGINE=InnoDB DEFAULT CHARSET=utf8mb4 COLLATE=utf8mb4_unicode_ci;

--
-- Volcado de datos para la tabla `tbl_diplomados_conditions`
--

INSERT INTO `tbl_diplomados_conditions` (`id`, `diplomado_id`, `condition_text`, `order_priority`) VALUES
(21, 2, 'La nota mínima aprobatoria del diplomado es de 15 puntos.', 1),
(22, 2, 'El participante debe mantenerse solvente y cumplir con las cuotas establecidas para\r\nmantenerse activo dentro del Diplomado.', 1),
(23, 2, 'El dinero no es reembolsable ni es transferible a otro participante bajo ninguna causa.', 1),
(24, 2, 'En caso de insolvencia el participante estará sujeto a las políticas administrativas\r\nestablecidas por el Diplomado.', 1),
(29, 1, 'El participante debe mantenerse solvente y cumplir con las cuotas establecidas para mantenerse activo dentro del Diplomado.', 1),
(30, 1, 'El dinero no es reembolsable ni es transferible a otro participante bajo ninguna causa.', 1),
(31, 1, 'En caso de insolvencia el participante estará sujeto a las políticas administrativas establecidas por el Diplomado.', 1),
(32, 1, 'La nota mínima aprobatoria del diplomado es 15 puntos.', 1);

-- --------------------------------------------------------

--
-- Estructura de tabla para la tabla `tbl_diplomados_requirements`
--

CREATE TABLE `tbl_diplomados_requirements` (
  `id` int(11) NOT NULL,
  `diplomado_id` int(11) NOT NULL,
  `requirement_text` varchar(255) NOT NULL COMMENT 'Ej: Copia del Título Universitario',
  `is_mandatory` tinyint(1) DEFAULT 1
) ENGINE=InnoDB DEFAULT CHARSET=utf8mb4 COLLATE=utf8mb4_unicode_ci;

--
-- Volcado de datos para la tabla `tbl_diplomados_requirements`
--

INSERT INTO `tbl_diplomados_requirements` (`id`, `diplomado_id`, `requirement_text`, `is_mandatory`) VALUES
(26, 2, 'Profesionales del área de Ciencias de la Salud, Ciencias Jurídicas, Cs Sociales y\r\nPoliciales que se desempeñen con interés de actualizarse o que deseen incursionar en el\r\nÁrea de la Medicina legal y Ciencias Forenses.', 1),
(27, 2, 'Planilla de Inscripción. Esta planilla será enviada al correo registrado en la pre\r\ninscripción.', 1),
(28, 2, 'Cancelar la inscripción (Dólares en físico) o pago móvil. También se pueden realizar\r\nadelanto de cuotas o pago total.', 1),
(29, 2, 'Copia del Título o constancia de trabajo según el caso.', 1),
(30, 2, 'Copia de la cédula.', 1),
(36, 1, 'Ser Médico, Técnico Superior en Enfermería, Licenciado en Enfermería o Profesional en el área de Ciencias de la Salud.', 1),
(37, 1, 'Planilla de Inscripción. Esta planilla será enviada al correo electrónico registrado inmediatamente luego de la pre inscripción (IMPRIMIR 2 PLANILLAS).', 1),
(38, 1, 'Cancelar la inscripción (Dólares en físico) o pago móvil. También se pueden realizar adelanto de cuotas o pago total.', 1),
(39, 1, 'Copia del Título Universitario.', 1),
(40, 1, 'Copia de la cédula.', 1);

-- --------------------------------------------------------

--
-- Estructura de tabla para la tabla `tbl_email_settings`
--

CREATE TABLE `tbl_email_settings` (
  `id` int(11) NOT NULL,
  `tipo_correo` enum('INSCRIPCION','DOCUMENTOS','RECUPERACION') NOT NULL,
  `smtp_host` varchar(255) DEFAULT NULL,
  `smtp_port` int(11) DEFAULT NULL,
  `smtp_security` enum('TLS','SSL','NONE') DEFAULT NULL,
  `smtp_user` varchar(255) DEFAULT NULL,
  `smtp_password` varchar(255) DEFAULT NULL,
  `from_name` varchar(255) DEFAULT NULL,
  `from_email` varchar(255) DEFAULT NULL,
  `reply_to` varchar(255) DEFAULT NULL,
  `asunto` varchar(255) DEFAULT NULL,
  `contenido` longtext DEFAULT NULL,
  `created_at` timestamp NOT NULL DEFAULT current_timestamp(),
  `updated_at` timestamp NOT NULL DEFAULT current_timestamp() ON UPDATE current_timestamp()
) ENGINE=InnoDB DEFAULT CHARSET=utf8mb4 COLLATE=utf8mb4_general_ci;

--
-- Volcado de datos para la tabla `tbl_email_settings`
--

INSERT INTO `tbl_email_settings` (`id`, `tipo_correo`, `smtp_host`, `smtp_port`, `smtp_security`, `smtp_user`, `smtp_password`, `from_name`, `from_email`, `reply_to`, `asunto`, `contenido`, `created_at`, `updated_at`) VALUES
(1, 'INSCRIPCION', 'mail.plataformadiplomados.com', 465, 'SSL', 'info@plataformadiplomados.com', 'i1;r+e}kmkoBDJ!W', 'Soporte de Inscripción Plataforma Diplomados', 'info@plataformadiplomados.com', NULL, 'Confirma tu registro en Plataforma Diplomados', '<!doctype html>\r\n<html>\r\n<body style=\"margin:0; padding:0; font-family: Arial, sans-serif; color:#333; line-height:1.5;\">\r\n\r\n<table width=\"100%\" cellpadding=\"0\" cellspacing=\"0\" border=\"0\">\r\n  <tr>\r\n    <td align=\"center\">\r\n\r\n      <table width=\"600\" cellpadding=\"0\" cellspacing=\"0\" border=\"0\" style=\"padding:20px;\">\r\n\r\n        <tr>\r\n          <td>\r\n\r\n            <p>Hola {nombre} {apellido},</p>\r\n\r\n            <p>\r\n              Gracias por registrarte en Plataforma Diplomados.\r\n            </p>\r\n\r\n            <p>\r\n              Para completar la activación de tu cuenta, haz clic en el siguiente botón:\r\n            </p>\r\n\r\n            <!-- BOTÓN -->\r\n            <table cellpadding=\"0\" cellspacing=\"0\" border=\"0\" style=\"margin:20px 0;\">\r\n              <tr>\r\n                <td align=\"center\" bgcolor=\"#1a73e8\" style=\"border-radius:4px;\">\r\n                  <a href=\"{link_inscripcion}\" \r\n                     style=\"display:inline-block; padding:12px 20px; color:#ffffff; text-decoration:none; font-family:Arial, sans-serif; font-size:14px;\">\r\n                    Confirmar mi cuenta\r\n                  </a>\r\n                </td>\r\n              </tr>\r\n            </table>\r\n\r\n            <p>\r\n              Si no puedes hacer clic en el botón, copia y pega el siguiente enlace en tu navegador:\r\n            </p>\r\n\r\n            <p style=\"word-break: break-all;\">\r\n              {link_inscripcion}\r\n            </p>\r\n\r\n            <p>\r\n              Si no realizaste este registro, puedes ignorar este mensaje.\r\n            </p>\r\n\r\n            <p>\r\n              Saludos,<br>\r\n              Equipo Plataforma Diplomados\r\n            </p>\r\n\r\n          </td>\r\n        </tr>\r\n\r\n      </table>\r\n\r\n    </td>\r\n  </tr>\r\n</table>\r\n\r\n</body>\r\n</html>\r\n', '2026-02-16 18:29:44', '2026-02-16 19:12:35'),
(2, 'DOCUMENTOS', 'mail.plataformadiplomados.com', 465, 'SSL', 'info@plataformadiplomados.com', 'i1;r+e}kmkoBDJ!W', 'Soporte de Certificados Plataforma Diplomados ', 'info@plataformadiplomados.com', NULL, 'Tu constancia está disponible para descarga', '<!doctype html>\r\n<html lang=\"es\">\r\n<body style=\"margin:0; padding:0; font-family: Arial, sans-serif; color:#333; line-height:1.5;\">\r\n\r\n<table width=\"100%\" cellpadding=\"0\" cellspacing=\"0\" border=\"0\">\r\n  <tr>\r\n    <td align=\"center\">\r\n\r\n      <table width=\"600\" cellpadding=\"0\" cellspacing=\"0\" border=\"0\" style=\"padding:20px;\">\r\n        <tr>\r\n          <td>\r\n\r\n            <p>Hola {nombre} {apellido},</p>\r\n\r\n            <p>\r\n              Tu constancia de estudio ya está disponible en <strong>Plataforma Diplomados Online</strong>.\r\n            </p>\r\n\r\n            <p>\r\n              Para descargarla, haz clic en el siguiente botón:\r\n            </p>\r\n\r\n            <table cellpadding=\"0\" cellspacing=\"0\" border=\"0\" style=\"margin:20px 0;\">\r\n              <tr>\r\n                <td align=\"center\" bgcolor=\"#1a73e8\" style=\"border-radius:4px;\">\r\n                  <a href=\"{link_descarga}\"\r\n                     style=\"display:inline-block; padding:12px 20px; color:#ffffff; text-decoration:none; font-family:Arial, sans-serif; font-size:14px;\">\r\n                    Descargar constancia\r\n                  </a>\r\n                </td>\r\n              </tr>\r\n            </table>\r\n\r\n            <p>\r\n              Si no puedes hacer clic en el botón, copia y pega el siguiente enlace en tu navegador:\r\n            </p>\r\n\r\n            <p style=\"word-break: break-all;\">\r\n              {link_descarga}\r\n            </p>\r\n\r\n            <p>\r\n              Si no solicitaste esta constancia, puedes ignorar este mensaje.\r\n            </p>\r\n\r\n            <p>\r\n              Saludos,<br>\r\n              Equipo Plataforma Diplomados Online\r\n            </p>\r\n\r\n          </td>\r\n        </tr>\r\n      </table>\r\n\r\n    </td>\r\n  </tr>\r\n</table>\r\n\r\n</body>\r\n</html>\r\n', '2026-02-16 18:30:18', '2026-02-16 21:10:26'),
(23, 'RECUPERACION', 'mail.plataformadiplomados.com', 465, 'SSL', 'info@plataformadiplomados.com', 'i1;r+e}kmkoBDJ!W', 'Soporte de Recuperación Plataforma Diplomados', 'info@plataformadiplomados.com', NULL, 'Recupera tu contraseña en Plataforma Diplomados', '<!doctype html><html><body style=\"font-family: Arial; color:#333;\"><p>Hola {{nombre}} {{apellido}},</p><p>Para recuperar tu contraseña en Plataforma Diplomados, haz clic en el siguiente botón:</p><div style=\"margin:20px 0;\"><a href=\"{{link_inscripcion}}\" style=\"background:#1a73e8; color:#ffffff; padding:12px 20px; text-decoration:none; border-radius:4px;\">Cambiar mi contraseña</a></div><p>Si no puedes hacer clic, usa este enlace:<br>{{link_inscripcion}}</p><p>Saludos,<br>Equipo Plataforma Diplomados</p></body></html>', '2026-02-17 00:40:14', '2026-02-17 00:40:14');

-- --------------------------------------------------------

--
-- Estructura de tabla para la tabla `tbl_event_catalog`
--

CREATE TABLE `tbl_event_catalog` (
  `id` int(10) UNSIGNED NOT NULL,
  `event_code` varchar(30) NOT NULL,
  `event_type` enum('SECURITY','ACADEMIC','FINANCIAL','SYSTEM','DOCUMENT') NOT NULL,
  `severity` enum('LOW','MEDIUM','HIGH','CRITICAL') NOT NULL DEFAULT 'LOW',
  `title` varchar(120) NOT NULL,
  `message_template` varchar(255) NOT NULL,
  `status` enum('ACTIVE','INACTIVE') NOT NULL DEFAULT 'ACTIVE',
  `created_at` datetime NOT NULL DEFAULT current_timestamp(),
  `updated_at` datetime NOT NULL DEFAULT current_timestamp() ON UPDATE current_timestamp()
) ENGINE=InnoDB DEFAULT CHARSET=utf8mb4 COLLATE=utf8mb4_general_ci;

-- --------------------------------------------------------

--
-- Estructura de tabla para la tabla `tbl_event_logs`
--

CREATE TABLE `tbl_event_logs` (
  `id` bigint(20) UNSIGNED NOT NULL,
  `event_catalog_id` int(10) UNSIGNED NOT NULL,
  `event_code` varchar(30) NOT NULL,
  `user_id` int(10) UNSIGNED DEFAULT NULL,
  `role_key` varchar(60) DEFAULT NULL,
  `session_id` int(10) UNSIGNED DEFAULT NULL,
  `module_key` varchar(60) DEFAULT NULL,
  `action_key` varchar(60) DEFAULT NULL,
  `result` enum('SUCCESS','FAIL') NOT NULL DEFAULT 'SUCCESS',
  `ip_address` varchar(45) DEFAULT NULL,
  `user_agent` varchar(255) DEFAULT NULL,
  `entity_table` varchar(80) DEFAULT NULL,
  `entity_id` bigint(20) UNSIGNED DEFAULT NULL,
  `description` varchar(255) DEFAULT NULL,
  `occurred_at` datetime NOT NULL DEFAULT current_timestamp(),
  `created_at` datetime NOT NULL DEFAULT current_timestamp(),
  `updated_at` datetime NOT NULL DEFAULT current_timestamp() ON UPDATE current_timestamp()
) ENGINE=InnoDB DEFAULT CHARSET=utf8mb4 COLLATE=utf8mb4_general_ci;

-- --------------------------------------------------------

--
-- Estructura de tabla para la tabla `tbl_grupos`
--

CREATE TABLE `tbl_grupos` (
  `id` int(11) NOT NULL,
  `name` varchar(100) NOT NULL COMMENT 'Ej: Grupo Viernes, Grupo Online',
  `modality` enum('Presencial','Virtual','Mixta') NOT NULL DEFAULT 'Presencial',
  `description` text DEFAULT NULL,
  `is_active` tinyint(1) NOT NULL DEFAULT 1 COMMENT '1: Activo, 0: Eliminado/Inactivo',
  `created_by` int(11) DEFAULT NULL,
  `updated_by` int(11) DEFAULT NULL,
  `created_at` timestamp NOT NULL DEFAULT current_timestamp(),
  `updated_at` timestamp NULL DEFAULT NULL ON UPDATE current_timestamp()
) ENGINE=InnoDB DEFAULT CHARSET=utf8mb4 COLLATE=utf8mb4_spanish_ci;

--
-- Volcado de datos para la tabla `tbl_grupos`
--

INSERT INTO `tbl_grupos` (`id`, `name`, `modality`, `description`, `is_active`, `created_by`, `updated_by`, `created_at`, `updated_at`) VALUES
(1, 'GRUPO VIERNES', 'Presencial', 'Clases cada 15 días en horario diurno (viernes)\r\n2:00 pm a 5:00 pm', 1, 1, NULL, '2026-02-19 05:01:33', NULL),
(2, 'GRUPO SABADO', 'Presencial', 'Clases cada 15 días en horario diurno (sábado)\r\n8:00 am a 12:00 m', 1, 1, NULL, '2026-02-19 05:02:46', NULL),
(3, 'ONLINE', 'Virtual', 'Clases en modalidad virtual', 1, 1, NULL, '2026-02-19 05:03:08', NULL),
(4, 'SEMI PRESENCIAL', 'Mixta', 'Clases combinadas presencial y online', 1, 1, NULL, '2026-02-19 05:03:30', NULL);

-- --------------------------------------------------------

--
-- Estructura de tabla para la tabla `tbl_permissions`
--

CREATE TABLE `tbl_permissions` (
  `id` int(10) UNSIGNED NOT NULL,
  `perm_key` varchar(80) NOT NULL,
  `module_key` varchar(60) NOT NULL,
  `action_key` varchar(60) NOT NULL,
  `description` varchar(255) NOT NULL,
  `status` enum('ACTIVE','INACTIVE') NOT NULL DEFAULT 'ACTIVE',
  `created_at` datetime NOT NULL DEFAULT current_timestamp(),
  `updated_at` datetime NOT NULL DEFAULT current_timestamp() ON UPDATE current_timestamp()
) ENGINE=InnoDB DEFAULT CHARSET=utf8mb4 COLLATE=utf8mb4_general_ci;

-- --------------------------------------------------------

--
-- Estructura de tabla para la tabla `tbl_pre_users`
--

CREATE TABLE `tbl_pre_users` (
  `id` int(10) UNSIGNED NOT NULL,
  `first_name` varchar(100) NOT NULL,
  `last_name` varchar(100) NOT NULL,
  `email` varchar(190) NOT NULL,
  `phone` varchar(30) DEFAULT NULL,
  `document_id` varchar(60) DEFAULT NULL,
  `status` enum('PENDING','VERIFIED','EXPIRED','BLOCKED') NOT NULL DEFAULT 'PENDING',
  `email_verified` tinyint(1) NOT NULL DEFAULT 0,
  `temp_password_hash` varchar(255) DEFAULT NULL,
  `temp_password_expires_at` datetime DEFAULT NULL,
  `created_at` datetime NOT NULL DEFAULT current_timestamp(),
  `updated_at` datetime DEFAULT NULL ON UPDATE current_timestamp()
) ENGINE=InnoDB DEFAULT CHARSET=utf8mb4 COLLATE=utf8mb4_general_ci;

--
-- Volcado de datos para la tabla `tbl_pre_users`
--

INSERT INTO `tbl_pre_users` (`id`, `first_name`, `last_name`, `email`, `phone`, `document_id`, `status`, `email_verified`, `temp_password_hash`, `temp_password_expires_at`, `created_at`, `updated_at`) VALUES
(13, 'JORGE LUIS', 'PEREIRA OLIVARES', 'gorgepereira@gmail.com', '(+58)-(414)-(536-5380)', '14979523', 'VERIFIED', 1, NULL, NULL, '2026-02-26 10:42:10', '2026-02-26 10:42:28');

-- --------------------------------------------------------

--
-- Estructura de tabla para la tabla `tbl_pre_user_tokens`
--

CREATE TABLE `tbl_pre_user_tokens` (
  `id` int(11) UNSIGNED NOT NULL,
  `pre_user_id` int(11) DEFAULT NULL,
  `token_hash` varchar(255) NOT NULL,
  `expires_at` datetime NOT NULL,
  `used_at` datetime DEFAULT NULL,
  `created_at` datetime NOT NULL DEFAULT current_timestamp()
) ENGINE=InnoDB DEFAULT CHARSET=utf8mb4 COLLATE=utf8mb4_general_ci;

--
-- Volcado de datos para la tabla `tbl_pre_user_tokens`
--

INSERT INTO `tbl_pre_user_tokens` (`id`, `pre_user_id`, `token_hash`, `expires_at`, `used_at`, `created_at`) VALUES
(11, 13, '927f1fa70bd645847e8485167aa5ca3cfb203e4f2629e2628319aad89ea1c93f', '2026-02-27 10:42:10', '2026-02-26 10:42:28', '2026-02-26 10:42:10');

-- --------------------------------------------------------

--
-- Estructura de tabla para la tabla `tbl_professors`
--

CREATE TABLE `tbl_professors` (
  `id` int(11) NOT NULL,
  `identification` varchar(50) NOT NULL COMMENT 'DNI, Cédula o Pasaporte',
  `first_name` varchar(100) NOT NULL,
  `last_name` varchar(100) NOT NULL,
  `full_name` varchar(200) NOT NULL COMMENT 'Nombre completo concatenado para búsquedas rápidas',
  `professor_type` enum('Docente','Coordinador','Invitado','Tutor') NOT NULL DEFAULT 'Docente',
  `photo_path` varchar(255) DEFAULT NULL COMMENT 'Ruta de la foto de perfil',
  `biography` text DEFAULT NULL COMMENT 'Resumen profesional o perfil',
  `is_active` tinyint(1) NOT NULL DEFAULT 1 COMMENT '1: Activo, 0: Inactivo/Eliminado',
  `created_by` int(11) DEFAULT NULL,
  `updated_by` int(11) DEFAULT NULL,
  `created_at` timestamp NOT NULL DEFAULT current_timestamp(),
  `updated_at` timestamp NULL DEFAULT NULL ON UPDATE current_timestamp()
) ENGINE=InnoDB DEFAULT CHARSET=utf8mb4 COLLATE=utf8mb4_spanish_ci;

--
-- Volcado de datos para la tabla `tbl_professors`
--

INSERT INTO `tbl_professors` (`id`, `identification`, `first_name`, `last_name`, `full_name`, `professor_type`, `photo_path`, `biography`, `is_active`, `created_by`, `updated_by`, `created_at`, `updated_at`) VALUES
(2, '14979523', 'Jorge Luis', 'Pereira Olivares', 'Jorge Luis Pereira Olivares', 'Docente', '/diplomatic/public/assets/uploads/profesores/prof_avatar_2_1771509776.png', 'CEO', 1, 1, 1, '2026-02-19 12:51:51', '2026-02-19 14:04:03'),
(3, '135671171', 'Luis Jorge', 'Olivares Pereira', 'Luis Jorge Olivares Pereira', 'Coordinador', '/diplomatic/public/assets/uploads/profesores/prof_avatar_3_1771510031.png', 'Coordinador Academico', 1, 6, 20, '2026-02-19 14:05:55', '2026-02-26 18:54:43'),
(6, '13567117', 'HOMER', 'PEREIRA', 'HOMER PEREIRA', 'Coordinador', '/diplomatic/public/assets/uploads/profesores/prof_6_1771588026.png', 'Coordinador Academico', 1, 6, 1, '2026-02-19 14:53:10', '2026-02-20 11:47:06'),
(7, '21301474', 'RAIZA', 'BARROS', 'RAIZA BARROS', 'Docente', '/diplomatic/public/assets/uploads/profesores/prof_7_1771977600.png', NULL, 1, 1, NULL, '2026-02-24 23:59:52', '2026-02-25 00:00:00'),
(8, '11264080', 'EMCA', 'PEREIRA', 'EMCA PEREIRA', 'Docente', NULL, NULL, 0, 1, 1, '2026-03-02 12:44:22', '2026-03-02 12:44:29');

-- --------------------------------------------------------

--
-- Estructura de tabla para la tabla `tbl_professor_academic_formations`
--

CREATE TABLE `tbl_professor_academic_formations` (
  `id` int(11) NOT NULL,
  `professor_id` int(11) NOT NULL,
  `degree_title` varchar(150) NOT NULL COMMENT 'Título obtenido (Ej. Ingeniero en Sistemas)',
  `academic_level` enum('Pregrado','Especialista','Magister','Doctorado','Postdoctorado','Diplomado') NOT NULL,
  `study_area` varchar(100) DEFAULT NULL COMMENT 'Área de estudio',
  `institution` varchar(150) NOT NULL,
  `year_obtained` year(4) DEFAULT NULL,
  `display_order` int(11) NOT NULL DEFAULT 0 COMMENT 'Para ordenar el CV visualmente'
) ENGINE=InnoDB DEFAULT CHARSET=utf8mb4 COLLATE=utf8mb4_spanish_ci;

--
-- Volcado de datos para la tabla `tbl_professor_academic_formations`
--

INSERT INTO `tbl_professor_academic_formations` (`id`, `professor_id`, `degree_title`, `academic_level`, `study_area`, `institution`, `year_obtained`, `display_order`) VALUES
(1, 2, 'Ingeniero Electronico', 'Pregrado', NULL, 'Universidad Yacambu', '2005', 0),
(3, 6, 'Ingeniero Quimico', 'Pregrado', 'Quimica General', 'Universidad Nacional Experimental Antonio Jose de Sucre', '2026', 0);

-- --------------------------------------------------------

--
-- Estructura de tabla para la tabla `tbl_professor_contacts`
--

CREATE TABLE `tbl_professor_contacts` (
  `id` int(11) NOT NULL,
  `professor_id` int(11) NOT NULL,
  `email` varchar(150) DEFAULT NULL,
  `phone` varchar(50) DEFAULT NULL,
  `linkedin_url` varchar(255) DEFAULT NULL,
  `other_contact` varchar(255) DEFAULT NULL COMMENT 'Otras redes, web personal o método de contacto'
) ENGINE=InnoDB DEFAULT CHARSET=utf8mb4 COLLATE=utf8mb4_spanish_ci;

--
-- Volcado de datos para la tabla `tbl_professor_contacts`
--

INSERT INTO `tbl_professor_contacts` (`id`, `professor_id`, `email`, `phone`, `linkedin_url`, `other_contact`) VALUES
(1, 2, 'gorgepereira@gmail.com', '+584145365380', '', 'www.amarellus.com'),
(11, 3, 'jorgeluispereiraolivares@gmail.com', '+584145042125', '', ''),
(13, 6, 'ddrgomes@gmail.com', '+584145365380', '', 'Jorge Pereira - 04145365380');

-- --------------------------------------------------------

--
-- Estructura de tabla para la tabla `tbl_professor_documents`
--

CREATE TABLE `tbl_professor_documents` (
  `id` int(11) NOT NULL,
  `professor_id` int(11) NOT NULL,
  `document_type` enum('CV','Reseña','Certificación Académica','Documento de Identidad','Otro') NOT NULL,
  `document_name` varchar(150) NOT NULL COMMENT 'Nombre legible del archivo',
  `file_path` varchar(255) NOT NULL COMMENT 'Ruta física del archivo en el servidor',
  `uploaded_at` timestamp NOT NULL DEFAULT current_timestamp()
) ENGINE=InnoDB DEFAULT CHARSET=utf8mb4 COLLATE=utf8mb4_spanish_ci;

--
-- Volcado de datos para la tabla `tbl_professor_documents`
--

INSERT INTO `tbl_professor_documents` (`id`, `professor_id`, `document_type`, `document_name`, `file_path`, `uploaded_at`) VALUES
(1, 2, 'CV', 'Resumen Curricular', '/diplomatic/public/assets/uploads/profesores_docs/doc_2_1771508554.pdf', '2026-02-19 13:42:34'),
(3, 6, 'CV', 'Resumen Curricular', '/diplomatic/public/assets/uploads/profesores_docs/doc_6_1772455294.pdf', '2026-03-02 12:41:34');

-- --------------------------------------------------------

--
-- Estructura de tabla para la tabla `tbl_professor_specialties`
--

CREATE TABLE `tbl_professor_specialties` (
  `id` int(11) NOT NULL,
  `professor_id` int(11) NOT NULL,
  `specialty_name` varchar(100) NOT NULL COMMENT 'Ej. Ciberseguridad, Derecho Penal',
  `is_main` tinyint(1) NOT NULL DEFAULT 0 COMMENT '1: Especialidad principal'
) ENGINE=InnoDB DEFAULT CHARSET=utf8mb4 COLLATE=utf8mb4_spanish_ci;

--
-- Volcado de datos para la tabla `tbl_professor_specialties`
--

INSERT INTO `tbl_professor_specialties` (`id`, `professor_id`, `specialty_name`, `is_main`) VALUES
(1, 2, 'Maestria en Ingenieria de Control de Procesos', 1),
(2, 6, 'Especialización en Control Industrial', 0);

-- --------------------------------------------------------

--
-- Estructura de tabla para la tabla `tbl_professor_work_experiences`
--

CREATE TABLE `tbl_professor_work_experiences` (
  `id` int(11) NOT NULL,
  `professor_id` int(11) NOT NULL,
  `job_title` varchar(150) NOT NULL COMMENT 'Cargo ocupado',
  `institution` varchar(150) NOT NULL,
  `description` text DEFAULT NULL COMMENT 'Funciones o logros principales',
  `start_date` date NOT NULL,
  `end_date` date DEFAULT NULL,
  `is_current` tinyint(1) NOT NULL DEFAULT 0 COMMENT '1: Cargo actual (end_date se ignora)',
  `display_order` int(11) NOT NULL DEFAULT 0
) ENGINE=InnoDB DEFAULT CHARSET=utf8mb4 COLLATE=utf8mb4_spanish_ci;

--
-- Volcado de datos para la tabla `tbl_professor_work_experiences`
--

INSERT INTO `tbl_professor_work_experiences` (`id`, `professor_id`, `job_title`, `institution`, `description`, `start_date`, `end_date`, `is_current`, `display_order`) VALUES
(1, 2, 'Director General', 'Amarellus', NULL, '2019-08-23', NULL, 1, 0),
(2, 6, 'Gerente de Control de Calidad', 'Alimentos Polar', NULL, '2007-02-01', NULL, 1, 0);

-- --------------------------------------------------------

--
-- Estructura de tabla para la tabla `tbl_roles`
--

CREATE TABLE `tbl_roles` (
  `id` int(10) UNSIGNED NOT NULL,
  `role_key` varchar(60) NOT NULL,
  `name` varchar(120) NOT NULL,
  `description` varchar(255) DEFAULT NULL,
  `level` int(11) NOT NULL DEFAULT 1,
  `status` enum('ACTIVE','INACTIVE') NOT NULL DEFAULT 'ACTIVE',
  `created_at` datetime NOT NULL DEFAULT current_timestamp(),
  `updated_at` datetime NOT NULL DEFAULT current_timestamp() ON UPDATE current_timestamp()
) ENGINE=InnoDB DEFAULT CHARSET=utf8mb4 COLLATE=utf8mb4_general_ci;

--
-- Volcado de datos para la tabla `tbl_roles`
--

INSERT INTO `tbl_roles` (`id`, `role_key`, `name`, `description`, `level`, `status`, `created_at`, `updated_at`) VALUES
(1, 'ADMIN', 'Administrador', 'Control total, auditoría y configuración global del sistema', 10, 'ACTIVE', '2026-02-11 08:40:30', '2026-02-11 08:40:30'),
(2, 'FINANZAS', 'Finanzas', 'Gestión centralizada de cobros, validación de soportes y reportes financieros', 5, 'ACTIVE', '2026-02-11 08:40:30', '2026-02-11 08:40:30'),
(3, 'ACADEMIC', 'Académico', 'Administración de diplomados, cohortes, profesores y control de estudios', 5, 'ACTIVE', '2026-02-11 08:40:30', '2026-02-11 08:40:30'),
(4, 'OPERATOR', 'Operador', 'Administración de cartelera digital, noticias y soporte a inscripciones', 3, 'ACTIVE', '2026-02-11 08:40:30', '2026-02-11 08:40:30'),
(5, 'PARTICIPANT', 'Participante', 'Acceso a oferta académica, registro de pagos y estado de cuenta', 1, 'ACTIVE', '2026-02-11 08:40:30', '2026-02-11 08:40:30');

-- --------------------------------------------------------

--
-- Estructura de tabla para la tabla `tbl_role_permissions`
--

CREATE TABLE `tbl_role_permissions` (
  `id` int(10) UNSIGNED NOT NULL,
  `role_id` int(10) UNSIGNED NOT NULL,
  `permission_id` int(10) UNSIGNED NOT NULL,
  `status` enum('ACTIVE','INACTIVE') NOT NULL DEFAULT 'ACTIVE',
  `created_at` datetime NOT NULL DEFAULT current_timestamp(),
  `updated_at` datetime NOT NULL DEFAULT current_timestamp() ON UPDATE current_timestamp()
) ENGINE=InnoDB DEFAULT CHARSET=utf8mb4 COLLATE=utf8mb4_general_ci;

-- --------------------------------------------------------

--
-- Estructura de tabla para la tabla `tbl_sessions`
--

CREATE TABLE `tbl_sessions` (
  `id` int(10) UNSIGNED NOT NULL,
  `user_id` int(10) UNSIGNED NOT NULL,
  `session_token` varchar(255) NOT NULL,
  `ip_address` varchar(45) DEFAULT NULL,
  `user_agent` varchar(255) DEFAULT NULL,
  `started_at` datetime NOT NULL DEFAULT current_timestamp(),
  `last_activity_at` datetime DEFAULT NULL,
  `ended_at` datetime DEFAULT NULL,
  `end_reason` enum('LOGOUT','TIMEOUT','FORCED','UNKNOWN') DEFAULT NULL,
  `status` enum('ACTIVE','CLOSED') NOT NULL DEFAULT 'ACTIVE',
  `created_at` datetime NOT NULL DEFAULT current_timestamp(),
  `updated_at` datetime NOT NULL DEFAULT current_timestamp() ON UPDATE current_timestamp()
) ENGINE=InnoDB DEFAULT CHARSET=utf8mb4 COLLATE=utf8mb4_general_ci;

-- --------------------------------------------------------

--
-- Estructura de tabla para la tabla `tbl_users`
--

CREATE TABLE `tbl_users` (
  `id` int(10) UNSIGNED NOT NULL,
  `user_type` enum('INTERNAL','PARTICIPANT') NOT NULL DEFAULT 'INTERNAL',
  `status` enum('ACTIVE','SUSPENDED','INACTIVE') NOT NULL DEFAULT 'ACTIVE',
  `first_name` varchar(100) NOT NULL,
  `last_name` varchar(100) NOT NULL,
  `email` varchar(190) NOT NULL,
  `role` varchar(60) DEFAULT 'PARTICIPANT',
  `phone` varchar(30) DEFAULT NULL,
  `document_id` varchar(30) DEFAULT NULL,
  `address` text DEFAULT NULL,
  `provenance` varchar(150) DEFAULT NULL,
  `undergraduate_degree` varchar(150) DEFAULT NULL,
  `avatar` varchar(255) DEFAULT 'default_avatar.png',
  `password_hash` varchar(255) NOT NULL,
  `last_login_at` datetime DEFAULT NULL,
  `created_at` datetime NOT NULL DEFAULT current_timestamp(),
  `updated_at` datetime NOT NULL DEFAULT current_timestamp() ON UPDATE current_timestamp(),
  `profile_complete` tinyint(1) DEFAULT 0
) ENGINE=InnoDB DEFAULT CHARSET=utf8mb4 COLLATE=utf8mb4_general_ci;

--
-- Volcado de datos para la tabla `tbl_users`
--

INSERT INTO `tbl_users` (`id`, `user_type`, `status`, `first_name`, `last_name`, `email`, `role`, `phone`, `document_id`, `address`, `provenance`, `undergraduate_degree`, `avatar`, `password_hash`, `last_login_at`, `created_at`, `updated_at`, `profile_complete`) VALUES
(1, 'INTERNAL', 'ACTIVE', 'ADMIN', 'GENERAL', 'admin@diplomatic.local', 'ADMIN', NULL, NULL, NULL, NULL, NULL, 'default_avatar.png', '$2y$10$00VC/qpQDbIDycCmDk0.Au4AEP7EfpgQ8J451Zs9YOvzdH4Vpty5K', '2026-03-02 08:09:07', '2026-02-07 17:08:04', '2026-03-02 08:09:07', 0),
(2, 'INTERNAL', 'ACTIVE', 'JORGE', 'PEREIRA', 'raizamileva@gmail.com', 'ADMIN', '+584145365380', '149795231', 'Urb El Valle, Calle Principal, Casa Nro 23, Cabudare, Jose Gregorio Bastidas, Palavecino', 'Cabudare', 'Ingenieria', 'usr_1770810835.png', '$2y$10$Pa.672SkyV7tzG8yfpeI5uInUoOt7T/YKWdtVa.dfqqsKjjLFn8pG', NULL, '2026-02-08 11:35:40', '2026-02-16 19:53:07', 0),
(4, 'INTERNAL', 'ACTIVE', 'Homer', 'Pereira', 'ddrgomes@gmail.com', 'PARTICIPANT', '+584145278577', '13567117', 'Urb Club Hipico Las Trinitarias, Res La Trinitaria Piso 4 Apartament 44', 'Barquisimeto', 'Ingenieria Quimica', 'usr_1770811774.png', '$2y$10$QswXlqG07r/h6hGKMdOoUu0gQWNShrTrl37F0QWoMDSn8QnHcw6aG', '2026-02-13 21:19:11', '2026-02-11 08:05:52', '2026-02-13 21:19:11', 1),
(17, 'INTERNAL', 'ACTIVE', 'OPERADOR', 'DIPLOMATIC', 'oper@diplomatic.local', 'OPERATOR', '', 'S/D', '', '', 'N/A', 'default_avatar.png', '$2y$10$ru/XBzGeMeidv8SVtsml6uBl1DuBGZhOmsRxy027EPqJpGWsJ5q3C', '2026-02-16 22:09:29', '2026-02-16 22:09:14', '2026-02-17 08:49:40', 0),
(20, 'INTERNAL', 'ACTIVE', 'JORGE LUIS', 'PEREIRA OLIVARES', 'gorgepereira@gmail.com', 'ADMIN', '(+58)-(414)-(536-5380)', '14979523', '', 'Barquisimeto', 'Ingeniero', 'usr_1772117429.webp', '$2y$10$kuBJl/k3HtoTsWcPKWUu/OS5ztC5VJtI0kZ8SDweS1ivmpkZeCqk.', '2026-02-26 14:36:40', '2026-02-26 10:42:28', '2026-03-02 08:46:36', 1);

-- --------------------------------------------------------

--
-- Estructura de tabla para la tabla `tbl_user_recovery_tokens`
--

CREATE TABLE `tbl_user_recovery_tokens` (
  `id` int(11) NOT NULL,
  `user_id` int(11) NOT NULL,
  `token_hash` varchar(64) NOT NULL,
  `expires_at` datetime NOT NULL,
  `used_at` datetime DEFAULT NULL,
  `created_at` timestamp NOT NULL DEFAULT current_timestamp()
) ENGINE=InnoDB DEFAULT CHARSET=utf8mb4 COLLATE=utf8mb4_unicode_ci;

--
-- Volcado de datos para la tabla `tbl_user_recovery_tokens`
--

INSERT INTO `tbl_user_recovery_tokens` (`id`, `user_id`, `token_hash`, `expires_at`, `used_at`, `created_at`) VALUES
(9, 16, 'dafdfee6440e6603b402d58297e63e4980a23372804e7c46297a85cc839723cc', '2026-02-16 23:55:59', '2026-02-16 21:58:17', '2026-02-17 01:55:59'),
(10, 16, '4136b5b091c1ba4482248531b53e0ff505b038a999624f203af896ebc80192fb', '2026-02-17 00:04:37', '2026-02-16 22:05:18', '2026-02-17 02:04:37'),
(11, 18, 'f5cd38fb57ed18c283c7d540a8146fca563f099e573d62493142b2b218ded8aa', '2026-02-17 00:28:14', '2026-02-16 22:28:38', '2026-02-17 02:28:14'),
(12, 20, '66b3412edc0a6442877edce9416c52abf489b07b7525187263a7b3c2f0aeb77f', '2026-02-26 12:43:48', NULL, '2026-02-26 14:43:48'),
(13, 20, '7ad2739c7b7de6c303eec286de228ebc9bf450fe3b610b37cdc844260dba5b40', '2026-02-26 12:47:34', '2026-02-26 10:47:53', '2026-02-26 14:47:34');

-- --------------------------------------------------------

--
-- Estructura de tabla para la tabla `tbl_user_remember_tokens`
--

CREATE TABLE `tbl_user_remember_tokens` (
  `id` int(10) UNSIGNED NOT NULL,
  `user_id` int(10) UNSIGNED NOT NULL,
  `token_hash` varchar(255) NOT NULL,
  `expires_at` datetime NOT NULL,
  `created_at` datetime DEFAULT current_timestamp()
) ENGINE=InnoDB DEFAULT CHARSET=utf8mb4 COLLATE=utf8mb4_general_ci;

-- --------------------------------------------------------

--
-- Estructura de tabla para la tabla `tbl_wa_manual_logs`
--

CREATE TABLE `tbl_wa_manual_logs` (
  `id` int(11) NOT NULL,
  `estudiante` varchar(255) DEFAULT NULL,
  `evento` varchar(50) DEFAULT NULL,
  `telefono` varchar(50) DEFAULT NULL,
  `fecha_envio` timestamp NOT NULL DEFAULT current_timestamp()
) ENGINE=InnoDB DEFAULT CHARSET=utf8mb4 COLLATE=utf8mb4_general_ci;

--
-- Volcado de datos para la tabla `tbl_wa_manual_logs`
--

INSERT INTO `tbl_wa_manual_logs` (`id`, `estudiante`, `evento`, `telefono`, `fecha_envio`) VALUES
(1, 'Jorge Pereira', 'INSCRIPCION', '+584145365380', '2026-02-12 17:31:26'),
(2, 'Raiza Mileva', 'CONSTANCIA_ESTUDIO', '+584124571599', '2026-02-12 17:31:59'),
(3, 'Juan Pérez', 'CONSTANCIA_ESTUDIO', '+584145042125', '2026-02-13 16:39:33'),
(4, 'jorge pereira', 'INSCRIPCION', '+584145365380', '2026-02-24 23:45:19'),
(5, 'Pereira', 'PAGO', '+584145365380', '2026-02-24 23:45:58'),
(6, 'Pereira', 'PAGO', '+584145365380', '2026-02-24 23:46:30');

-- --------------------------------------------------------

--
-- Estructura de tabla para la tabla `tbl_wa_manual_templates`
--

CREATE TABLE `tbl_wa_manual_templates` (
  `id` int(11) NOT NULL,
  `evento` varchar(50) NOT NULL,
  `mensaje` text DEFAULT NULL,
  `activo` tinyint(1) DEFAULT 1
) ENGINE=InnoDB DEFAULT CHARSET=utf8mb4 COLLATE=utf8mb4_general_ci;

--
-- Volcado de datos para la tabla `tbl_wa_manual_templates`
--

INSERT INTO `tbl_wa_manual_templates` (`id`, `evento`, `mensaje`, `activo`) VALUES
(1, 'INSCRIPCION', 'Hola {NOMBRE}, tu inscripción al diplomado {DIPLOMADO} ha sido confirmada. ¡Nos vemos pronto! {URL_PORTAL}', 1),
(2, 'CONSTANCIA_ESTUDIO', 'Hola {NOMBRE}, tu constancia de estudio para {DIPLOMADO} ya está disponible aquí: {URL_PORTAL}', 1),
(3, 'CONSTANCIA_INSCRIPCION', 'Hola {NOMBRE}, adjuntamos tu constancia de inscripción al diplomado {DIPLOMADO}: {URL_PORTAL}', 1),
(4, 'PAGO', 'Hola {NOMBRE}, te recordamos que tienes un pago pendiente en el diplomado {DIPLOMADO}. Puedes gestionarlo aquí: {URL_PORTAL}', 1);

--
-- Índices para tablas volcadas
--

--
-- Indices de la tabla `tbl_audit_logs`
--
ALTER TABLE `tbl_audit_logs`
  ADD PRIMARY KEY (`log_id`),
  ADD KEY `idx_created_at` (`created_at`),
  ADD KEY `idx_user_id` (`user_id`),
  ADD KEY `idx_event_type` (`event_type`);

--
-- Indices de la tabla `tbl_campuses`
--
ALTER TABLE `tbl_campuses`
  ADD PRIMARY KEY (`id`);

--
-- Indices de la tabla `tbl_cohortes`
--
ALTER TABLE `tbl_cohortes`
  ADD PRIMARY KEY (`id`),
  ADD UNIQUE KEY `uq_cohort_code` (`cohort_code`),
  ADD KEY `fk_cohort_created_by` (`created_by`),
  ADD KEY `fk_cohort_updated_by` (`updated_by`);

--
-- Indices de la tabla `tbl_cohort_campuses`
--
ALTER TABLE `tbl_cohort_campuses`
  ADD PRIMARY KEY (`cohort_id`,`campus_id`),
  ADD KEY `fk_campus_rel` (`campus_id`);

--
-- Indices de la tabla `tbl_company_settings`
--
ALTER TABLE `tbl_company_settings`
  ADD PRIMARY KEY (`id`);

--
-- Indices de la tabla `tbl_diplomados`
--
ALTER TABLE `tbl_diplomados`
  ADD PRIMARY KEY (`id`),
  ADD UNIQUE KEY `code` (`code`);

--
-- Indices de la tabla `tbl_diplomados_conditions`
--
ALTER TABLE `tbl_diplomados_conditions`
  ADD PRIMARY KEY (`id`),
  ADD KEY `fk_cond_diplomado` (`diplomado_id`);

--
-- Indices de la tabla `tbl_diplomados_requirements`
--
ALTER TABLE `tbl_diplomados_requirements`
  ADD PRIMARY KEY (`id`),
  ADD KEY `fk_req_diplomado` (`diplomado_id`);

--
-- Indices de la tabla `tbl_email_settings`
--
ALTER TABLE `tbl_email_settings`
  ADD PRIMARY KEY (`id`),
  ADD UNIQUE KEY `tipo_correo` (`tipo_correo`);

--
-- Indices de la tabla `tbl_event_catalog`
--
ALTER TABLE `tbl_event_catalog`
  ADD PRIMARY KEY (`id`),
  ADD UNIQUE KEY `uq_event_catalog_code` (`event_code`),
  ADD KEY `idx_event_catalog_type` (`event_type`),
  ADD KEY `idx_event_catalog_severity` (`severity`);

--
-- Indices de la tabla `tbl_event_logs`
--
ALTER TABLE `tbl_event_logs`
  ADD PRIMARY KEY (`id`),
  ADD KEY `idx_event_logs_code` (`event_code`),
  ADD KEY `idx_event_logs_user` (`user_id`),
  ADD KEY `idx_event_logs_session` (`session_id`),
  ADD KEY `idx_event_logs_occurred` (`occurred_at`),
  ADD KEY `idx_event_logs_entity` (`entity_table`,`entity_id`),
  ADD KEY `fk_event_logs_catalog` (`event_catalog_id`);

--
-- Indices de la tabla `tbl_grupos`
--
ALTER TABLE `tbl_grupos`
  ADD PRIMARY KEY (`id`);

--
-- Indices de la tabla `tbl_permissions`
--
ALTER TABLE `tbl_permissions`
  ADD PRIMARY KEY (`id`),
  ADD UNIQUE KEY `uq_permissions_key` (`perm_key`),
  ADD KEY `idx_permissions_module` (`module_key`),
  ADD KEY `idx_permissions_action` (`action_key`);

--
-- Indices de la tabla `tbl_pre_users`
--
ALTER TABLE `tbl_pre_users`
  ADD PRIMARY KEY (`id`),
  ADD UNIQUE KEY `uniq_pre_users_email` (`email`);

--
-- Indices de la tabla `tbl_pre_user_tokens`
--
ALTER TABLE `tbl_pre_user_tokens`
  ADD PRIMARY KEY (`id`),
  ADD KEY `idx_pre_tokens_pre_user_id` (`pre_user_id`);

--
-- Indices de la tabla `tbl_professors`
--
ALTER TABLE `tbl_professors`
  ADD PRIMARY KEY (`id`),
  ADD UNIQUE KEY `uk_identification` (`identification`);

--
-- Indices de la tabla `tbl_professor_academic_formations`
--
ALTER TABLE `tbl_professor_academic_formations`
  ADD PRIMARY KEY (`id`),
  ADD KEY `fk_academic_professor` (`professor_id`);

--
-- Indices de la tabla `tbl_professor_contacts`
--
ALTER TABLE `tbl_professor_contacts`
  ADD PRIMARY KEY (`id`),
  ADD UNIQUE KEY `uk_professor_contact` (`professor_id`);

--
-- Indices de la tabla `tbl_professor_documents`
--
ALTER TABLE `tbl_professor_documents`
  ADD PRIMARY KEY (`id`),
  ADD KEY `fk_document_professor` (`professor_id`);

--
-- Indices de la tabla `tbl_professor_specialties`
--
ALTER TABLE `tbl_professor_specialties`
  ADD PRIMARY KEY (`id`),
  ADD KEY `fk_specialty_professor` (`professor_id`);

--
-- Indices de la tabla `tbl_professor_work_experiences`
--
ALTER TABLE `tbl_professor_work_experiences`
  ADD PRIMARY KEY (`id`),
  ADD KEY `fk_work_professor` (`professor_id`);

--
-- Indices de la tabla `tbl_roles`
--
ALTER TABLE `tbl_roles`
  ADD PRIMARY KEY (`id`),
  ADD UNIQUE KEY `uq_roles_key` (`role_key`);

--
-- Indices de la tabla `tbl_role_permissions`
--
ALTER TABLE `tbl_role_permissions`
  ADD PRIMARY KEY (`id`),
  ADD UNIQUE KEY `uq_role_permission` (`role_id`,`permission_id`),
  ADD KEY `fk_role_permissions_permission` (`permission_id`);

--
-- Indices de la tabla `tbl_sessions`
--
ALTER TABLE `tbl_sessions`
  ADD PRIMARY KEY (`id`),
  ADD UNIQUE KEY `uq_sessions_token` (`session_token`),
  ADD KEY `idx_sessions_user` (`user_id`),
  ADD KEY `idx_sessions_status` (`status`);

--
-- Indices de la tabla `tbl_users`
--
ALTER TABLE `tbl_users`
  ADD PRIMARY KEY (`id`),
  ADD UNIQUE KEY `uq_users_email` (`email`);

--
-- Indices de la tabla `tbl_user_recovery_tokens`
--
ALTER TABLE `tbl_user_recovery_tokens`
  ADD PRIMARY KEY (`id`),
  ADD UNIQUE KEY `uniq_token_hash` (`token_hash`),
  ADD KEY `idx_recovery_user` (`user_id`);

--
-- Indices de la tabla `tbl_user_remember_tokens`
--
ALTER TABLE `tbl_user_remember_tokens`
  ADD PRIMARY KEY (`id`),
  ADD KEY `user_id` (`user_id`);

--
-- Indices de la tabla `tbl_wa_manual_logs`
--
ALTER TABLE `tbl_wa_manual_logs`
  ADD PRIMARY KEY (`id`);

--
-- Indices de la tabla `tbl_wa_manual_templates`
--
ALTER TABLE `tbl_wa_manual_templates`
  ADD PRIMARY KEY (`id`),
  ADD UNIQUE KEY `idx_evento_wa` (`evento`);

--
-- AUTO_INCREMENT de las tablas volcadas
--

--
-- AUTO_INCREMENT de la tabla `tbl_audit_logs`
--
ALTER TABLE `tbl_audit_logs`
  MODIFY `log_id` bigint(20) NOT NULL AUTO_INCREMENT, AUTO_INCREMENT=1290;

--
-- AUTO_INCREMENT de la tabla `tbl_campuses`
--
ALTER TABLE `tbl_campuses`
  MODIFY `id` int(11) NOT NULL AUTO_INCREMENT, AUTO_INCREMENT=8;

--
-- AUTO_INCREMENT de la tabla `tbl_cohortes`
--
ALTER TABLE `tbl_cohortes`
  MODIFY `id` int(11) NOT NULL AUTO_INCREMENT, AUTO_INCREMENT=6;

--
-- AUTO_INCREMENT de la tabla `tbl_company_settings`
--
ALTER TABLE `tbl_company_settings`
  MODIFY `id` int(11) NOT NULL AUTO_INCREMENT, AUTO_INCREMENT=2;

--
-- AUTO_INCREMENT de la tabla `tbl_diplomados`
--
ALTER TABLE `tbl_diplomados`
  MODIFY `id` int(11) NOT NULL AUTO_INCREMENT, AUTO_INCREMENT=3;

--
-- AUTO_INCREMENT de la tabla `tbl_diplomados_conditions`
--
ALTER TABLE `tbl_diplomados_conditions`
  MODIFY `id` int(11) NOT NULL AUTO_INCREMENT, AUTO_INCREMENT=33;

--
-- AUTO_INCREMENT de la tabla `tbl_diplomados_requirements`
--
ALTER TABLE `tbl_diplomados_requirements`
  MODIFY `id` int(11) NOT NULL AUTO_INCREMENT, AUTO_INCREMENT=41;

--
-- AUTO_INCREMENT de la tabla `tbl_email_settings`
--
ALTER TABLE `tbl_email_settings`
  MODIFY `id` int(11) NOT NULL AUTO_INCREMENT, AUTO_INCREMENT=28;

--
-- AUTO_INCREMENT de la tabla `tbl_event_catalog`
--
ALTER TABLE `tbl_event_catalog`
  MODIFY `id` int(10) UNSIGNED NOT NULL AUTO_INCREMENT;

--
-- AUTO_INCREMENT de la tabla `tbl_event_logs`
--
ALTER TABLE `tbl_event_logs`
  MODIFY `id` bigint(20) UNSIGNED NOT NULL AUTO_INCREMENT;

--
-- AUTO_INCREMENT de la tabla `tbl_grupos`
--
ALTER TABLE `tbl_grupos`
  MODIFY `id` int(11) NOT NULL AUTO_INCREMENT, AUTO_INCREMENT=5;

--
-- AUTO_INCREMENT de la tabla `tbl_permissions`
--
ALTER TABLE `tbl_permissions`
  MODIFY `id` int(10) UNSIGNED NOT NULL AUTO_INCREMENT;

--
-- AUTO_INCREMENT de la tabla `tbl_pre_users`
--
ALTER TABLE `tbl_pre_users`
  MODIFY `id` int(10) UNSIGNED NOT NULL AUTO_INCREMENT, AUTO_INCREMENT=14;

--
-- AUTO_INCREMENT de la tabla `tbl_pre_user_tokens`
--
ALTER TABLE `tbl_pre_user_tokens`
  MODIFY `id` int(11) UNSIGNED NOT NULL AUTO_INCREMENT, AUTO_INCREMENT=12;

--
-- AUTO_INCREMENT de la tabla `tbl_professors`
--
ALTER TABLE `tbl_professors`
  MODIFY `id` int(11) NOT NULL AUTO_INCREMENT, AUTO_INCREMENT=9;

--
-- AUTO_INCREMENT de la tabla `tbl_professor_academic_formations`
--
ALTER TABLE `tbl_professor_academic_formations`
  MODIFY `id` int(11) NOT NULL AUTO_INCREMENT, AUTO_INCREMENT=4;

--
-- AUTO_INCREMENT de la tabla `tbl_professor_contacts`
--
ALTER TABLE `tbl_professor_contacts`
  MODIFY `id` int(11) NOT NULL AUTO_INCREMENT, AUTO_INCREMENT=18;

--
-- AUTO_INCREMENT de la tabla `tbl_professor_documents`
--
ALTER TABLE `tbl_professor_documents`
  MODIFY `id` int(11) NOT NULL AUTO_INCREMENT, AUTO_INCREMENT=4;

--
-- AUTO_INCREMENT de la tabla `tbl_professor_specialties`
--
ALTER TABLE `tbl_professor_specialties`
  MODIFY `id` int(11) NOT NULL AUTO_INCREMENT, AUTO_INCREMENT=3;

--
-- AUTO_INCREMENT de la tabla `tbl_professor_work_experiences`
--
ALTER TABLE `tbl_professor_work_experiences`
  MODIFY `id` int(11) NOT NULL AUTO_INCREMENT, AUTO_INCREMENT=4;

--
-- AUTO_INCREMENT de la tabla `tbl_roles`
--
ALTER TABLE `tbl_roles`
  MODIFY `id` int(10) UNSIGNED NOT NULL AUTO_INCREMENT, AUTO_INCREMENT=6;

--
-- AUTO_INCREMENT de la tabla `tbl_role_permissions`
--
ALTER TABLE `tbl_role_permissions`
  MODIFY `id` int(10) UNSIGNED NOT NULL AUTO_INCREMENT;

--
-- AUTO_INCREMENT de la tabla `tbl_sessions`
--
ALTER TABLE `tbl_sessions`
  MODIFY `id` int(10) UNSIGNED NOT NULL AUTO_INCREMENT;

--
-- AUTO_INCREMENT de la tabla `tbl_users`
--
ALTER TABLE `tbl_users`
  MODIFY `id` int(10) UNSIGNED NOT NULL AUTO_INCREMENT, AUTO_INCREMENT=21;

--
-- AUTO_INCREMENT de la tabla `tbl_user_recovery_tokens`
--
ALTER TABLE `tbl_user_recovery_tokens`
  MODIFY `id` int(11) NOT NULL AUTO_INCREMENT, AUTO_INCREMENT=14;

--
-- AUTO_INCREMENT de la tabla `tbl_user_remember_tokens`
--
ALTER TABLE `tbl_user_remember_tokens`
  MODIFY `id` int(10) UNSIGNED NOT NULL AUTO_INCREMENT, AUTO_INCREMENT=9;

--
-- AUTO_INCREMENT de la tabla `tbl_wa_manual_logs`
--
ALTER TABLE `tbl_wa_manual_logs`
  MODIFY `id` int(11) NOT NULL AUTO_INCREMENT, AUTO_INCREMENT=7;

--
-- AUTO_INCREMENT de la tabla `tbl_wa_manual_templates`
--
ALTER TABLE `tbl_wa_manual_templates`
  MODIFY `id` int(11) NOT NULL AUTO_INCREMENT, AUTO_INCREMENT=6;

--
-- Restricciones para tablas volcadas
--

--
-- Filtros para la tabla `tbl_cohortes`
--
ALTER TABLE `tbl_cohortes`
  ADD CONSTRAINT `fk_cohort_created_by` FOREIGN KEY (`created_by`) REFERENCES `tbl_users` (`id`) ON DELETE SET NULL ON UPDATE CASCADE,
  ADD CONSTRAINT `fk_cohort_updated_by` FOREIGN KEY (`updated_by`) REFERENCES `tbl_users` (`id`) ON DELETE SET NULL ON UPDATE CASCADE;

--
-- Filtros para la tabla `tbl_cohort_campuses`
--
ALTER TABLE `tbl_cohort_campuses`
  ADD CONSTRAINT `fk_campus_rel` FOREIGN KEY (`campus_id`) REFERENCES `tbl_campuses` (`id`) ON DELETE CASCADE,
  ADD CONSTRAINT `fk_cohort_rel` FOREIGN KEY (`cohort_id`) REFERENCES `tbl_cohortes` (`id`) ON DELETE CASCADE;

--
-- Filtros para la tabla `tbl_diplomados_conditions`
--
ALTER TABLE `tbl_diplomados_conditions`
  ADD CONSTRAINT `fk_cond_diplomado` FOREIGN KEY (`diplomado_id`) REFERENCES `tbl_diplomados` (`id`) ON DELETE CASCADE;

--
-- Filtros para la tabla `tbl_diplomados_requirements`
--
ALTER TABLE `tbl_diplomados_requirements`
  ADD CONSTRAINT `fk_req_diplomado` FOREIGN KEY (`diplomado_id`) REFERENCES `tbl_diplomados` (`id`) ON DELETE CASCADE;

--
-- Filtros para la tabla `tbl_event_logs`
--
ALTER TABLE `tbl_event_logs`
  ADD CONSTRAINT `fk_event_logs_catalog` FOREIGN KEY (`event_catalog_id`) REFERENCES `tbl_event_catalog` (`id`) ON UPDATE CASCADE,
  ADD CONSTRAINT `fk_event_logs_session` FOREIGN KEY (`session_id`) REFERENCES `tbl_sessions` (`id`) ON DELETE SET NULL ON UPDATE CASCADE,
  ADD CONSTRAINT `fk_event_logs_user` FOREIGN KEY (`user_id`) REFERENCES `tbl_users` (`id`) ON DELETE SET NULL ON UPDATE CASCADE;

--
-- Filtros para la tabla `tbl_professor_academic_formations`
--
ALTER TABLE `tbl_professor_academic_formations`
  ADD CONSTRAINT `fk_academic_professor` FOREIGN KEY (`professor_id`) REFERENCES `tbl_professors` (`id`) ON DELETE CASCADE ON UPDATE CASCADE;

--
-- Filtros para la tabla `tbl_professor_contacts`
--
ALTER TABLE `tbl_professor_contacts`
  ADD CONSTRAINT `fk_contact_professor` FOREIGN KEY (`professor_id`) REFERENCES `tbl_professors` (`id`) ON DELETE CASCADE ON UPDATE CASCADE;

--
-- Filtros para la tabla `tbl_professor_documents`
--
ALTER TABLE `tbl_professor_documents`
  ADD CONSTRAINT `fk_document_professor` FOREIGN KEY (`professor_id`) REFERENCES `tbl_professors` (`id`) ON DELETE CASCADE ON UPDATE CASCADE;

--
-- Filtros para la tabla `tbl_professor_specialties`
--
ALTER TABLE `tbl_professor_specialties`
  ADD CONSTRAINT `fk_specialty_professor` FOREIGN KEY (`professor_id`) REFERENCES `tbl_professors` (`id`) ON DELETE CASCADE ON UPDATE CASCADE;

--
-- Filtros para la tabla `tbl_professor_work_experiences`
--
ALTER TABLE `tbl_professor_work_experiences`
  ADD CONSTRAINT `fk_work_professor` FOREIGN KEY (`professor_id`) REFERENCES `tbl_professors` (`id`) ON DELETE CASCADE ON UPDATE CASCADE;

--
-- Filtros para la tabla `tbl_role_permissions`
--
ALTER TABLE `tbl_role_permissions`
  ADD CONSTRAINT `fk_role_permissions_permission` FOREIGN KEY (`permission_id`) REFERENCES `tbl_permissions` (`id`) ON UPDATE CASCADE,
  ADD CONSTRAINT `fk_role_permissions_role` FOREIGN KEY (`role_id`) REFERENCES `tbl_roles` (`id`) ON UPDATE CASCADE;

--
-- Filtros para la tabla `tbl_sessions`
--
ALTER TABLE `tbl_sessions`
  ADD CONSTRAINT `fk_sessions_user` FOREIGN KEY (`user_id`) REFERENCES `tbl_users` (`id`) ON UPDATE CASCADE;

--
-- Filtros para la tabla `tbl_user_remember_tokens`
--
ALTER TABLE `tbl_user_remember_tokens`
  ADD CONSTRAINT `tbl_user_remember_tokens_ibfk_1` FOREIGN KEY (`user_id`) REFERENCES `tbl_users` (`id`) ON DELETE CASCADE;
COMMIT;

